000
CXUS55 KGGW 011119
CLMGGW
CLIMATE REPORT
NATIONAL WEATHER SERVICE GLASGOW, MT
419 AM MST FRI DEC 01 2023
...................................
...THE GLASGOW MT CLIMATE SUMMARY FOR THE MONTH OF NOVEMBER 2023...
CLIMATE NORMAL PERIOD: 1991 TO 2020
CLIMATE RECORD PERIOD: 1893 TO 2023
WEATHER OBSERVED NORMAL DEPART LAST YEAR`S
VALUE DATE(S) VALUE FROM VALUE DATE(S)
NORMAL
................................................................
TEMPERATURE (F)
RECORD
HIGH 84 11/11/1903
LOW -41 11/27/1896
HIGHEST 58 11/07 62
LOWEST 8 11/24 -15
AVG. MAXIMUM 45.2 40.0 5.2 30.4
AVG. MINIMUM 24.6 4.1 13.4
MEAN 34.9 30.2 4.7 21.9
DAYS MAX >= 90 0 0
DAYS MAX <= 32 2 19
DAYS MIN <= 32 26 29
DAYS MIN <= 0 0 6
PRECIPITATION (INCHES)
RECORD
MAXIMUM 1.75 1896
MINIMUM 0.00 1928
TOTALS 0.28 0.49 -0.21 0.67
DAILY AVG. 0.01 0.02 -0.01 0.02
DAYS >= .01 8 10
DAYS >= .10 1
DAYS >= .50 0 0
DAYS >= 1.00 0 0
GREATEST
24 HR. TOTAL 0.18 11/06 TO 11/07
SNOWFALL (INCHES)
RECORDS
TOTAL 23.3 1996
SNOW DEPTH 13 11/25/1996
11/24/1996
11/23/1996
TOTALS 0.7 5.9 -5.2 14.3
LIQUID EQUIV 0.10 0.50 -0.40 1.40
SINCE 7/1 14.7 7.4 7.3 MM
LIQUID 7/1 1.47 0.70 0.77 MM
SNOWDEPTH AVG. 0 2
DAYS >= TRACE 6 19
DAYS >= 1.0 0 3
GREATEST
SNOW DEPTH 3 11/01 7 11/10
11/02
11/03
24 HR TOTAL 0.4 11/16 TO 11/16
DEGREE DAYS
HEATING TOTAL 896 1042 -146 1285
SINCE 7/1 1592 1905 -313 MM
COOLING TOTAL 0 0 0 0
SINCE 1/1 830 584 246 MM
................................................................
WIND (MPH)
AVERAGE WIND SPEED 9.0
HIGHEST WIND SPEED/DIRECTION 32/330 DATE 11/25
HIGHEST GUST SPEED/DIRECTION 42/300 DATE 11/12
42/330 11/25
SKY COVER
POSSIBLE SUNSHINE (PERCENT) MM
AVERAGE SKY COVER 0.33
NUMBER OF DAYS FAIR 18
NUMBER OF DAYS PC 6
NUMBER OF DAYS CLOUDY 6
AVERAGE RH (PERCENT) 68
WEATHER CONDITIONS. NUMBER OF DAYS WITH
THUNDERSTORM 0 MIXED PRECIP 0
HEAVY RAIN 0 RAIN 1
LIGHT RAIN 6 FREEZING RAIN 0
LT FREEZING RAIN 0 HAIL 0
HEAVY SNOW 0 SNOW 0
LIGHT SNOW 5 SLEET 0
FOG 8 FOG W/VIS <= 1/4 MILE 5
HAZE 4
- INDICATES NEGATIVE NUMBERS.
R INDICATES RECORD WAS SET OR TIED.
MM INDICATES DATA IS MISSING.
T INDICATES TRACE AMOUNT.
&&
NOVEMBER WAS A WARM MONTH FOR GLASGOW. THE TEMPERATURE AVERAGED 34.9
DEGREES WHICH WAS 4.7 DEGREES ABOVE NORMAL.
THE HIGH FOR THE MONTH WAS 58 DEGREES ON THE 7TH AND THE LOW FOR THE
MONTH WAS 8 ON THE 24TH.
IT WAS ALSO A DRIER THAN NORMAL WITH 0.28 INCH OF PRECIPITATION.
NORMAL PRECIPITATION IS 0.49 INCH. THERE WAS ONLY 0.7 INCH OF SNOW
DURING THE MONTH.
THE PEAK WIND FOR THE MONTH WAS 42 MPH ON THE 12TH AND 25TH. THERE
WAS ALSO A PEAK WIND OF 41 MPH ON THE 8TH AND 26TH. THE WINDIEST
DAY WAS THE 8TH WITH AN AVERAGE WIND SPEED OF 15.9 MPH.
LOOKING AHEAD TO DECEMBER, THE NORMAL HIGH STARTS WITH 33 ON THE 1ST
AND COOLS TO 24 BY THE END OF THE MONTH. THE NORMAL LOW STARTS WITH
14 AND COOLS TO 6 BY THE END OF THE MONTH. NORMAL PRECIPITATION FOR
DECEMBER IS 0.42 INCH AND NORMAL SNOWFALL IS 8.3 INCHES.
$$