000
CXUS54 KFWD 010730
CF6GLE
PRELIMINARY LOCAL CLIMATOLOGICAL DATA (WS FORM: F-6)
STATION: GAINESVILLE
MONTH: MARCH
YEAR: 2024
LATITUDE: 33 38 N
LONGITUDE: 97 12 W
TEMPERATURE IN F: :PCPN: SNOW: WIND :SUNSHINE: SKY :PK WND
================================================================================
1 2 3 4 5 6A 6B 7 8 9 10 11 12 13 14 15 16 17 18
12Z AVG MX 2MIN
DY MAX MIN AVG DEP HDD CDD WTR SNW DPTH SPD SPD DIR MIN PSBL S-S WX SPD DR
================================================================================
1 63 32 48 -1 17 0 0.00 M M 6.6 14 160 M M 3 1 18 140
2 81 44 63 13 2 0 0.00 M M 9.4 18 190 M M 0 1 24 180
3 78 59 69 19 0 4 0.00 M M 13.9 22 190 M M 3 1 31 190
4 81 61 71 21 0 6 0.00 M M 10.3 18 180 M M 4 25 210
5 70 50 60 10 5 0 0.00 M M 7.9 13 60 M M 3 17 40
6 76 45 61 10 4 0 0.00 M M 5.4 10 30 M M 1 M M
7 69 56 63 12 2 0 0.32 M M 12.8 30 190 M M 8 3 41 190
8 62 40 51 0 14 0 0.01 M M 12.2 20 340 M M 10 30 340
9 58 37 48 -4 17 0 0.00 M M 12.0 18 340 M M 3 25 340
10 62 32 47 -5 18 0 0.00 M M 2.5 8 170 M M 0 M M
11 68 38 53 1 12 0 0.00 M M 5.8 15 190 M M 1 21 180
12 74 48 61 9 4 0 0.00 M M 12.0 23 180 M M 2 28 200
13 80 57 69 16 0 4 0.00 M M 13.5 22 160 M M 3 28 170
14 81 64 73 20 0 8 0.01 M M 12.4 24 170 M M 7 33 170
15 65 49 57 4 8 0 0.02 M M 11.7 26 10 M M 5 30 10
16 62 47 55 1 10 0 0.53 M M 4.4 10 10 M M 8 16 10
17 65 46 56 2 9 0 0.00 M M 8.6 17 30 M M 6 23 30
18 57 36 47 -7 18 0 0.00 M M 7.3 14 10 M M 0 20 360
19 66 32 49 -5 16 0 0.00 M M 5.9 15 180 M M 0 18 200
20 69 45 57 2 8 0 0.00 M M 5.9 12 170 M M 1 17 170
21 66 54 60 5 5 0 0.41 M M 5.8 10 130 M M 9 M M
22 69 53 61 6 4 0 0.00 M M 7.0 15 350 M M 7 18 350
23 63 40 52 -4 13 0 0.00 M M 7.0 12 20 M M 0 17 20
24 65 56 61 5 4 0 0.02 M M 17.4 24 170 M M 7 33 170
25 70 40 55 -1 10 0 0.00 M M 11.5 21 310 M M 4 29 310
26 55 32 44 -13 21 0 0.00 M M 7.5 18 330 M M 0 31 330
27 61 34 48 -9 17 0 0.00 M M 6.2 12 70 M M 2 M M
28 70 35 53 -4 12 0 0.00 M M 6.0 13 180 M M 0 20 160
29 75 54 65 7 0 0 0.00 M M 15.3 28 180 M M 0 37 200
30 77 58 68 10 0 3 0.00 M M 11.8 15 160 M M 2 23 210
31 73 64 69 11 0 4 0.00 M M 9.9 14 190 M M 6 20 180
================================================================================
SM 2131 1438 250 29 1.32 M 286.1 M 105
================================================================================
AV 68.7 46.4 9.2 FASTST M M 3 MAX(MPH)
MISC ----> 30 190 41 190
================================================================================
NOTES:
# LAST OF SEVERAL OCCURRENCES
COLUMN 17 PEAK WIND IN M.P.H.
PRELIMINARY LOCAL CLIMATOLOGICAL DATA (WS FORM: F-6) , PAGE 2
STATION: GAINESVILLE
MONTH: MARCH
YEAR: 2024
LATITUDE: 33 38 N
LONGITUDE: 97 12 W
[TEMPERATURE DATA] [PRECIPITATION DATA] SYMBOLS USED IN COLUMN 16
AVERAGE MONTHLY: 57.6 TOTAL FOR MONTH: 1.32 1 = FOG OR MIST
DPTR FM NORMAL: 4.0 DPTR FM NORMAL: -2.31 2 = FOG REDUCING VISIBILITY
HIGHEST: 81 ON 14, 2 GRTST 24HR 0.53 ON 16-16 TO 1/4 MILE OR LESS
LOWEST: 32 ON 26,19 3 = THUNDER
SNOW, ICE PELLETS, HAIL 4 = ICE PELLETS
TOTAL MONTH: M 5 = HAIL
GRTST 24HR M ON M 6 = FREEZING RAIN OR DRIZZLE
GRTST DEPTH: M ON M 7 = DUSTSTORM OR SANDSTORM:
VSBY 1/2 MILE OR LESS
8 = SMOKE OR HAZE
[NO. OF DAYS WITH] [WEATHER - DAYS WITH] 9 = BLOWING SNOW
X = TORNADO
MAX 32 OR BELOW: 0 0.01 INCH OR MORE: 7
MAX 90 OR ABOVE: 0 0.10 INCH OR MORE: 3
MIN 32 OR BELOW: 4 0.50 INCH OR MORE: 1
MIN 0 OR BELOW: 0 1.00 INCH OR MORE: 0
[HDD (BASE 65) ]
TOTAL THIS MO. 250 CLEAR (SCALE 0-3) 18
DPTR FM NORMAL -115 PTCLDY (SCALE 4-7) 10
TOTAL FM JUL 1 2368 CLOUDY (SCALE 8-10) 3
DPTR FM NORMAL -370
[CDD (BASE 65) ]
TOTAL THIS MO. 29
DPTR FM NORMAL 17 [PRESSURE DATA]
TOTAL FM JAN 1 34 HIGHEST SLP M ON M
DPTR FM NORMAL 20 LOWEST SLP M ON M
[REMARKS]
#FINAL-03-24#