000
CXUS54 KHGX 011410
CF6GLS
PRELIMINARY LOCAL CLIMATOLOGICAL DATA (WS FORM: F-6)
STATION: GALVESTON
MONTH: APRIL
YEAR: 2021
LATITUDE: 29 16 N
LONGITUDE: 94 52 W
TEMPERATURE IN F: :PCPN: SNOW: WIND :SUNSHINE: SKY :PK WND
================================================================================
1 2 3 4 5 6A 6B 7 8 9 10 11 12 13 14 15 16 17 18
12Z AVG MX 2MIN
DY MAX MIN AVG DEP HDD CDD WTR SNW DPTH SPD SPD DIR MIN PSBL S-S WX SPD DR
================================================================================
1 70 55 63 -4 2 0 0.00 0.0 0 17.6 31 20 M M 2 40 20
2 65 57 61 -6 4 0 0.00 0.0 0 12.7 22 80 M M 0 28 70
3 70 59 65 -2 0 0 T 0.0 0 10.1 16 120 M M 4 20 120
4 75 63 69 1 0 4 0.00 0.0 0 10.9 16 80 M M 4 20 110
5 76 66 71 3 0 6 0.03 0.0 0 11.1 16 130 M M 2 20 130
6 77 69 73 5 0 8 0.00 0.0 0 14.5 21 160 M M 8 18 25 150
7 78 68 73 5 0 8 0.07 0.0 0 13.7 23 170 M M 8 18 28 170
8 79 65 72 4 0 7 0.01 0.0 0 9.0 18 170 M M 4 18 22 170
9 79 72 76 7 0 11 0.00 0.0 0 12.7 21 170 M M 10 18 26 170
10 84 69 77 8 0 12 0.00 0.0 0 8.8 23 350 M M 6 18 28 340
11 77 64 71 2 0 6 0.00 0.0 0 11.3 20 50 M M 0 24 40
12 79 64 72 3 0 7 0.00 0.0 0 11.1 17 100 M M 5 22 100
13 82 71 77 7 0 12 T 0.0 0 13.0 31 110 M M 10 128 40 100
14 82 72 77 7 0 12 T 0.0 0 15.0 29 130 M M 10 18 35 140
15 73 66 70 0 0 5 T 0.0 0 15.3 23 20 M M 10 18 29 10
16 75 66 71 1 0 6 0.06 0.0 0 13.1 26 10 M M 10 18 32 10
17 67 59 63 -7 2 0 0.05 0.0 0 21.1 30 360 M M 10 38 350
18 70 57 64 -7 1 0 0.00 0.0 0 18.1 25 10 M M 3 32 20
19 73 58 66 -5 0 1 T 0.0 0 8.1 16 20 M M 5 24 30
20 75 61 68 -3 0 3 0.00 0.0 0 6.9 18 340 M M 3 24 350
21 69 52 61 -10 4 0 0.00 0.0 0 17.1 29 10 M M 0 35 10
22 73 60 67 -5 0 2 T 0.0 0 15.8 24 80 M M 6 30 70
23 76 66 71 -1 0 6 0.33 0.0 0 15.3 26 270 M M 10 138 43 280
24 89 68 79 7 0 14 0.00 0.0 0 12.1 20 360 M M 3 18 24 10
25 75 67 71 -1 0 6 0.00 0.0 0 12.6 20 80 M M 0 24 80
26 78 69 74 1 0 9 0.00 0.0 0 13.4 18 130 M M 0 23 130
27 79 73 76 3 0 11 0.00 0.0 0 11.5 25 100 M M 9 18 33 110
28 83 74 79 6 0 14 0.00 0.0 0 17.2 24 140 M M 7 18 29 140
29 83 74 79 5 0 14 0.00 0.0 0 11.4 22 140 M M 9 18 27 140
30 76 73 75 1 0 10 0.31 0.0 0 11.4 23 20 M M 7 13 28 50
================================================================================
SM 2287 1957 13 194 0.86 0.0 391.9 M 165
================================================================================
AV 76.2 65.2 13.1 FASTST M M 6 MAX(MPH)
MISC ----> # 31 20 43 280
================================================================================
NOTES:
# LAST OF SEVERAL OCCURRENCES
COLUMN 17 PEAK WIND IN M.P.H.
PRELIMINARY LOCAL CLIMATOLOGICAL DATA (WS FORM: F-6) , PAGE 2
STATION: GALVESTON
MONTH: APRIL
YEAR: 2021
LATITUDE: 29 16 N
LONGITUDE: 94 52 W
[TEMPERATURE DATA] [PRECIPITATION DATA] SYMBOLS USED IN COLUMN 16
AVERAGE MONTHLY: 70.7 TOTAL FOR MONTH: 0.86 1 = FOG OR MIST
DPTR FM NORMAL: 0.6 DPTR FM NORMAL: -2.19 2 = FOG REDUCING VISIBILITY
HIGHEST: 89 ON 24 GRTST 24HR 0.33 ON 23-23 TO 1/4 MILE OR LESS
LOWEST: 52 ON 21 3 = THUNDER
SNOW, ICE PELLETS, HAIL 4 = ICE PELLETS
TOTAL MONTH: 0.0 INCH 5 = HAIL
GRTST 24HR 0.0 6 = FREEZING RAIN OR DRIZZLE
GRTST DEPTH: 0 7 = DUSTSTORM OR SANDSTORM:
VSBY 1/2 MILE OR LESS
8 = SMOKE OR HAZE
[NO. OF DAYS WITH] [WEATHER - DAYS WITH] 9 = BLOWING SNOW
X = TORNADO
MAX 32 OR BELOW: 0 0.01 INCH OR MORE: 7
MAX 90 OR ABOVE: 0 0.10 INCH OR MORE: 2
MIN 32 OR BELOW: 0 0.50 INCH OR MORE: 0
MIN 0 OR BELOW: 0 1.00 INCH OR MORE: 0
[HDD (BASE 65) ]
TOTAL THIS MO. 13 CLEAR (SCALE 0-3) 8
DPTR FM NORMAL -5 PTCLDY (SCALE 4-7) 13
TOTAL FM JUL 1 878 CLOUDY (SCALE 8-10) 9
DPTR FM NORMAL -129
[CDD (BASE 65) ]
TOTAL THIS MO. 194
DPTR FM NORMAL 21 [PRESSURE DATA]
TOTAL FM JAN 1 313 HIGHEST SLP 30.50 ON 1
DPTR FM NORMAL 70 LOWEST SLP 29.63 ON 9
[REMARKS]
#FINAL-04-21#