788
CXUS52 KJAX 011523
CF6GNV
PRELIMINARY LOCAL CLIMATOLOGICAL DATA (WS FORM: F-6)
STATION: GAINESVILLE
MONTH: JANUARY
YEAR: 2021
LATITUDE: 29 40 N
LONGITUDE: 82 16 W
TEMPERATURE IN F: :PCPN: SNOW: WIND :SUNSHINE: SKY :PK WND
================================================================================
1 2 3 4 5 6A 6B 7 8 9 10 11 12 13 14 15 16 17 18
12Z AVG MX 2MIN
DY MAX MIN AVG DEP HDD CDD WTR SNW DPTH SPD SPD DIR MIN PSBL S-S WX SPD DR
================================================================================
1 83 64 74 20 0 9 0.00 0.0 0 8.1 18 190 M M 4 1 25 150
2 78 62 70 16 0 5 0.00 0.0 0 6.7 17 200 M M 4 1 24 190
3 70 42 56 2 9 0 0.13 0.0 0 6.2 13 310 M M 6 1 20 240
4 64 38 51 -3 14 0 0.00 0.0 0 4.4 13 330 M M 0 1 16 330
5 69 36 53 -1 12 0 0.00 0.0 0 6.5 21 280 M M 1 28 270
6 65 33 49 -5 16 0 0.00 0.0 0 3.2 9 40 M M 0 13 40
7 70 40 55 1 10 0 0.00 0.0 0 5.0 20 140 M M 3 1 23 150
8 59 47 53 -1 12 0 0.00 0.0 0 9.3 23 270 M M 9 12 32 250
9 47 36 42 -12 23 0 0.00 0.0 0 7.8 15 320 M M 10 18 270
10 55 39 47 -7 18 0 0.00 0.0 0 4.6 10 40 M M 5 13 20
11 72 42 57 3 8 0 0.00 0.0 0 4.0 15 170 M M 6 21 220
12 64 49 57 3 8 0 0.00 0.0 0 7.6 17 250 M M 9 21 260
13 52 43 48 -6 17 0 T 0.0 0 4.6 13 290 M M 8 17 280
14 61 32 47 -7 18 0 0.00 0.0 0 2.8 12 270 M M 2 12 14 260
15 72 37 55 1 10 0 0.05 0.0 0 7.2 30 280 M M 5 1 40 280
16 59 35 47 -7 18 0 0.00 0.0 0 8.6 26 270 M M 0 40 280
17 58 29 44 -10 21 0 0.00 0.0 0 4.6 15 250 M M 1 21 290
18 63 33 48 -6 17 0 0.00 0.0 0 4.8 17 260 M M 0 18 23 240
19 66 31 49 -5 16 0 0.00 0.0 0 2.1 10 140 M M 0 18 12 60
20 71 32 52 -2 13 0 0.00 0.0 0 3.8 13 250 M M 0 16 260
21 75 46 61 7 4 0 0.00 0.0 0 8.1 21 260 M M 2 1 27 250
22 71 60 66 12 0 1 T 0.0 0 8.4 15 260 M M 10 21 230
23 65 55 60 6 5 0 0.05 0.0 0 6.2 12 10 M M 10 1 15 10
24 69 55 62 7 3 0 0.02 0.0 0 5.0 13 100 M M 9 1 17 100
25 80 60 70 15 0 5 0.00 0.0 0 7.3 17 200 M M 6 1 23 230
26 79 57 68 13 0 3 0.00 0.0 0 6.1 14 230 M M 2 12 18 240
27 73 57 65 10 0 0 0.18 0.0 0 7.8 16 310 M M 9 12 21 310
28 65 35 50 -5 15 0 0.00 0.0 0 9.4 21 350 M M 1 26 360
29 63 32 48 -7 17 0 0.00 0.0 0 3.5 9 150 M M 0 12 150
30 68 32 50 -5 15 0 0.00 0.0 0 3.5 12 150 M M 0 16 110
31 75 49 62 7 3 0 0.01 0.0 0 11.8 25 210 M M 7 1 35 230
================================================================================
SM 2081 1338 322 23 0.44 0.0 189.0 M 129
================================================================================
AV 67.1 43.2 6.1 FASTST M M 4 MAX(MPH)
MISC ----> 30 280 # 40 280
================================================================================
NOTES:
# LAST OF SEVERAL OCCURRENCES
COLUMN 17 PEAK WIND IN M.P.H.
PRELIMINARY LOCAL CLIMATOLOGICAL DATA (WS FORM: F-6) , PAGE 2
STATION: GAINESVILLE
MONTH: JANUARY
YEAR: 2021
LATITUDE: 29 40 N
LONGITUDE: 82 16 W
[TEMPERATURE DATA] [PRECIPITATION DATA] SYMBOLS USED IN COLUMN 16
AVERAGE MONTHLY: 55.1 TOTAL FOR MONTH: 0.44 1 = FOG OR MIST
DPTR FM NORMAL: 0.8 DPTR FM NORMAL: -2.87 2 = FOG REDUCING VISIBILITY
HIGHEST: 83 ON 1 GRTST 24HR 0.18 ON 27-27 TO 1/4 MILE OR LESS
LOWEST: 29 ON 17 3 = THUNDER
SNOW, ICE PELLETS, HAIL 4 = ICE PELLETS
TOTAL MONTH: 0.0 INCH 5 = HAIL
GRTST 24HR 0.0 6 = FREEZING RAIN OR DRIZZLE
GRTST DEPTH: 0 7 = DUSTSTORM OR SANDSTORM:
VSBY 1/2 MILE OR LESS
8 = SMOKE OR HAZE
[NO. OF DAYS WITH] [WEATHER - DAYS WITH] 9 = BLOWING SNOW
X = TORNADO
MAX 32 OR BELOW: 0 0.01 INCH OR MORE: 6
MAX 90 OR ABOVE: 0 0.10 INCH OR MORE: 2
MIN 32 OR BELOW: 6 0.50 INCH OR MORE: 0
MIN 0 OR BELOW: 0 1.00 INCH OR MORE: 0
[HDD (BASE 65) ]
TOTAL THIS MO. 322 CLEAR (SCALE 0-3) 14
DPTR FM NORMAL -23 PTCLDY (SCALE 4-7) 9
TOTAL FM JUL 1 739 CLOUDY (SCALE 8-10) 8
DPTR FM NORMAL -63
[CDD (BASE 65) ]
TOTAL THIS MO. 23
DPTR FM NORMAL 11 [PRESSURE DATA]
TOTAL FM JAN 1 23 HIGHEST SLP 30.44 ON 19
DPTR FM NORMAL 11 LOWEST SLP 29.73 ON 15
[REMARKS]
#FINAL-01-21#