000
CXUS54 KFWD 010731
CF6GOP
PRELIMINARY LOCAL CLIMATOLOGICAL DATA (WS FORM: F-6)
STATION: GATESVILLE
MONTH: MAY
YEAR: 2021
LATITUDE: 31 25 N
LONGITUDE: 97 48 W
TEMPERATURE IN F: :PCPN: SNOW: WIND :SUNSHINE: SKY :PK WND
================================================================================
1 2 3 4 5 6A 6B 7 8 9 10 11 12 13 14 15 16 17 18
12Z AVG MX 2MIN
DY MAX MIN AVG DEP HDD CDD WTR SNW DPTH SPD SPD DIR MIN PSBL S-S WX SPD DR
================================================================================
1 73 64 69 1 0 4 0.37 M M 2.6 9 340 M M 8 1 14 0
2 88 61 75 6 0 10 0.01 M M 7.6 16 180 M M 1 18 210
3 90 70 80 11 0 15 0.50 M M 7.5 14 180 M M 1 1 25 150
4 75 59 67 -2 0 2 0.00 M M 10.6 16 330 M M 1 24 330
5 77 52 65 -4 0 0 0.00 M M 2.7 10 10 M M 0 15 10
6 84 54 69 -1 0 4 0.00 M M 1.5 12 60 M M 0 15 60
7 82 55 69 -1 0 4 0.00 M M 5.8 15 160 M M 0 18 150
8 88 63 76 6 0 11 0.00 M M 12.7 24 200 M M 2 31 190
9 90 72 81 11 0 16 0.00 M M 7.9 16 190 M M 6 24 180
10 72 57 65 -6 0 0 0.00 M M 7.6 9 10 M M 9 1 15 20
11 64 57 61 -10 4 0 1.09 M M 7.0 17 350 M M 8 13 24 350
12 63 55 59 -12 6 0 0.00 M M 8.7 14 360 M M 9 1 21 360
13 72 57 65 -6 0 0 0.00 M M 3.1 7 99 M M 6 1 12 10
14 81 54 68 -4 0 3 0.00 M M 3.2 10 150 M M 1 15 110
15 82 64 73 1 0 8 0.00 M M 6.9 13 140 M M 4 20 140
16 77 68 73 1 0 8 1.89 M M 7.0 14 140 M M 5 20 140
17 81 63 72 0 0 7 0.19 M M 4.4 9 90 M M 3 1 25 0
18 72 63 68 -4 0 3 M M M 4.9 21 320 M M 4 13 28 320
19 73 61 67 -6 0 2 0.00 M M 2.3 7 90 M M 3 1 M M
20 81 61 71 -2 0 6 0.00 M M 1.6 6 99 M M 3 1 12 99
21 82 66 74 1 0 9 0.00 M M 4.1 9 120 M M 5 1 15 120
22 75 70 73 -1 0 8 0.08 M M 6.7 9 130 M M 6 1 21 120
23 73 66 70 -4 0 5 0.03 M M 5.8 13 130 M M 7 1 16 140
24 81 66 74 0 0 9 0.05 M M 6.0 12 150 M M 5 1 17 140
25 86 64 75 1 0 10 0.06 M M 5.9 14 190 M M 5 1 29 190
26 88 66 77 3 0 12 0.15 M M 5.6 15 210 M M 3 3 23 0
27 88 72 80 5 0 15 0.00 M M 7.6 15 190 M M 4 23 180
28 79 66 73 -2 0 8 0.00 M M 5.1 9 140 M M 6 1 47 50
29 M M M M M M M M M M M M M M M M M
30 M M M M M M M M M M M M M M M M M
31 M M M M M M M M M M M M M M M M M
================================================================================
SM 2217 1746 10 179 4.42 M 162.1 M 115
================================================================================
AV 79.2 62.4 5.8 FASTST M M 4 MAX(MPH)
MISC ----> 24 200 47 50
================================================================================
NOTES:
# LAST OF SEVERAL OCCURRENCES
COLUMN 17 PEAK WIND IN M.P.H.
PRELIMINARY LOCAL CLIMATOLOGICAL DATA (WS FORM: F-6) , PAGE 2
STATION: GATESVILLE
MONTH: MAY
YEAR: 2021
LATITUDE: 31 25 N
LONGITUDE: 97 48 W
[TEMPERATURE DATA] [PRECIPITATION DATA] SYMBOLS USED IN COLUMN 16
AVERAGE MONTHLY: 70.8 TOTAL FOR MONTH: 4.42 1 = FOG OR MIST
DPTR FM NORMAL: -1.2 DPTR FM NORMAL: M 2 = FOG REDUCING VISIBILITY
HIGHEST: 90 ON 9, 3 GRTST 24HR 1.89 ON 16-16 TO 1/4 MILE OR LESS
LOWEST: 52 ON 5 3 = THUNDER
SNOW, ICE PELLETS, HAIL 4 = ICE PELLETS
TOTAL MONTH: M 5 = HAIL
GRTST 24HR M ON M 6 = FREEZING RAIN OR DRIZZLE
GRTST DEPTH: M ON M 7 = DUSTSTORM OR SANDSTORM:
VSBY 1/2 MILE OR LESS
8 = SMOKE OR HAZE
[NO. OF DAYS WITH] [WEATHER - DAYS WITH] 9 = BLOWING SNOW
X = TORNADO
MAX 32 OR BELOW: 0 0.01 INCH OR MORE: 11
MAX 90 OR ABOVE: 2 0.10 INCH OR MORE: 6
MIN 32 OR BELOW: 0 0.50 INCH OR MORE: 3
MIN 0 OR BELOW: 0 1.00 INCH OR MORE: 2
[HDD (BASE 65) ]
TOTAL THIS MO. 10 CLEAR (SCALE 0-3) 12
DPTR FM NORMAL -3 PTCLDY (SCALE 4-7) 13
TOTAL FM JUL 1 2216 CLOUDY (SCALE 8-10) 6
DPTR FM NORMAL -238
[CDD (BASE 65) ]
TOTAL THIS MO. 179
DPTR FM NORMAL -52 [PRESSURE DATA]
TOTAL FM JAN 1 304 HIGHEST SLP M ON M
DPTR FM NORMAL -29 LOWEST SLP M ON M
[REMARKS]
#FINAL-05-21#