000
CXUS54 KFWD 010731
CF6GOP
PRELIMINARY LOCAL CLIMATOLOGICAL DATA (WS FORM: F-6)
STATION: GATESVILLE
MONTH: MAY
YEAR: 2020
LATITUDE: 31 25 N
LONGITUDE: 97 48 W
TEMPERATURE IN F: :PCPN: SNOW: WIND :SUNSHINE: SKY :PK WND
================================================================================
1 2 3 4 5 6A 6B 7 8 9 10 11 12 13 14 15 16 17 18
12Z AVG MX 2MIN
DY MAX MIN AVG DEP HDD CDD WTR SNW DPTH SPD SPD DIR MIN PSBL S-S WX SPD DR
================================================================================
1 86 59 73 5 0 8 0.00 0.0 0 8.3 18 180 M M 0 24 160
2 90 64 77 8 0 12 0.00 0.0 0 11.0 17 150 M M 0 25 150
3 91 66 79 10 0 14 0.00 0.0 0 9.3 14 180 M M 0 20 170
4 95 70 83 14 0 18 0.00 0.0 0 10.3 15 190 M M 1 21 190
5 79 63 71 2 0 6 0.00 0.0 0 7.2 15 10 M M 3 24 20
6 81 52 67 -3 0 2 0.00 0.0 0 3.2 9 80 M M 0 14 120
7 82 54 68 -2 0 3 0.00 0.0 0 9.7 17 150 M M 3 8 29 170
8 77 55 66 -4 0 1 0.00 0.0 0 11.7 22 10 M M 4 30 10
9 75 52 64 -6 1 0 0.00 0.0 0 3.2 7 80 M M 1 13 99
10 77 50 64 -7 1 0 0.00 0.0 0 1.5 7 80 M M 0 14 99
11 81 52 67 -4 0 2 0.00 0.0 0 5.1 13 130 M M 1 17 99
12 75 64 70 -1 0 5 0.10 0.0 0 7.1 13 160 M M 5 1 17 160
13 84 64 74 3 0 9 0.00 0.0 0 7.9 16 180 M M 6 20 150
14 90 70 80 8 0 15 0.00 0.0 0 9.5 16 150 M M 3 22 150
15 88 61 75 3 0 10 0.57 0.0 0 7.8 18 340 M M 6 38 37 340
16 72 61 67 -5 0 2 0.21 0.0 0 7.7 22 350 M M 6 3 28 350
17 86 63 75 3 0 10 0.00 0.0 0 4.1 12 330 M M 0 17 310
18 93 63 78 6 0 13 0.00 0.0 0 4.4 10 190 M M 0 15 200
19 97 68 83 10 0 18 0.00 0.0 0 4.2 10 180 M M 0 12 200
20 91 72 82 9 0 17 0.00 0.0 0 3.4 8 140 M M 3 12 14 140
21 90 70 80 7 0 15 0.00 0.0 0 8.6 15 270 M M 1 21 270
22 91 68 80 6 0 15 0.00 0.0 0 10.5 20 190 M M 2 3 21 210
23 91 68 80 6 0 15 0.03 0.0 0 9.1 14 150 M M 4 1 22 60
24 90 64 77 3 0 12 1.17 0.0 0 8.6 15 80 M M 4 13 21 140
25 79 64 72 -2 0 7 0.38 0.0 0 4.4 13 10 M M 5 1 15 320
26 81 63 72 -2 0 7 0.01 0.0 0 4.5 13 340 M M 2 20 280
27 82 57 70 -5 0 5 0.02 0.0 0 3.5 14 40 M M 1 3 23 40
28 84 63 74 -1 0 9 0.00 0.0 0 3.0 9 190 M M 1 12 60
29 86 64 75 0 0 10 0.00 0.0 0 4.7 12 30 M M 0 17 60
30 84 61 73 -2 0 8 0.00 0.0 0 2.9 9 70 M M 0 14 70
31 84 64 74 -2 0 9 0.00 0.0 0 2.4 8 130 M M 1 16 99
================================================================================
SM 2632 1929 2 277 2.49 0.0 198.8 M 63
================================================================================
AV 84.9 62.2 6.4 FASTST M M 2 MAX(MPH)
MISC ----> # 22 10 # 37 340
================================================================================
NOTES:
# LAST OF SEVERAL OCCURRENCES
COLUMN 17 PEAK WIND IN M.P.H.
PRELIMINARY LOCAL CLIMATOLOGICAL DATA (WS FORM: F-6) , PAGE 2
STATION: GATESVILLE
MONTH: MAY
YEAR: 2020
LATITUDE: 31 25 N
LONGITUDE: 97 48 W
[TEMPERATURE DATA] [PRECIPITATION DATA] SYMBOLS USED IN COLUMN 16
AVERAGE MONTHLY: 73.6 TOTAL FOR MONTH: 2.49 1 = FOG OR MIST
DPTR FM NORMAL: 1.6 DPTR FM NORMAL: M 2 = FOG REDUCING VISIBILITY
HIGHEST: 97 ON 19 GRTST 24HR 1.17 ON 24-24 TO 1/4 MILE OR LESS
LOWEST: 50 ON 10 3 = THUNDER
SNOW, ICE PELLETS, HAIL 4 = ICE PELLETS
TOTAL MONTH: 0.0 INCH 5 = HAIL
GRTST 24HR 0.0 6 = FREEZING RAIN OR DRIZZLE
GRTST DEPTH: 0 7 = DUSTSTORM OR SANDSTORM:
VSBY 1/2 MILE OR LESS
8 = SMOKE OR HAZE
[NO. OF DAYS WITH] [WEATHER - DAYS WITH] 9 = BLOWING SNOW
X = TORNADO
MAX 32 OR BELOW: 0 0.01 INCH OR MORE: 8
MAX 90 OR ABOVE: 11 0.10 INCH OR MORE: 5
MIN 32 OR BELOW: 0 0.50 INCH OR MORE: 2
MIN 0 OR BELOW: 0 1.00 INCH OR MORE: 1
[HDD (BASE 65) ]
TOTAL THIS MO. 2 CLEAR (SCALE 0-3) 22
DPTR FM NORMAL -11 PTCLDY (SCALE 4-7) 9
TOTAL FM JUL 1 2010 CLOUDY (SCALE 8-10) 0
DPTR FM NORMAL -447
[CDD (BASE 65) ]
TOTAL THIS MO. 277
DPTR FM NORMAL 46 [PRESSURE DATA]
TOTAL FM JAN 1 495 HIGHEST SLP M ON M
DPTR FM NORMAL 162 LOWEST SLP M ON M
[REMARKS]
#FINAL-05-20#