000
CXUS54 KLIX 010810
CF6GPT
PRELIMINARY LOCAL CLIMATOLOGICAL DATA (WS FORM: F-6)
STATION: GULFPORT
MONTH: JUNE
YEAR: 2021
LATITUDE: 30 23 N
LONGITUDE: 89 4 W
TEMPERATURE IN F: :PCPN: SNOW: WIND :SUNSHINE: SKY :PK WND
================================================================================
1 2 3 4 5 6A 6B 7 8 9 10 11 12 13 14 15 16 17 18
12Z AVG MX 2MIN
DY MAX MIN AVG DEP HDD CDD WTR SNW DPTH SPD SPD DIR MIN PSBL S-S WX SPD DR
================================================================================
1 85 67 76 -3 0 11 0.00 M M 9.2 21 130 M M 3 1 27 130
2 86 73 80 1 0 15 1.06 M M 7.8 25 130 M M 7 13 30 140
3 84 71 78 -1 0 13 2.17 M M 4.3 17 310 M M 4 13 25 310
4 84 72 78 -2 0 13 0.03 M M 3.9 14 10 M M 2 3 18 10
5 79 74 77 -3 0 12 0.17 M M 8.8 23 150 M M 6 29 150
6 83 71 77 -3 0 12 2.58 M M 11.7 20 160 M M 9 13 30 220
7 86 75 81 1 0 16 0.00 M M 9.3 17 150 M M 7 22 140
8 88 79 84 4 0 19 T M M 10.1 17 160 M M 7 23 150
9 87 80 84 4 0 19 0.00 M M 7.1 18 170 M M 5 3 24 170
10 89 74 82 2 0 17 0.00 M M 6.1 14 180 M M 3 20 190
11 90 78 84 3 0 19 T M M 6.7 15 190 M M 4 20 190
12 94 77 86 5 0 21 0.00 M M 6.3 14 300 M M 1 3 18 330
13 93 72 83 2 0 18 0.37 M M 5.4 28 10 M M 2 13 38 10
14 92 68 80 -1 0 15 0.00 M M 3.8 13 350 M M 0 16 360
15 94 75 85 4 0 20 0.21 M M 3.8 20 160 M M 2 38 24 160
16 93 76 85 4 0 20 T 0.0 M 4.8 15 160 M M 0 3 17 160
17 90 68 79 -2 0 14 0.00 M M 8.9 17 140 M M 0 22 60
18 82 75 79 -2 0 14 2.21 0.0 M 14.6 29 120 M M 7 13 38 90
19 87 76 82 0 0 17 3.44 0.0 M 13.4 43 120 M M 7 138 57 120
20 88 76 82 0 0 17 0.06 0.0 M 6.4 20 160 M M 4 1 26 190
21 86 73 80 -2 0 15 3.88 0.0 M 8.4 25 290 M M 7 1238 37 290
22 88 74 81 -1 0 16 0.14 0.0 M 5.3 13 360 M M 6 13 17 200
23 87 75 81 -1 0 16 0.00 0.0 M 3.5 14 160 M M 4 18 170
24 89 75 82 0 0 17 0.17 0.0 M 3.4 15 50 M M 4 13 20 30
25 87 75 81 -1 0 16 0.15 M M 9.5 20 120 M M 4 13 25 120
26 88 78 83 1 0 18 T M M 13.6 24 140 M M 4 28 140
27 88 78 83 1 0 18 0.11 M M 13.0 29 150 M M 5 13 39 150
28 88 74 81 -1 0 16 0.18 M M 13.7 32 140 M M 4 18 39 130
29 87 76 82 0 0 17 0.10 M M 8.1 18 150 M M 4 13 23 140
30 88 74 81 -1 0 16 T 0.0 M 6.4 16 130 M M 3 20 130
================================================================================
SM 2630 2229 0 487 17.03 0.0 237.3 M 125
================================================================================
AV 87.7 74.3 7.9 FASTST M M 4 MAX(MPH)
MISC ----> 43 120 57 120
================================================================================
NOTES:
# LAST OF SEVERAL OCCURRENCES
COLUMN 17 PEAK WIND IN M.P.H.
PRELIMINARY LOCAL CLIMATOLOGICAL DATA (WS FORM: F-6) , PAGE 2
STATION: GULFPORT
MONTH: JUNE
YEAR: 2021
LATITUDE: 30 23 N
LONGITUDE: 89 4 W
[TEMPERATURE DATA] [PRECIPITATION DATA] SYMBOLS USED IN COLUMN 16
AVERAGE MONTHLY: 81.0 TOTAL FOR MONTH: 17.03 1 = FOG OR MIST
DPTR FM NORMAL: 0.1 DPTR FM NORMAL: 10.14 2 = FOG REDUCING VISIBILITY
HIGHEST: 94 ON 15,12 GRTST 24HR 5.63 ON 18-19 TO 1/4 MILE OR LESS
LOWEST: 67 ON 1 3 = THUNDER
SNOW, ICE PELLETS, HAIL 4 = ICE PELLETS
TOTAL MONTH: 0.0 INCH 5 = HAIL
GRTST 24HR 0.0 6 = FREEZING RAIN OR DRIZZLE
GRTST DEPTH: M ON M 7 = DUSTSTORM OR SANDSTORM:
VSBY 1/2 MILE OR LESS
8 = SMOKE OR HAZE
[NO. OF DAYS WITH] [WEATHER - DAYS WITH] 9 = BLOWING SNOW
X = TORNADO
MAX 32 OR BELOW: 0 0.01 INCH OR MORE: 17
MAX 90 OR ABOVE: 7 0.10 INCH OR MORE: 15
MIN 32 OR BELOW: 0 0.50 INCH OR MORE: 6
MIN 0 OR BELOW: 0 1.00 INCH OR MORE: 6
[HDD (BASE 65) ]
TOTAL THIS MO. 0 CLEAR (SCALE 0-3) 8
DPTR FM NORMAL 0 PTCLDY (SCALE 4-7) 21
TOTAL FM JUL 1 1456 CLOUDY (SCALE 8-10) 1
DPTR FM NORMAL -51
[CDD (BASE 65) ]
TOTAL THIS MO. 487
DPTR FM NORMAL 9 [PRESSURE DATA]
TOTAL FM JAN 1 983 HIGHEST SLP M ON M
DPTR FM NORMAL 1 LOWEST SLP 29.70 ON 19
[REMARKS]
#FINAL-06-21#