000
CXUS53 KGRB 060718
CLSGRB
CLIMATE REPORT...CORRECTION
NATIONAL WEATHER SERVICE GREEN BAY
218 AM CDT TUE JUN 06 2023
...................................
...THE GREEN BAY WI CLIMATE SUMMARY FOR THE SEASON, FROM
3/1/2023 TO 5/31/2023...
CLIMATE NORMAL PERIOD: 1991 TO 2020
CLIMATE RECORD PERIOD: 1886 TO 2023
WEATHER OBSERVED NORMAL DEPART LAST YEAR`S
VALUE DATE(S) VALUE FROM VALUE DATE(S)
NORMAL
................................................................
TEMPERATURE (F)
RECORD
HIGH 99 05/31/1934
LOW -29 03/01/1962
HIGHEST 89 05/30 85 4 94 05/12
05/31
LOWEST 1 03/15 3 -2 3 03/12
AVG. MAXIMUM 54.7 53.8 0.9 53.2
AVG. MINIMUM 33.8 34.9 -1.1 36.8
MEAN 44.2 44.3 -0.1 45.0
DAYS MAX >= 90 0 0.2 -0.2 2
DAYS MAX <= 32 4 7.5 -3.5 6
DAYS MIN <= 32 44 38.6 5.4 34
DAYS MIN <= 0 0 1.3 -1.3 0
PRECIPITATION (INCHES)
RECORD
MAXIMUM 14.12 1918
MINIMUM 3.42 1931
TOTALS 8.15 8.31 -0.16 11.12
DAILY AVG. 0.09 0.09 -0.00 0.12
DAYS >= .01 34 34.5 -0.5 40
DAYS >= .10 19 18.9 0.1 20
DAYS >= .50 6 5.6 0.4 8
DAYS >= 1.00 1 1.3 -0.3 3
SNOWFALL (INCHES)
RECORDS
TOTAL 51.9 1888
24 HR TOTAL MM
TOTALS 29.2 12.8 16.4 9.3
SINCE 7/1 77.2 55.6 21.6 MM
DAYS >= TRACE 28 9.3 18.7 27
DAYS >= 1.0 6 3.9 2.1 5
GREATEST
SNOW DEPTH 15R 03/13 1 03/07
03/19
24 HR TOTAL MM
DEGREE DAYS
HEATING TOTAL 1924 1929 -5 1894
SINCE 7/1 6815 7438 -623 MM
COOLING TOTAL 32 28 4 79
SINCE 1/1 32 27 5 MM
FREEZE DATES
RECORD
EARLIEST 09/12/1955
LATEST 06/06/1958
EARLIEST 10/19
LATEST 04/28
................................................................
WIND (MPH)
AVERAGE WIND SPEED 9.5
RESULTANT WIND SPEED/DIRECTION 1/000
HIGHEST WIND SPEED/DIRECTION 40/040 DATE 03/31
HIGHEST GUST SPEED/DIRECTION 53/040 DATE 03/31
SKY COVER
POSSIBLE SUNSHINE (PERCENT) MM
AVERAGE SKY COVER 0.41
NUMBER OF DAYS FAIR 46
NUMBER OF DAYS PC 24
NUMBER OF DAYS CLOUDY 22
AVERAGE RH (PERCENT) 67
WEATHER CONDITIONS. NUMBER OF DAYS WITH
THUNDERSTORM 7 MIXED PRECIP 0
HEAVY RAIN 7 RAIN 9
LIGHT RAIN 26 FREEZING RAIN 0
LT FREEZING RAIN 1 HAIL 2
HEAVY SNOW 1 SNOW 5
LIGHT SNOW 24 SLEET 1
FOG 39 FOG W/VIS <= 1/4 MILE 5
HAZE 9
- INDICATES NEGATIVE NUMBERS.
R INDICATES RECORD WAS SET OR TIED.
MM INDICATES DATA IS MISSING.
T INDICATES TRACE AMOUNT.
$$