000
CXUS53 KGID 011559
CLMGRI
CLIMATE REPORT
NATIONAL WEATHER SERVICE HASTINGS NE
1059 AM CDT WED NOV 01 2023
...................................
...THE GRAND ISLAND NE CLIMATE SUMMARY FOR THE MONTH OF OCTOBER 2023...
CLIMATE NORMAL PERIOD 1991 TO 2020
CLIMATE RECORD PERIOD 1895 TO 2023
WEATHER OBSERVED NORMAL DEPART LAST YEAR`S
VALUE DATE(S) VALUE FROM VALUE DATE(S)
NORMAL
................................................................
TEMPERATURE (F)
RECORD
HIGH 97 10/11/2015
LOW 6 10/28/1925
HIGHEST 91 10/01 90 1 90 10/23
LOWEST 14 10/31 19 -5 18 10/18
AVG. MAXIMUM 66.0 65.6 0.4 70.8
AVG. MINIMUM 40.3 40.6 -0.3 39.1
MEAN 53.1 53.1 0.0 54.9
DAYS MAX >= 90 2 0.5 1.5 1
DAYS MAX <= 32 1 0.4 0.6 0
DAYS MIN <= 32 7 6.3 0.7 7
DAYS MIN <= 0 0 0.0 0.0 0
PRECIPITATION (INCHES)
RECORD
MAXIMUM 6.10 1897
MINIMUM 0.00 1958
TOTALS 0.77 1.99 -1.22 0.54
DAILY AVG. 0.02 0.06 -0.04 0.02
DAYS >= .01 8 6.5 1.5 2
DAYS >= .10 1 3.7 -2.7 2
DAYS >= .50 1 1.3 -0.3 0
DAYS >= 1.00 0 0.4 -0.4 0
GREATEST
24 HR. TOTAL 0.55 10/03 TO 10/03
SNOWFALL (INCHES)
RECORDS
TOTAL 9.8 1991
TOTALS 0.9 1.1 -0.2 0.0
SINCE 7/1 0.9 1.2 -0.3 MM
DAYS >= 1.0 0 0.2 -0.2 0
GREATEST
SNOW DEPTH 1 10/29 0
24 HR TOTAL 0.7 10/28 TO 10/28
DEGREE DAYS
HEATING TOTAL 391 384 7 324
SINCE 7/1 399 473 -74 MM
COOLING TOTAL 31 15 16 22
SINCE 1/1 1333 1154 179 MM
................................................................
WIND (MPH)
AVERAGE WIND SPEED 11.3
HIGHEST WIND SPEED/DIRECTION 37/330 DATE 10/13
HIGHEST GUST SPEED/DIRECTION 52/340 DATE 10/13
SKY COVER
POSSIBLE SUNSHINE (PERCENT) MM
AVERAGE SKY COVER 0.30
NUMBER OF DAYS FAIR 21
NUMBER OF DAYS PC 4
NUMBER OF DAYS CLOUDY 6
AVERAGE RH (PERCENT) 65
WEATHER CONDITIONS. NUMBER OF DAYS WITH
THUNDERSTORM 3 MIXED PRECIP 0
HEAVY RAIN 1 RAIN 1
LIGHT RAIN 9 FREEZING RAIN 0
LT FREEZING RAIN 0 HAIL 0
HEAVY SNOW 0 SNOW 0
LIGHT SNOW 2 SLEET 0
FOG 9 FOG W/VIS <= 1/4 MILE 1
HAZE 2
- INDICATES NEGATIVE NUMBERS.
R INDICATES RECORD WAS SET OR TIED.
MM INDICATES DATA IS MISSING.
T INDICATES TRACE AMOUNT.
$$