000
CXUS53 KIWX 010810
CF6GSH
PRELIMINARY LOCAL CLIMATOLOGICAL DATA (WS FORM: F-6)
STATION: GOSHEN
MONTH: MAY
YEAR: 2021
LATITUDE: 41 31 N
LONGITUDE: 85 47 W
TEMPERATURE IN F: :PCPN: SNOW: WIND :SUNSHINE: SKY :PK WND
================================================================================
1 2 3 4 5 6A 6B 7 8 9 10 11 12 13 14 15 16 17 18
12Z AVG MX 2MIN
DY MAX MIN AVG DEP HDD CDD WTR SNW DPTH SPD SPD DIR MIN PSBL S-S WX SPD DR
================================================================================
1 73 30 52 -3 13 0 0.00 0.0 0 15.1 32 230 M M 0 44 220
2 79 58 69 14 0 4 0.00 0.0 0 15.7 25 210 M M 1 38 230
3 67 56 62 6 3 0 0.40 M M 7.7 24 190 M M 10 1 31 200
4 63 48 56 0 9 0 0.02 M M 12.2 21 330 M M 9 1 28 330
5 56 37 47 -9 18 0 0.00 M M 12.2 23 340 M M 1 37 280
6 52 36 44 -13 21 0 0.13 M M 4.7 16 340 M M 7 1 19 340
7 58 31 45 -12 20 0 0.01 M M 10.2 26 330 M M 3 12 37 340
8 53 30 42 -15 23 0 0.04 M M 6.2 16 340 M M 1 22 340
9 52 34 43 -15 22 0 1.43 M M 9.0 20 60 M M 8 1 28 50
10 55 33 44 -14 21 0 T M M 5.7 16 350 M M 6 1 20 360
11 53 34 44 -14 21 0 0.00 M M 10.1 21 320 M M 2 29 350
12 63 31 47 -12 18 0 0.00 M M 6.0 17 310 M M 1 21 300
13 66 33 50 -9 15 0 0.00 M M 3.0 14 230 M M 0 18 20 240
14 70 33 52 -8 13 0 0.00 M M 3.2 14 320 M M 1 19 300
15 67 39 53 -7 12 0 T M M 3.9 22 230 M M 4 8 26 170
16 74 52 63 3 2 0 T M M 4.4 14 170 M M 6 19 170
17 71 54 63 2 2 0 0.00 M M 6.8 17 170 M M 2 23 170
18 77 51 64 3 1 0 T M M 9.2 20 190 M M 3 1 26 190
19 78 61 70 9 0 5 0.00 M M 9.1 20 210 M M 4 26 190
20 85 62 74 12 0 9 0.00 M 0 7.8 18 190 M M 1 28 180
21 85 61 73 11 0 8 0.00 0.0 0 8.4 22 210 M M 1 29 210
22 86 61 74 12 0 9 T 0.0 0 5.3 15 220 M M 3 19 220
23 79 59 69 6 0 4 0.00 0.0 0 5.4 13 310 M M 5 16 310
24 87 66 77 14 0 12 T 0.0 0 5.5 14 240 M M 5 18 20 240
25 88 66 77 13 0 12 0.03 0.0 0 13.4 28 230 M M 3 1 37 240
26 77 59 68 4 0 3 0.38 0.0 0 10.3 18 320 M M 5 1 27 220
27 73 52 63 -1 2 0 0.01 M M 11.3 23 110 M M 3 8 34 120
28 57 44 51 -14 14 0 0.18 M M 13.7 22 70 M M 10 1 31 60
29 65 39 52 -13 13 0 0.00 M M 11.8 22 40 M M 2 30 30
30 70 38 54 -11 11 0 0.00 M M 3.2 9 30 M M 0 M M
31 71 48 60 -6 5 0 0.00 M M 5.9 15 230 M M 2 19 230
================================================================================
SM 2150 1436 279 66 2.63 0.0 256.4 M 109
================================================================================
AV 69.4 46.3 8.3 FASTST M M 4 MAX(MPH)
MISC ----> 32 230 44 220
================================================================================
NOTES:
# LAST OF SEVERAL OCCURRENCES
COLUMN 17 PEAK WIND IN M.P.H.
PRELIMINARY LOCAL CLIMATOLOGICAL DATA (WS FORM: F-6) , PAGE 2
STATION: GOSHEN
MONTH: MAY
YEAR: 2021
LATITUDE: 41 31 N
LONGITUDE: 85 47 W
[TEMPERATURE DATA] [PRECIPITATION DATA] SYMBOLS USED IN COLUMN 16
AVERAGE MONTHLY: 57.8 TOTAL FOR MONTH: 2.63 1 = FOG OR MIST
DPTR FM NORMAL: -2.5 DPTR FM NORMAL: -1.57 2 = FOG REDUCING VISIBILITY
HIGHEST: 88 ON 25 GRTST 24HR 1.47 ON 8- 9 TO 1/4 MILE OR LESS
LOWEST: 30 ON 8, 1 3 = THUNDER
SNOW, ICE PELLETS, HAIL 4 = ICE PELLETS
TOTAL MONTH: 0.0 INCH 5 = HAIL
GRTST 24HR 0.0 6 = FREEZING RAIN OR DRIZZLE
GRTST DEPTH: 0 7 = DUSTSTORM OR SANDSTORM:
VSBY 1/2 MILE OR LESS
8 = SMOKE OR HAZE
[NO. OF DAYS WITH] [WEATHER - DAYS WITH] 9 = BLOWING SNOW
X = TORNADO
MAX 32 OR BELOW: 0 0.01 INCH OR MORE: 10
MAX 90 OR ABOVE: 0 0.10 INCH OR MORE: 5
MIN 32 OR BELOW: 4 0.50 INCH OR MORE: 1
MIN 0 OR BELOW: 0 1.00 INCH OR MORE: 1
[HDD (BASE 65) ]
TOTAL THIS MO. 279 CLEAR (SCALE 0-3) 15
DPTR FM NORMAL 76 PTCLDY (SCALE 4-7) 12
TOTAL FM JUL 1 5912 CLOUDY (SCALE 8-10) 4
DPTR FM NORMAL -236
[CDD (BASE 65) ]
TOTAL THIS MO. 66
DPTR FM NORMAL 11 [PRESSURE DATA]
TOTAL FM JAN 1 71 HIGHEST SLP 30.48 ON 12
DPTR FM NORMAL 8 LOWEST SLP 29.58 ON 3
[REMARKS]
#FINAL-05-21#