000
CXUS52 KGSP 010951
CF6GSP
PRELIMINARY LOCAL CLIMATOLOGICAL DATA (WS FORM: F-6)
STATION: GREENVILLE-SPARTANBURG SC
MONTH: DECEMBER
YEAR: 2020
LATITUDE: 34 54 N
LONGITUDE: 82 13 W
TEMPERATURE IN F: :PCPN: SNOW: WIND :SUNSHINE: SKY :PK WND
================================================================================
1 2 3 4 5 6A 6B 7 8 9 10 11 12 13 14 15 16 17 18
12Z AVG MX 2MIN
DY MAX MIN AVG DEP HDD CDD WTR SNW DPTH SPD SPD DIR MIN PSBL S-S WX SPD DR
================================================================================
1 46 28 37 -10 28 0 0.00 0.0 0 5.4 15 260 M M 2 19 340
2 57 26 42 -5 23 0 0.00 0.0 0 5.4 18 310 M M 0 26 300
3 59 25 42 -5 23 0 0.00 0.0 0 4.1 14 210 M M 2 18 230
4 56 41 49 2 16 0 0.55 0.0 0 4.3 18 240 M M 9 1 25 250
5 56 35 46 0 19 0 0.00 0.0 0 4.8 15 360 M M 0 23 330
6 53 29 41 -5 24 0 0.00 0.0 0 2.8 10 160 M M 1 1 14 130
7 54 35 45 -1 20 0 0.00 0.0 0 5.7 15 340 M M 5 1 23 330
8 49 27 38 -8 27 0 0.00 0.0 0 5.3 13 360 M M 0 21 320
9 58 26 42 -3 23 0 0.00 0.0 0 4.5 12 210 M M 0 14 220
10 65 35 50 5 15 0 0.00 0.0 0 4.3 10 150 M M 0 13 120
11 65 34 50 5 15 0 0.00 0.0 0 2.0 9 200 M M 0 8 14 150
12 67 43 55 11 10 0 0.01 0.0 0 4.6 17 210 M M 3 18 21 200
13 70 49 60 16 5 0 T 0.0 0 4.6 15 240 M M 5 1 21 210
14 61 33 47 3 18 0 0.84 0.0 0 6.8 21 210 M M 5 1 28 220
15 47 30 39 -5 26 0 T 0.0 0 8.1 15 60 M M 2 21 80
16 40 34 37 -7 28 0 0.56 0.0 0 8.5 20 40 M M 10 1 25 40
17 49 34 42 -2 23 0 T 0.0 0 3.4 10 240 M M 10 128 13 320
18 47 28 38 -5 27 0 0.00 0.0 0 3.7 12 360 M M 0 16 350
19 49 25 37 -6 28 0 0.00 0.0 0 1.9 8 120 M M 1 1 11 210
20 53 38 46 3 19 0 0.09 0.0 0 3.2 9 170 M M 9 18 12 150
21 60 37 49 6 16 0 0.00 0.0 0 8.3 23 230 M M 4 18 28 230
22 60 36 48 5 17 0 0.00 0.0 0 6.0 12 360 M M 0 16 350
23 58 31 45 2 20 0 0.00 0.0 0 4.5 8 100 M M 3 12 160
24 56 34 45 3 20 0 0.85 T 0 8.5 29 250 M M 10 1 38 260
25 34 21 28 -14 37 0 T T 0 11.3 22 240 M M 3 29 220
26 42 16 29 -13 36 0 0.00 0.0 0 4.1 13 210 M M 0 18 230
27 52 22 37 -5 28 0 0.00 0.0 0 2.4 8 160 M M 0 11 140
28 60 29 45 3 20 0 0.00 0.0 0 6.8 18 230 M M 0 22 220
29 60 33 47 5 18 0 0.00 0.0 0 4.4 10 70 M M 0 1 13 70
30 42 39 41 -1 24 0 0.00 0.0 0 5.8 12 30 M M 10 15 40
31 55 41 48 6 17 0 0.02 0.0 0 3.3 9 30 M M 10 128 12 30
================================================================================
SM 1680 994 670 0 2.92 T 158.8 M 104
================================================================================
AV 54.2 32.1 5.1 FASTST M M 3 MAX(MPH)
MISC ----> 29 250 38 260
================================================================================
NOTES:
# LAST OF SEVERAL OCCURRENCES
COLUMN 17 PEAK WIND IN M.P.H.
PRELIMINARY LOCAL CLIMATOLOGICAL DATA (WS FORM: F-6) , PAGE 2
STATION: GREENVILLE-SPARTANBURG SC
MONTH: DECEMBER
YEAR: 2020
LATITUDE: 34 54 N
LONGITUDE: 82 13 W
[TEMPERATURE DATA] [PRECIPITATION DATA] SYMBOLS USED IN COLUMN 16
AVERAGE MONTHLY: 43.1 TOTAL FOR MONTH: 2.92 1 = FOG OR MIST
DPTR FM NORMAL: -0.9 DPTR FM NORMAL: -1.19 2 = FOG REDUCING VISIBILITY
HIGHEST: 70 ON 13 GRTST 24HR 0.85 ON 24-24 TO 1/4 MILE OR LESS
LOWEST: 16 ON 26 3 = THUNDER
SNOW, ICE PELLETS, HAIL 4 = ICE PELLETS
TOTAL MONTH: T 5 = HAIL
GRTST 24HR T ON 24-24 6 = FREEZING RAIN OR DRIZZLE
GRTST DEPTH: 0 7 = DUSTSTORM OR SANDSTORM:
VSBY 1/2 MILE OR LESS
8 = SMOKE OR HAZE
[NO. OF DAYS WITH] [WEATHER - DAYS WITH] 9 = BLOWING SNOW
X = TORNADO
MAX 32 OR BELOW: 0 0.01 INCH OR MORE: 7
MAX 90 OR ABOVE: 0 0.10 INCH OR MORE: 4
MIN 32 OR BELOW: 14 0.50 INCH OR MORE: 4
MIN 0 OR BELOW: 0 1.00 INCH OR MORE: 0
[HDD (BASE 65) ]
TOTAL THIS MO. 670 CLEAR (SCALE 0-3) 18
DPTR FM NORMAL 20 PTCLDY (SCALE 4-7) 6
TOTAL FM JUL 1 1104 CLOUDY (SCALE 8-10) 7
DPTR FM NORMAL -102
[CDD (BASE 65) ]
TOTAL THIS MO. 0
DPTR FM NORMAL -1 [PRESSURE DATA]
TOTAL FM JAN 1 1716 HIGHEST SLP 30.46 ON 30
DPTR FM NORMAL 0 LOWEST SLP 29.52 ON 24
[REMARKS]
#FINAL-12-20#