000
CXUS52 KGSP 011533
CLMGSP
CLIMATE REPORT
NATIONAL WEATHER SERVICE GREENVILLE-SPARTANBURG SC
1133 AM EDT MON APR 01 2024
...................................
...THE GREENVILLE-SPARTANBURG SC CLIMATE SUMMARY FOR THE MONTH OF MARCH 2024...
CLIMATE NORMAL PERIOD 1991 TO 2020
CLIMATE RECORD PERIOD 1884 TO 2024
WEATHER OBSERVED NORMAL DEPART LAST YEAR`S
VALUE DATE(S) VALUE FROM VALUE DATE(S)
NORMAL
................................................................
TEMPERATURE (F)
RECORD
HIGH 91 03/23/1907
LOW 11 03/15/1993
03/03/1980
HIGHEST 82 03/31 MM MM 83 03/24
LOWEST 30 03/19 MM MM 26 03/20
AVG. MAXIMUM 67.5 64.4 3.1 66.5
AVG. MINIMUM 43.8 41.2 2.6 42.8
MEAN 55.7 52.8 2.9 54.6
DAYS MAX >= 90 0 0.0 0.0 0
DAYS MAX <= 32 0 0.0 0.0 0
DAYS MIN <= 32 1 6.0 -5.0 6
DAYS MIN <= 0 0 0.0 0.0 0
PRECIPITATION (INCHES)
RECORD
MAXIMUM 11.99 1952
MINIMUM 1.13 1985
TOTALS 7.10 4.48 2.62 4.07
DAILY AVG. 0.23 0.14 0.09 0.13
DAYS >= .01 10 10.2 -0.2 10
DAYS >= .10 8 7.2 0.8 7
DAYS >= .50 5 2.9 2.1 5
DAYS >= 1.00 3 1.2 1.8 0
GREATEST
24 HR. TOTAL 2.20 03/01 TO 03/01 1.41 03/26 TO 03/27
STORM TOTAL 2.20 0.89
(MM/DD(HH)) MM
SNOWFALL (INCHES)
RECORDS
TOTAL 15.3 1960
24 HR TOTAL 9.8 03/12/1993 TO 03/13/1993
SNOW DEPTH 5 03/24/1983
TOTALS 0.0 0.6 -0.6 0.0
LIQUID EQUIV 0.00 0.00 0.00 0.00
SINCE 7/1 T 3.9 -3.9 MM
LIQUID 7/1 -0.10 0.30 -0.40 MM
SNOWDEPTH AVG. 0 0
DAYS >= TRACE 0 0.3 -0.3 0
DAYS >= 1.0 0 0.1 -0.1 0
GREATEST
SNOW DEPTH 0 0 MM
24 HR TOTAL MM MM
STORM TOTAL 0.0 0.0
(MM/DD(HH)) MM
DEGREE DAYS
HEATING TOTAL 280 387 -107 328
SINCE 7/1 2538 2816 -278 MM
COOLING TOTAL 1 9 -8 14
SINCE 1/1 1 10 -9 MM
FREEZE DATES
RECORD
EARLIEST MM
LATEST MM
EARLIEST 11/01
LATEST 03/21
................................................................
WIND (MPH)
AVERAGE WIND SPEED 6.5
HIGHEST WIND SPEED/DIRECTION 25/220 DATE 03/30
HIGHEST GUST SPEED/DIRECTION 35/240 DATE 03/30
SKY COVER
POSSIBLE SUNSHINE (PERCENT) MM
AVERAGE SKY COVER 0.34
NUMBER OF DAYS FAIR 19
NUMBER OF DAYS PC 5
NUMBER OF DAYS CLOUDY 7
AVERAGE RH (PERCENT) 57
WEATHER CONDITIONS. NUMBER OF DAYS WITH
THUNDERSTORM 1 MIXED PRECIP 0
HEAVY RAIN 7 RAIN 7
LIGHT RAIN 11 FREEZING RAIN 0
LT FREEZING RAIN 0 HAIL 0
HEAVY SNOW 0 SNOW 0
LIGHT SNOW 0 SLEET 0
FOG 15 FOG W/VIS <= 1/4 MILE 2
HAZE 2
- INDICATES NEGATIVE NUMBERS.
R INDICATES RECORD WAS SET OR TIED.
MM INDICATES DATA IS MISSING.
T INDICATES TRACE AMOUNT.
$$