000
CXGM50 PGUM 010030
CF6GUM
PRELIMINARY LOCAL CLIMATOLOGICAL DATA (WS FORM: F-6)
STATION: GUAM INTERNATIONAL AIRPORT
MONTH: JANUARY
YEAR: 2024
LATITUDE: 13 29 N
LONGITUDE: 144-48 E
TEMPERATURE IN F: :PCPN: SNOW: WIND :SUNSHINE: SKY :PK WND
================================================================================
1 2 3 4 5 6A 6B 7 8 9 10 11 12 13 14 15 16 17 18
12Z AVG MX 2MIN
DY MAX MIN AVG DEP HDD CDD WTR SNW DPTH SPD SPD DIR MIN PSBL S-S WX SPD DR
================================================================================
1 86 74 80 -1 0 15 0.07 0.0 0 10.1 20 110 M M M 3 29 110
2 86 77 82 1 0 17 0.23 0.0 0 10.3 18 70 M M 5 26 80
3 86 79 83 2 0 18 T 0.0 0 9.1 17 110 M M 2 24 90
4 86 77 82 1 0 17 0.01 0.0 0 8.6 20 120 M M 4 27 110
5 87 76 82 1 0 17 0.08 0.0 0 8.9 16 80 M M 4 21 90
6 86 76 81 0 0 16 0.05 0.0 0 10.4 18 90 M M 5 26 80
7 85 78 82 1 0 17 T 0.0 0 10.2 17 80 M M 4 23 110
8 86 76 81 0 0 16 0.15 0.0 0 9.7 24 90 M M 5 33 80
9 86 77 82 1 0 17 0.01 0.0 0 13.5 28 90 M M 4 39 70
10 86 79 83 2 0 18 0.00 0.0 0 13.5 22 90 M M 3 33 100
11 86 75 81 0 0 16 0.02 0.0 0 6.6 18 90 M M 4 24 90
12 86 74 80 -1 0 15 0.04 0.0 0 10.6 22 70 M M 4 28 70
13 87 74 81 0 0 16 T 0.0 0 11.2 18 50 M M 5 25 70
14 87 77 82 1 0 17 0.01 0.0 0 14.1 23 70 M M 3 30 60
15 85 76 81 0 0 16 0.13 0.0 0 10.5 22 80 M M 5 28 70
16 86 76 81 0 0 16 0.02 0.0 0 10.6 18 30 M M 5 23 30
17 82 73 78 -3 0 13 0.19 0.0 0 16.4 29 50 M M 8 38 50
18 84 73 79 -1 0 14 0.04 0.0 0 21.8 33 40 M M 7 45 60
19 84 75 80 0 0 15 T 0.0 0 18.3 28 60 M M 4 37 60
20 84 75 80 0 0 15 T 0.0 0 18.1 29 50 M M 4 37 70
21 84 73 79 -1 0 14 0.52 0.0 0 16.5 28 60 M M 4 36 50
22 84 73 79 -1 0 14 0.20 0.0 0 12.6 24 40 M M 6 33 60
23 84 73 79 -1 0 14 0.09 0.0 0 11.2 23 50 M M 6 30 40
24 85 72 79 -1 0 14 T 0.0 0 10.8 20 60 M M 2 29 60
25 83 75 79 -1 0 14 0.20 0.0 0 10.1 20 50 M M 8 24 40
26 83 76 80 0 0 15 0.02 0.0 0 11.4 24 50 M M 6 29 50
27 84 73 79 -1 0 14 0.17 0.0 0 12.2 21 30 M M 8 30 60
28 83 74 79 -1 0 14 0.03 0.0 0 14.1 24 40 M M 9 32 50
29 83 75 79 -1 0 14 T 0.0 0 14.8 24 40 M M 7 31 20
30 84 74 79 -1 0 14 0.03 0.0 0 16.8 29 40 M M 4 40 60
31 85 75 80 0 0 15 0.07 0.0 0 18.0 26 50 M M 4 35 60
================================================================================
SM 2633 2330 0 477 2.38 0.0 391.0 M 149
================================================================================
AV 84.9 75.2 12.6 FASTST M M 5 MAX(MPH)
MISC ----> 33 40 45 60
================================================================================
NOTES:
# LAST OF SEVERAL OCCURRENCES
COLUMN 17 PEAK WIND IN M.P.H.
PRELIMINARY LOCAL CLIMATOLOGICAL DATA (WS FORM: F-6) , PAGE 2
STATION: GUAM INTERNATIONAL AIRPORT
MONTH: JANUARY
YEAR: 2024
LATITUDE: 13 29 N
LONGITUDE: 144-48 E
[TEMPERATURE DATA] [PRECIPITATION DATA] SYMBOLS USED IN COLUMN 16
AVERAGE MONTHLY: 80.0 TOTAL FOR MONTH: 2.38 1 = FOG OR MIST
DPTR FM NORMAL: -0.6 DPTR FM NORMAL: -2.96 2 = FOG REDUCING VISIBILITY
HIGHEST: 87 ON 14,13 GRTST 24HR 1.26 ON 31- 1 TO 1/4 MILE OR LESS
LOWEST: 72 ON 24 3 = THUNDER
SNOW, ICE PELLETS, HAIL 4 = ICE PELLETS
TOTAL MONTH: 0.0 INCH 5 = HAIL
GRTST 24HR 0.0 6 = FREEZING RAIN OR DRIZZLE
GRTST DEPTH: 0 7 = DUSTSTORM OR SANDSTORM:
VSBY 1/2 MILE OR LESS
8 = SMOKE OR HAZE
[NO. OF DAYS WITH] [WEATHER - DAYS WITH] 9 = BLOWING SNOW
X = TORNADO
MAX 32 OR BELOW: 0 0.01 INCH OR MORE: 23
MAX 90 OR ABOVE: 0 0.10 INCH OR MORE: 8
MIN 32 OR BELOW: 0 0.50 INCH OR MORE: 1
MIN 0 OR BELOW: 0 1.00 INCH OR MORE: 0
[HDD (BASE 65) ]
TOTAL THIS MO. 0 CLEAR (SCALE 0-3) 4
DPTR FM NORMAL 0 PTCLDY (SCALE 4-7) 24
TOTAL FM JUL 1 0 CLOUDY (SCALE 8-10) 3
DPTR FM NORMAL 0
[CDD (BASE 65) ]
TOTAL THIS MO. 477
DPTR FM NORMAL -8 [PRESSURE DATA]
TOTAL FM JAN 1 477 HIGHEST SLP 9999.00 ON 1
DPTR FM NORMAL -8 LOWEST SLP 9999.00 ON 1
[REMARKS]
#FINAL-01-24#