000
CXUS54 KAMA 010710
CF6GUY
PRELIMINARY LOCAL CLIMATOLOGICAL DATA (WS FORM: F-6)
STATION: GUYMON
MONTH: MARCH
YEAR: 2022
LATITUDE: 36 41 N
LONGITUDE: 101 30 W
TEMPERATURE IN F: :PCPN: SNOW: WIND :SUNSHINE: SKY :PK WND
================================================================================
1 2 3 4 5 6A 6B 7 8 9 10 11 12 13 14 15 16 17 18
12Z AVG MX 2MIN
DY MAX MIN AVG DEP HDD CDD WTR SNW DPTH SPD SPD DIR MIN PSBL S-S WX SPD DR
================================================================================
1 77 26 52 10 13 0 0.00 M M 4.9 10 140 M M 0 14 120
2 81 31 56 13 9 0 0.00 M M 5.5 12 190 M M 0 18 230
3 85 31 58 15 7 0 0.00 M M 7.9 20 210 M M 0 29 180
4 83 54 69 25 0 4 0.00 M M 17.6 39 230 M M 2 50 200
5 70 33 52 8 13 0 0.00 M M 17.7 35 260 M M 0 46 260
6 43 21 32 -12 33 0 0.02 M M 13.5 28 350 M M 5 6 35 360
7 44 16 30 -15 35 0 0.00 M M 7.8 20 350 M M 1 24 10
8 47 18 33 -12 32 0 0.00 M M 6.5 21 270 M M 5 8 28 270
9 61 16 39 -6 26 0 0.00 M M 11.6 30 20 M M 3 43 230
10 27 17 22 -24 43 0 0.05 M M 16.9 30 20 M M 10 18 39 30
11 41 19 30 -16 35 0 0.00 M M 10.9 21 10 M M 3 26 20
12 66 16 41 -5 24 0 0.00 M M 9.6 20 230 M M 0 25 230
13 79 28 54 7 11 0 0.00 M M 12.3 28 210 M M 0 37 200
14 62 38 50 3 15 0 0.01 M M 21.1 40 360 M M 3 52 350
15 74 23 49 2 16 0 0.00 M M 9.1 22 210 M M 0 30 230
16 78 40 59 11 6 0 0.00 M M 13.0 29 10 M M 0 35 40
17 57 36 47 -1 18 0 0.04 M M 24.0 44 30 M M 4 1 58 30
18 60 30 45 -3 20 0 0.00 M M 11.5 25 360 M M 2 33 360
19 71 24 48 -1 17 0 0.00 M M 4.9 14 210 M M 0 19 190
20 83 34 59 10 6 0 0.00 M M 17.9 35 210 M M 1 50 200
21 58 35 47 -2 18 0 0.18 M M 18.2 35 360 M M 6 1 49 360
22 54 36 45 -5 20 0 0.01 M M 27.7 45 10 M M 5 1 62 360
23 53 35 44 -6 21 0 T M M 19.0 36 360 M M 3 8 49 10
24 74 25 50 0 15 0 0.00 M M 11.5 26 360 M M 0 35 320
25 65 39 52 2 13 0 0.00 M M 9.6 28 40 M M 0 38 30
26 83 35 59 8 6 0 0.00 M M 10.7 20 180 M M 0 34 180
27 69 41 55 4 10 0 0.00 M M 9.3 16 120 M M 0 24 130
28 88 34 61 10 4 0 0.00 M M 7.4 23 210 M M 0 31 210
29 84 49 67 15 0 2 0.00 M M 24.4 52 250 M M 2 8 70 250
30 59 38 49 -3 16 0 T M M 23.4 36 10 M M 5 50 360
31 67 32 50 -2 15 0 0.00 M M 8.5 22 350 M M 1 29 350
================================================================================
SM 2043 950 517 6 0.31 M 413.9 M 61
================================================================================
AV 65.9 30.6 13.4 FASTST M M 2 MAX(MPH)
MISC ----> 52 250 70 250
================================================================================
NOTES:
# LAST OF SEVERAL OCCURRENCES
COLUMN 17 PEAK WIND IN M.P.H.
PRELIMINARY LOCAL CLIMATOLOGICAL DATA (WS FORM: F-6) , PAGE 2
STATION: GUYMON
MONTH: MARCH
YEAR: 2022
LATITUDE: 36 41 N
LONGITUDE: 101 30 W
[TEMPERATURE DATA] [PRECIPITATION DATA] SYMBOLS USED IN COLUMN 16
AVERAGE MONTHLY: 48.3 TOTAL FOR MONTH: 0.31 1 = FOG OR MIST
DPTR FM NORMAL: 0.7 DPTR FM NORMAL: -0.80 2 = FOG REDUCING VISIBILITY
HIGHEST: 88 ON 28 GRTST 24HR 0.19 ON 21-22 TO 1/4 MILE OR LESS
LOWEST: 16 ON 9, 7 3 = THUNDER
SNOW, ICE PELLETS, HAIL 4 = ICE PELLETS
TOTAL MONTH: M 5 = HAIL
GRTST 24HR M ON M 6 = FREEZING RAIN OR DRIZZLE
GRTST DEPTH: M ON M 7 = DUSTSTORM OR SANDSTORM:
VSBY 1/2 MILE OR LESS
8 = SMOKE OR HAZE
[NO. OF DAYS WITH] [WEATHER - DAYS WITH] 9 = BLOWING SNOW
X = TORNADO
MAX 32 OR BELOW: 1 0.01 INCH OR MORE: 6
MAX 90 OR ABOVE: 0 0.10 INCH OR MORE: 1
MIN 32 OR BELOW: 16 0.50 INCH OR MORE: 0
MIN 0 OR BELOW: 0 1.00 INCH OR MORE: 0
[HDD (BASE 65) ]
TOTAL THIS MO. 517 CLEAR (SCALE 0-3) 23
DPTR FM NORMAL -28 PTCLDY (SCALE 4-7) 7
TOTAL FM JUL 1 3421 CLOUDY (SCALE 8-10) 1
DPTR FM NORMAL -489
[CDD (BASE 65) ]
TOTAL THIS MO. 6
DPTR FM NORMAL 2 [PRESSURE DATA]
TOTAL FM JAN 1 6 HIGHEST SLP M ON M
DPTR FM NORMAL 2 LOWEST SLP 29.22 ON 29
[REMARKS]
#FINAL-03-22#