552
CXUS54 KFWD 110129
CF6GVT
PRELIMINARY LOCAL CLIMATOLOGICAL DATA (WS FORM: F-6)
STATION: GREENVILLE
MONTH: JUNE
YEAR: 2020
LATITUDE: 33 4 N
LONGITUDE: 96 4 W
TEMPERATURE IN F: :PCPN: SNOW: WIND :SUNSHINE: SKY :PK WND
================================================================================
1 2 3 4 5 6A 6B 7 8 9 10 11 12 13 14 15 16 17 18
12Z AVG MX 2MIN
DY MAX MIN AVG DEP HDD CDD WTR SNW DPTH SPD SPD DIR MIN PSBL S-S WX SPD DR
================================================================================
1 88 70 79 2 0 14 0.00 0.0 M 2.5 10 150 M M 0 M M
2 90 68 79 1 0 14 0.00 0.0 0 3.2 9 160 M M 1 M M
3 91 73 82 4 0 17 0.00 0.0 0 5.6 12 160 M M 1 M M
4 95 75 85 7 0 20 0.00 0.0 0 8.0 13 180 M M 2 17 200
5 95 79 87 9 0 22 0.00 0.0 0 4.9 12 200 M M 1 M M
6 97 73 85 6 0 20 0.00 0.0 0 1.3 6 30 M M 1 M M
7 95 73 84 5 0 19 0.00 0.0 0 3.3 10 40 M M 1 16 40
8 97 75 86 7 0 21 0.00 0.0 0 2.3 7 330 M M 1 M M
9 102 73 88 9 0 23 0.00 0.0 0 13.3 21 190 M M 1 31 210
10 90 61 76 -4 0 11 0.00 0.0 0 8.9 17 310 M M 0 23 310
11 91 57 74 -6 0 9 0.00 0.0 0 2.4 9 40 M M 0 M M
12 91 61 76 -4 0 11 0.00 0.0 0 1.4 7 130 M M 0 M M
13 93 63 78 -2 0 13 0.00 0.0 0 1.2 8 140 M M 0 8 M M
14 95 66 81 1 0 16 0.00 0.0 0 3.3 10 120 M M 0 16 130
15 97 70 84 3 0 19 0.00 0.0 0 2.2 8 130 M M 1 M M
16 95 72 84 3 0 19 M 0.0 0 3.4 13 110 M M 2 3 22 110
17 95 72 84 3 0 19 0.00 0.0 0 5.8 14 130 M M 0 18 130
18 95 73 84 3 0 19 0.00 0.0 0 8.4 17 180 M M 0 22 180
19 95 73 84 3 0 19 0.00 0.0 0 8.7 16 180 M M 4 20 180
20 91 70 81 -1 0 16 1.20 0.0 0 5.2 10 180 M M 5 3 M M
21 90 75 83 1 0 18 M 0.0 0 6.9 13 150 M M 3 3 12 150
22 91 70 81 -1 0 16 0.59 0.0 0 6.5 21 320 M M 2 3 29 320
23 86 73 80 -2 0 15 0.02 0.0 0 3.2 9 100 M M 4 3 M M
24 91 72 82 0 0 17 0.00 0.0 0 2.4 7 100 M M 3 M M
25 90 72 81 -1 0 16 M 0.0 0 3.8 12 140 M M 5 18 M M
26 91 79 85 2 0 20 M 0.0 0 15.3102 200 M M 6 38 32 200
27 91 79 85 2 0 20 0.00 0.0 0 12.0 33 180 M M 5 8 24 180
28 90 79 85 2 0 20 M 0.0 0 12.8 20 170 M M 4 3 29 170
29 95 81 88 5 0 23 M 0.0 0 15.2 22 170 M M 6 31 200
30 95 81 88 5 0 23 0.00 0.0 0 14.3 21 180 M M 6 29 180
================================================================================
SM 2788 2158 0 529 1.81 0.0 187.7 M 65
================================================================================
AV 92.9 71.9 6.3 FASTST M M 2 MAX(MPH)
MISC ----> #102 200 # 32 200
================================================================================
NOTES:
# LAST OF SEVERAL OCCURRENCES
COLUMN 17 PEAK WIND IN M.P.H.
PRELIMINARY LOCAL CLIMATOLOGICAL DATA (WS FORM: F-6) , PAGE 2
STATION: GREENVILLE
MONTH: JUNE
YEAR: 2020
LATITUDE: 33 4 N
LONGITUDE: 96 4 W
[TEMPERATURE DATA] [PRECIPITATION DATA] SYMBOLS USED IN COLUMN 16
AVERAGE MONTHLY: 82.4 TOTAL FOR MONTH: 1.81 1 = FOG OR MIST
DPTR FM NORMAL: 1.8 DPTR FM NORMAL: -2.37 2 = FOG REDUCING VISIBILITY
HIGHEST: 102 ON 9 GRTST 24HR 1.20 ON 20-20 TO 1/4 MILE OR LESS
LOWEST: 57 ON 11 3 = THUNDER
SNOW, ICE PELLETS, HAIL 4 = ICE PELLETS
TOTAL MONTH: 0.0 INCH 5 = HAIL
GRTST 24HR 0.0 6 = FREEZING RAIN OR DRIZZLE
GRTST DEPTH: 0 7 = DUSTSTORM OR SANDSTORM:
VSBY 1/2 MILE OR LESS
8 = SMOKE OR HAZE
[NO. OF DAYS WITH] [WEATHER - DAYS WITH] 9 = BLOWING SNOW
X = TORNADO
MAX 32 OR BELOW: 0 0.01 INCH OR MORE: 3
MAX 90 OR ABOVE: 28 0.10 INCH OR MORE: 2
MIN 32 OR BELOW: 0 0.50 INCH OR MORE: 2
MIN 0 OR BELOW: 0 1.00 INCH OR MORE: 1
[HDD (BASE 65) ]
TOTAL THIS MO. 0 CLEAR (SCALE 0-3) 21
DPTR FM NORMAL 0 PTCLDY (SCALE 4-7) 9
TOTAL FM JUL 1 1964 CLOUDY (SCALE 8-10) 0
DPTR FM NORMAL -439
[CDD (BASE 65) ]
TOTAL THIS MO. 529
DPTR FM NORMAL 61 [PRESSURE DATA]
TOTAL FM JAN 1 937 HIGHEST SLP M ON M
DPTR FM NORMAL 84 LOWEST SLP M ON M
[REMARKS]
#FINAL-06-20#