000
CXUS54 KJAN 011003
CLMGWO
CLIMATE REPORT
NATIONAL WEATHER SERVICE JACKSON MS
503 AM CDT SAT JUL 01 2023
...................................
...THE GREENWOOD CLIMATE SUMMARY FOR THE MONTH OF JUNE 2023...
CLIMATE NORMAL PERIOD: 1991 TO 2020
CLIMATE RECORD PERIOD: 1948 TO 2023
WEATHER OBSERVED NORMAL DEPART LAST YEAR`S
VALUE DATE(S) VALUE FROM VALUE DATE(S)
NORMAL
................................................................
TEMPERATURE (F)
RECORD
HIGH 104 06/28/1954
06/21/1953
06/19/1952
LOW 49 06/11/1988
06/03/1956
HIGHEST 99 06/30 MM MM 101 06/21
06/26
LOWEST 64 06/23 MM MM 64 06/04
06/05
AVG. MAXIMUM 91.2 89.1 2.1 93.9
AVG. MINIMUM 69.6 68.8 0.8 71.5
MEAN 80.4 79.0 1.4 82.7
DAYS MAX >= 90 21 17.5 3.5 23
DAYS MAX <= 32 0 0.0 0.0 0
DAYS MIN <= 32 0 0.0 0.0 0
DAYS MIN <= 0 0 0.0 0.0 0
PRECIPITATION (INCHES)
RECORD
MAXIMUM 18.74 1989
MINIMUM 0.04 1952
TOTALS 1.50 3.74 -2.24 2.33
DAILY AVG. 0.05 0.12 -0.07 0.08
DAYS >= .01 6 9.0 -3.0 6
DAYS >= .10 5 5.8 -0.8 4
DAYS >= .50 0 2.2 -2.2 2
DAYS >= 1.00 0 1.0 -1.0 1
GREATEST
24 HR. TOTAL 0.49 06/25 TO 06/25 1.53
SNOWFALL (INCHES)
TOTALS 0.0
DEGREE DAYS
HEATING TOTAL 0 0 0 0
SINCE 7/1 1821 2573 -752 MM
COOLING TOTAL 472 418 54 540
SINCE 1/1 953 775 178 MM
................................................................
WIND (MPH)
AVERAGE WIND SPEED 3.8
HIGHEST WIND SPEED/DIRECTION 30/340 DATE 06/25
HIGHEST GUST SPEED/DIRECTION 49/340 DATE 06/25
SKY COVER
POSSIBLE SUNSHINE (PERCENT) MM
AVERAGE SKY COVER 0.19
NUMBER OF DAYS FAIR 23
NUMBER OF DAYS PC 7
NUMBER OF DAYS CLOUDY 0
AVERAGE RH (PERCENT) 70
WEATHER CONDITIONS. NUMBER OF DAYS WITH
THUNDERSTORM 9 MIXED PRECIP 0
HEAVY RAIN 4 RAIN 5
LIGHT RAIN 7 FREEZING RAIN 0
LT FREEZING RAIN 0 HAIL 0
HEAVY SNOW 0 SNOW 0
LIGHT SNOW 0 SLEET 0
FOG 23 FOG W/VIS <= 1/4 MILE 3
HAZE 7
- INDICATES NEGATIVE NUMBERS.
R INDICATES RECORD WAS SET OR TIED.
MM INDICATES DATA IS MISSING.
T INDICATES TRACE AMOUNT.
$$