000
CXUS55 KBOU 011000
CF6GXY
PRELIMINARY LOCAL CLIMATOLOGICAL DATA (WS FORM: F-6)
STATION: GREELEY CO
MONTH: NOVEMBER
YEAR: 2023
LATITUDE: 40 25 N
LONGITUDE: 104 38 W
TEMPERATURE IN F: :PCPN: SNOW: WIND :SUNSHINE: SKY :PK WND
================================================================================
1 2 3 4 5 6A 6B 7 8 9 10 11 12 13 14 15 16 17 18
12Z AVG MX 2MIN
DY MAX MIN AVG DEP HDD CDD WTR SNW DPTH SPD SPD DIR MIN PSBL S-S WX SPD DR
================================================================================
1 64 20 42 M 23 0 M M M 3.6 9 40 M M 0 M M
2 68 22 45 M 20 0 M M M 4.1 14 240 M M 0 M M
3 72 34 53 M 12 0 M M M 5.3 15 50 M M 4 M M
4 67 31 49 M 16 0 M M M 4.5 9 150 M M 1 M M
5 76 33 55 M 10 0 M M M 3.0 9 340 M M 0 8 17 99
6 74 29 52 M 13 0 M M M 2.9 10 100 M M 0 18 100
7 72 25 49 M 16 0 M M M 6.6 20 70 M M 0 8 M M
8 49 29 39 M 26 0 M M M 8.8 23 360 M M 7 37 340
9 51 19 35 M 30 0 M M M 4.7 13 70 M M 0 M M
10 57 13 35 M 30 0 M M M 4.6 9 150 M M 0 M M
11 62 17 40 M 25 0 M M M 4.7 9 350 M M 0 M M
12 66 19 43 M 22 0 M M M 5.4 12 100 M M 0 M M
13 63 19 41 M 24 0 M M M 4.2 9 300 M M 0 M M
14 70 29 50 M 15 0 M M M 4.0 10 320 M M 0 M M
15 67 22 45 M 20 0 M M M 4.0 8 320 M M 0 M M
16 68 28 48 M 17 0 M M M 4.9 17 60 M M 2 26 60
17 62 23 43 M 22 0 M M M 3.5 7 330 M M 2 18 M M
18 60 21 41 M 24 0 M M M 3.7 9 350 M M 1 M M
19 60 29 45 M 20 0 M M M 8.1 18 330 M M 4 M M
20 49 28 39 M 26 0 M M M 18.6 30 340 M M 7 39 340
21 58 20 39 M 26 0 M M M 4.6 12 360 M M 0 M M
22 68 16 42 M 23 0 M M M 3.0 7 360 M M 0 M M
23 41 22 32 M 33 0 M M M 8.8 17 100 M M 6 1 21 90
24 23 15 19 M 46 0 M M M 11.5 17 100 M M 10 1 17 100
25 33 -2 16 M 49 0 M M M 3.9 12 20 M M 7 12 M M
26 35 0 18 M 47 0 M M M 4.3 10 290 M M 2 12 M M
27 34 0 17 M 48 0 M M M 3.6 9 320 M M 0 12 M M
28 35 3 19 M 46 0 M M M 3.5 7 340 M M 0 M M
29 M M M M M M M M M M M M M M M M M
30 M M M M M M M M M M M M M M M M M
================================================================================
SM 1604 564 729 0 M M 152.3 M 53
================================================================================
AV 57.3 20.1 5.4 FASTST M M 2 MAX(MPH)
MISC ----> 30 340 39 340
================================================================================
NOTES:
# LAST OF SEVERAL OCCURRENCES
COLUMN 17 PEAK WIND IN M.P.H.
PRELIMINARY LOCAL CLIMATOLOGICAL DATA (WS FORM: F-6) , PAGE 2
STATION: GREELEY CO
MONTH: NOVEMBER
YEAR: 2023
LATITUDE: 40 25 N
LONGITUDE: 104 38 W
[TEMPERATURE DATA] [PRECIPITATION DATA] SYMBOLS USED IN COLUMN 16
AVERAGE MONTHLY: 38.7 TOTAL FOR MONTH: M 1 = FOG OR MIST
DPTR FM NORMAL: 0.0 DPTR FM NORMAL: M 2 = FOG REDUCING VISIBILITY
HIGHEST: 76 ON 5 GRTST 24HR 0.06 ON 24-25 TO 1/4 MILE OR LESS
LOWEST: -2 ON 25 3 = THUNDER
SNOW, ICE PELLETS, HAIL 4 = ICE PELLETS
TOTAL MONTH: M 5 = HAIL
GRTST 24HR M ON M 6 = FREEZING RAIN OR DRIZZLE
GRTST DEPTH: M ON M 7 = DUSTSTORM OR SANDSTORM:
VSBY 1/2 MILE OR LESS
8 = SMOKE OR HAZE
[NO. OF DAYS WITH] [WEATHER - DAYS WITH] 9 = BLOWING SNOW
X = TORNADO
MAX 32 OR BELOW: 1 0.01 INCH OR MORE: 0
MAX 90 OR ABOVE: 0 0.10 INCH OR MORE: 0
MIN 32 OR BELOW: 26 0.50 INCH OR MORE: 0
MIN 0 OR BELOW: 3 1.00 INCH OR MORE: 0
[HDD (BASE 65) ]
TOTAL THIS MO. 729 CLEAR (SCALE 0-3) 21
DPTR FM NORMAL M PTCLDY (SCALE 4-7) 6
TOTAL FM JUL 1 1248 CLOUDY (SCALE 8-10) 3
DPTR FM NORMAL M
[CDD (BASE 65) ]
TOTAL THIS MO. 0
DPTR FM NORMAL M [PRESSURE DATA]
TOTAL FM JAN 1 661 HIGHEST SLP M ON M
DPTR FM NORMAL M LOWEST SLP M ON M
[REMARKS]
#FINAL-11-23#