000
CXUS54 KEWX 011110
CF6GYB
PRELIMINARY LOCAL CLIMATOLOGICAL DATA (WS FORM: F-6)
STATION: GIDDINGS-LEE COUNTY AIRPORT
MONTH: NOVEMBER
YEAR: 2021
LATITUDE: 30 10 N
LONGITUDE: 96 59 W
TEMPERATURE IN F: :PCPN: SNOW: WIND :SUNSHINE: SKY :PK WND
================================================================================
1 2 3 4 5 6A 6B 7 8 9 10 11 12 13 14 15 16 17 18
12Z AVG MX 2MIN
DY MAX MIN AVG DEP HDD CDD WTR SNW DPTH SPD SPD DIR MIN PSBL S-S WX SPD DR
================================================================================
1 79 49 64 M 1 0 0.00 M M 2.1 8 140 M M 0 1 M M
2 78 55 67 M 0 2 0.00 M M 1.2 5 70 M M 6 12 M M
3 67 49 58 M 7 0 1.10 M M 6.3 18 340 M M 9 1 30 340
4 57 47 52 M 13 0 0.01 M M 6.7 13 20 M M 7 1 17 20
5 62 42 52 M 13 0 0.00 M M 2.5 7 340 M M 0 M M
6 67 41 54 M 11 0 0.00 M M 1.2 7 10 M M 0 8 M M
7 72 42 57 M 8 0 0.00 M M 1.8 7 210 M M 0 M M
8 76 46 61 M 4 0 0.00 M M 3.3 8 200 M M 2 1 M M
9 76 52 64 M 1 0 0.00 M M 2.4 7 160 M M 1 1 M M
10 79 61 70 M 0 5 0.00 M M 5.6 12 190 M M 5 18 180
11 72 49 61 M 4 0 0.00 M M 7.0 12 10 M M 1 20 340
12 76 44 60 M 5 0 0.00 M M 3.8 12 360 M M 0 16 360
13 68 42 55 M 10 0 0.00 M M 2.6 5 180 M M 0 M M
14 77 46 62 M 3 0 0.00 M M 4.7 14 220 M M 0 18 220
15 79 52 66 M 0 1 0.00 M M 4.8 13 200 M M 1 12 20 200
16 80 63 72 M 0 7 0.00 M M 8.8 17 200 M M 3 1 25 200
17 82 61 72 M 0 7 0.00 M M 6.3 17 210 M M 0 1 24 210
18 67 50 59 M 6 0 0.00 M M 10.5 21 10 M M 3 27 10
19 65 42 54 M 11 0 0.00 M M 2.9 7 90 M M 0 M M
20 71 45 58 M 7 0 0.00 M M 3.9 9 180 M M 7 M M
21 78 60 69 M 0 4 0.00 M M 5.8 13 360 M M 8 1 24 340
22 67 40 54 M 11 0 0.00 M M 6.5 14 360 M M 0 18 10
23 69 36 53 M 12 0 0.00 M M 3.5 9 170 M M 0 8 M M
24 78 55 67 M 0 2 0.07 M M 6.4 15 190 M M 4 22 170
25 69 50 60 M 5 0 0.04 M M 9.6 18 360 M M 5 1 25 360
26 54 42 48 M 17 0 0.00 M M 5.2 10 10 M M 0 16 10
27 50 44 47 M 18 0 0.57 M M 1.6 7 240 M M 8 1 M M
28 66 47 57 M 8 0 0.00 M M 4.2 9 330 M M 6 1 M M
29 70 38 54 M 11 0 0.00 M M 2.2 7 210 M M 0 M M
30 72 41 57 M 8 0 0.00 M M 3.0 13 220 M M 0 1 16 210
================================================================================
SM 2123 1431 194 28 1.79 M 136.5 M 76
================================================================================
AV 70.8 47.7 4.5 FASTST M M 3 MAX(MPH)
MISC ----> 21 10 30 340
================================================================================
NOTES:
# LAST OF SEVERAL OCCURRENCES
COLUMN 17 PEAK WIND IN M.P.H.
PRELIMINARY LOCAL CLIMATOLOGICAL DATA (WS FORM: F-6) , PAGE 2
STATION: GIDDINGS-LEE COUNTY AIRPORT
MONTH: NOVEMBER
YEAR: 2021
LATITUDE: 30 10 N
LONGITUDE: 96 59 W
[TEMPERATURE DATA] [PRECIPITATION DATA] SYMBOLS USED IN COLUMN 16
AVERAGE MONTHLY: 59.2 TOTAL FOR MONTH: 1.79 1 = FOG OR MIST
DPTR FM NORMAL: 0.0 DPTR FM NORMAL: M 2 = FOG REDUCING VISIBILITY
HIGHEST: 82 ON 17 GRTST 24HR 1.10 ON 3- 3 TO 1/4 MILE OR LESS
LOWEST: 36 ON 23 3 = THUNDER
SNOW, ICE PELLETS, HAIL 4 = ICE PELLETS
TOTAL MONTH: M 5 = HAIL
GRTST 24HR M ON M 6 = FREEZING RAIN OR DRIZZLE
GRTST DEPTH: M ON M 7 = DUSTSTORM OR SANDSTORM:
VSBY 1/2 MILE OR LESS
8 = SMOKE OR HAZE
[NO. OF DAYS WITH] [WEATHER - DAYS WITH] 9 = BLOWING SNOW
X = TORNADO
MAX 32 OR BELOW: 0 0.01 INCH OR MORE: 5
MAX 90 OR ABOVE: 0 0.10 INCH OR MORE: 2
MIN 32 OR BELOW: 0 0.50 INCH OR MORE: 2
MIN 0 OR BELOW: 0 1.00 INCH OR MORE: 1
[HDD (BASE 65) ]
TOTAL THIS MO. 194 CLEAR (SCALE 0-3) 19
DPTR FM NORMAL M PTCLDY (SCALE 4-7) 10
TOTAL FM JUL 1 208 CLOUDY (SCALE 8-10) 1
DPTR FM NORMAL M
[CDD (BASE 65) ]
TOTAL THIS MO. 28
DPTR FM NORMAL M [PRESSURE DATA]
TOTAL FM JAN 1 2690 HIGHEST SLP M ON M
DPTR FM NORMAL M LOWEST SLP M ON M
[REMARKS]
#FINAL-11-21#