000
CXUS54 KOUN 010810
CF6HBR
PRELIMINARY LOCAL CLIMATOLOGICAL DATA (WS FORM: F-6)
STATION: HOBART
MONTH: SEPTEMBER
YEAR: 2022
LATITUDE: 35 0 N
LONGITUDE: 99 3 W
TEMPERATURE IN F: :PCPN: SNOW: WIND :SUNSHINE: SKY :PK WND
================================================================================
1 2 3 4 5 6A 6B 7 8 9 10 11 12 13 14 15 16 17 18
12Z AVG MX 2MIN
DY MAX MIN AVG DEP HDD CDD WTR SNW DPTH SPD SPD DIR MIN PSBL S-S WX SPD DR
================================================================================
1 85 69 77 -3 0 12 0.81 0.0 0 9.9 31 350 M M 5 13 38 360
2 71 69 70 -10 0 5 0.00 0.0 0 8.1 12 200 M M 0 M M
3 97 70 84 5 0 19 0.00 0.0 0 9.2 21 110 M M 0 1 25 110
4 92 68 80 1 0 15 0.00 0.0 0 9.1 20 110 M M 0 23 70
5 93 59 76 -3 0 11 0.00 0.0 0 8.4 17 120 M M 0 20 120
6 93 62 78 0 0 13 0.00 0.0 0 8.8 12 110 M M 0 18 120
7 95 63 79 1 0 14 0.00 0.0 0 9.7 14 120 M M 0 24 90
8 92 64 78 0 0 13 0.00 0.0 M 9.0 15 140 M M 0 20 130
9 92 65 79 1 0 14 0.00 0.0 0 11.7 20 180 M M 0 29 210
10 91 61 76 -1 0 11 T M M 11.5 29 30 M M 4 36 20
11 79 57 68 -9 0 3 0.15 M M 10.3 24 30 M M 6 1 30 30
12 86 55 71 -5 0 6 0.00 M M 9.0 21 220 M M 3 26 220
13 96 68 82 6 0 17 0.00 M M 13.9 24 220 M M 1 29 210
14 93 69 81 5 0 16 0.00 M M 16.9 23 160 M M 0 29 160
15 92 68 80 5 0 15 0.00 M M 17.9 26 220 M M 1 33 210
16 95 67 81 6 0 16 0.00 M M 18.5 28 210 M M 0 8 37 220
17 98 71 85 10 0 20 0.00 M M 18.9 31 210 M M 0 44 210
18 97 70 84 10 0 19 0.00 M M 16.9 28 220 M M 1 37 230
19 98 70 84 10 0 19 0.00 M M 14.4 25 220 M M 0 30 210
20 99 71 85 11 0 20 0.00 M M 14.3 28 220 M M 0 33 230
21 99 73 86 13 0 21 0.00 M M 14.8 25 230 M M 0 31 220
22 83 58 71 -2 0 6 0.00 M M 13.3 23 40 M M 0 26 50
23 96 55 76 4 0 11 0.00 M M 11.8 28 220 M M 0 1 41 210
24 96 64 80 8 0 15 T M M 11.0 25 230 M M 2 31 210
25 92 62 77 5 0 12 0.00 M M 13.7 30 60 M M 0 41 30
26 87 49 68 -3 0 3 0.00 M M 6.8 15 220 M M 0 8 19 230
27 95 55 75 4 0 10 0.00 M M 14.4 28 220 M M 0 8 36 220
28 92 57 75 5 0 10 0.00 M M 6.9 15 60 M M 0 8 21 30
29 88 57 73 3 0 8 0.00 M M 9.2 20 170 M M 0 8 23 180
30 85 60 73 3 0 8 0.00 M M 11.2 22 190 M M 0 8 26 180
================================================================================
SM 2747 1906 0 382 0.96 0.0 359.5 M 23
================================================================================
AV 91.6 63.5 12.0 FASTST M M 1 MAX(MPH)
MISC ----> # 31 350 44 210
================================================================================
NOTES:
# LAST OF SEVERAL OCCURRENCES
COLUMN 17 PEAK WIND IN M.P.H.
PRELIMINARY LOCAL CLIMATOLOGICAL DATA (WS FORM: F-6) , PAGE 2
STATION: HOBART
MONTH: SEPTEMBER
YEAR: 2022
LATITUDE: 35 0 N
LONGITUDE: 99 3 W
[TEMPERATURE DATA] [PRECIPITATION DATA] SYMBOLS USED IN COLUMN 16
AVERAGE MONTHLY: 77.6 TOTAL FOR MONTH: 0.96 1 = FOG OR MIST
DPTR FM NORMAL: 2.5 DPTR FM NORMAL: -1.94 2 = FOG REDUCING VISIBILITY
HIGHEST: 99 ON 21,20 GRTST 24HR 0.81 ON 1- 1 TO 1/4 MILE OR LESS
LOWEST: 49 ON 26 3 = THUNDER
SNOW, ICE PELLETS, HAIL 4 = ICE PELLETS
TOTAL MONTH: 0.0 INCH 5 = HAIL
GRTST 24HR 0.0 6 = FREEZING RAIN OR DRIZZLE
GRTST DEPTH: 0 7 = DUSTSTORM OR SANDSTORM:
VSBY 1/2 MILE OR LESS
8 = SMOKE OR HAZE
[NO. OF DAYS WITH] [WEATHER - DAYS WITH] 9 = BLOWING SNOW
X = TORNADO
MAX 32 OR BELOW: 0 0.01 INCH OR MORE: 2
MAX 90 OR ABOVE: 22 0.10 INCH OR MORE: 2
MIN 32 OR BELOW: 0 0.50 INCH OR MORE: 1
MIN 0 OR BELOW: 0 1.00 INCH OR MORE: 0
[HDD (BASE 65) ]
TOTAL THIS MO. 0 CLEAR (SCALE 0-3) 27
DPTR FM NORMAL -14 PTCLDY (SCALE 4-7) 3
TOTAL FM JUL 1 0 CLOUDY (SCALE 8-10) 0
DPTR FM NORMAL -11
[CDD (BASE 65) ]
TOTAL THIS MO. 382
DPTR FM NORMAL 66 [PRESSURE DATA]
TOTAL FM JAN 1 2695 HIGHEST SLP M ON M
DPTR FM NORMAL 478 LOWEST SLP 29.72 ON 9
[REMARKS]
#FINAL-09-22#