000
CXUS54 KOUN 010700
CF6HBR
PRELIMINARY LOCAL CLIMATOLOGICAL DATA (WS FORM: F-6)
STATION: HOBART
MONTH: MARCH
YEAR: 2020
LATITUDE: 35 0 N
LONGITUDE: 99 3 W
TEMPERATURE IN F: :PCPN: SNOW: WIND :SUNSHINE: SKY :PK WND
================================================================================
1 2 3 4 5 6A 6B 7 8 9 10 11 12 13 14 15 16 17 18
12Z AVG MX 2MIN
DY MAX MIN AVG DEP HDD CDD WTR SNW DPTH SPD SPD DIR MIN PSBL S-S WX SPD DR
================================================================================
1 79 45 62 16 3 0 0.00 0.0 0 13.8 26 180 M M 0 34 180
2 61 41 51 5 14 0 0.00 0.0 0 9.2 24 30 M M 2 28 30
3 65 43 54 8 11 0 0.00 0.0 0 8.0 20 50 M M 1 23 50
4 57 37 47 0 18 0 0.00 0.0 0 9.8 26 60 M M 1 31 50
5 69 28 49 2 16 0 0.00 0.0 0 12.9 35 40 M M 0 43 40
6 66 27 47 0 18 0 0.00 0.0 0 8.7 17 170 M M 0 23 170
7 70 39 55 7 10 0 0.00 0.0 0 17.9 29 180 M M 0 37 180
8 57 46 52 4 13 0 0.19 M 0 20.8 29 180 M M 6 1 36 190
9 70 45 58 10 7 0 0.15 0.0 0 9.2 16 180 M M 4 1 21 170
10 73 41 57 9 8 0 0.00 0.0 0 M M M M M 0 M M
11 73 52 63 14 2 0 0.00 0.0 0 7.9 17 10 M M 0 8 21 10
12 84 52 68 19 0 3 0.00 0.0 0 14.3 29 70 M M 0 1 36 50
13 58 44 51 2 14 0 0.51 M 0 18.4 29 60 M M 9 13 34 60
14 56 43 50 0 15 0 0.55 M 0 12.0 23 60 M M 9 13 26 70
15 47 42 45 -5 20 0 0.10 M 0 12.2 23 50 M M 10 13 27 60
16 55 45 50 0 15 0 0.03 M 0 6.1 14 210 M M 9 12 15 210
17 55 50 53 2 12 0 1.05 0.0 0 14.2 24 80 M M 9 123 29 80
18 74 52 63 12 2 0 2.30 0.0 0 10.7 45 200 M M 5 123 52 200
19 75 52 64 13 1 0 0.05 0.0 0 16.7 35 250 M M 3 123 40 240
20 52 36 44 -7 21 0 0.00 0.0 0 18.9 33 340 M M 5 41 330
21 47 33 40 -12 25 0 0.35 0.0 0 8.8 20 90 M M 4 13 22 90
22 59 42 51 -1 14 0 0.03 0.0 0 7.9 16 180 M M 8 1 19 180
23 70 52 61 9 4 0 0.00 0.0 0 10.1 21 170 M M 8 12 26 160
24 75 53 64 11 1 0 0.00 0.0 0 11.0 28 180 M M 3 1 34 190
25 82 50 66 13 0 1 0.00 0.0 0 14.2 29 180 M M 0 33 170
26 93 55 74 21 0 9 0.00 0.0 0 15.5 24 180 M M 0 31 170
27 82 61 72 19 0 7 0.00 0.0 0 9.0 17 170 M M 1 18 22 170
28 73 48 61 7 4 0 0.01 0.0 0 17.2 30 290 M M 1 3 38 290
29 69 37 53 -1 12 0 0.00 0.0 0 7.0 15 180 M M 1 20 180
30 61 50 56 2 9 0 0.37 0.0 0 11.9 24 110 M M 7 13 29 110
31 66 50 58 4 7 0 T 0.0 0 7.5 14 50 M M 6 1 15 50
================================================================================
SM 2073 1391 296 20 5.69 0.0 361.8 M 112
================================================================================
AV 66.9 44.9 12.1 FASTST M M 4 MAX(MPH)
MISC ----> # 45 200 # 52 200
================================================================================
NOTES:
# LAST OF SEVERAL OCCURRENCES
COLUMN 17 PEAK WIND IN M.P.H.
PRELIMINARY LOCAL CLIMATOLOGICAL DATA (WS FORM: F-6) , PAGE 2
STATION: HOBART
MONTH: MARCH
YEAR: 2020
LATITUDE: 35 0 N
LONGITUDE: 99 3 W
[TEMPERATURE DATA] [PRECIPITATION DATA] SYMBOLS USED IN COLUMN 16
AVERAGE MONTHLY: 55.9 TOTAL FOR MONTH: 5.69 1 = FOG OR MIST
DPTR FM NORMAL: 5.7 DPTR FM NORMAL: 3.59 2 = FOG REDUCING VISIBILITY
HIGHEST: 93 ON 26 GRTST 24HR 2.30 ON 18-18 TO 1/4 MILE OR LESS
LOWEST: 27 ON 6 3 = THUNDER
SNOW, ICE PELLETS, HAIL 4 = ICE PELLETS
TOTAL MONTH: 0.0 INCH 5 = HAIL
GRTST 24HR 0.0 6 = FREEZING RAIN OR DRIZZLE
GRTST DEPTH: 0 7 = DUSTSTORM OR SANDSTORM:
VSBY 1/2 MILE OR LESS
8 = SMOKE OR HAZE
[NO. OF DAYS WITH] [WEATHER - DAYS WITH] 9 = BLOWING SNOW
X = TORNADO
MAX 32 OR BELOW: 0 0.01 INCH OR MORE: 13
MAX 90 OR ABOVE: 1 0.10 INCH OR MORE: 9
MIN 32 OR BELOW: 2 0.50 INCH OR MORE: 4
MIN 0 OR BELOW: 0 1.00 INCH OR MORE: 2
[HDD (BASE 65) ]
TOTAL THIS MO. 296 CLEAR (SCALE 0-3) 17
DPTR FM NORMAL -168 PTCLDY (SCALE 4-7) 9
TOTAL FM JUL 1 2900 CLOUDY (SCALE 8-10) 5
DPTR FM NORMAL -507
[CDD (BASE 65) ]
TOTAL THIS MO. 20
DPTR FM NORMAL 14 [PRESSURE DATA]
TOTAL FM JAN 1 20 HIGHEST SLP M ON M
DPTR FM NORMAL 14 LOWEST SLP 29.53 ON 28
[REMARKS]
#FINAL-03-20#