000
CXUS54 KEWX 011010
CF6HDO
PRELIMINARY LOCAL CLIMATOLOGICAL DATA (WS FORM: F-6)
STATION: HONDO
MONTH: MAY
YEAR: 2021
LATITUDE: 29 21 N
LONGITUDE: 99 10 W
TEMPERATURE IN F: :PCPN: SNOW: WIND :SUNSHINE: SKY :PK WND
================================================================================
1 2 3 4 5 6A 6B 7 8 9 10 11 12 13 14 15 16 17 18
12Z AVG MX 2MIN
DY MAX MIN AVG DEP HDD CDD WTR SNW DPTH SPD SPD DIR MIN PSBL S-S WX SPD DR
================================================================================
1 M M M M M M M M M M M M M M M M M
2 M M M M M M M M M M M M M M M M M
3 M M M M M M M M M M M M M M M M M
4 M M M M M M M M M M M M M M M M M
5 M M M M M M M M M M M M M M M M M
6 M M M M M M M M M M M M M M M M M
7 87 61 74 -1 0 9 0.00 M M 8.0 22 140 M M 0 30 140
8 92 66 79 4 0 14 0.00 M M 14.4 25 130 M M 5 36 140
9 92 74 83 8 0 18 0.00 M M 8.8 21 150 M M 5 29 150
10 89 65 77 2 0 12 2.11 M M 13.0 55 300 M M 7 1238 73 300
11 82 64 73 -3 0 8 0.46 M M 11.0 24 20 M M 7 13 30 10
12 76 61 69 -7 0 4 0.00 M M 14.1 28 30 M M 5 35 40
13 78 61 70 -6 0 5 0.00 M M 8.8 16 30 M M 6 20 10
14 82 58 70 -6 0 5 0.00 M M 9.3 21 150 M M 5 29 150
15 74 65 70 -7 0 5 0.43 M M 10.9 22 140 M M 8 13 31 150
16 84 69 77 0 0 12 0.03 M M 9.9 20 120 M M 7 3 26 130
17 86 74 80 3 0 15 T M M 11.4 32 130 M M 9 3 47 90
18 80 68 74 -4 0 9 0.02 M M 8.6 21 20 M M 4 3 29 10
19 75 60 68 -10 0 3 0.00 M M 7.6 17 110 M M 4 24 120
20 86 56 71 -7 0 6 0.00 M M 6.7 14 120 M M 1 1 17 110
21 85 64 75 -3 0 10 0.00 M M 8.3 16 150 M M 3 1 22 130
22 85 70 78 -1 0 13 0.07 M M 8.8 22 120 M M 8 1 29 120
23 86 71 79 0 0 14 0.01 M M 11.0 20 90 M M 7 1 26 110
24 87 71 79 0 0 14 0.01 M M 9.6 20 130 M M 6 1 24 140
25 89 74 82 3 0 17 0.00 M M 11.8 20 140 M M 7 28 140
26 90 75 83 3 0 18 0.00 M M 11.9 21 150 M M 8 28 150
27 90 73 82 2 0 17 0.00 M M 11.4 21 130 M M 6 28 130
28 88 65 77 -3 0 12 0.02 M M 11.5 26 20 M M 8 138 34 20
29 83 64 74 -6 0 9 0.77 M M 8.6 36 320 M M 3 13 47 300
30 85 70 78 -2 0 13 T M M 9.9 24 130 M M 6 13 32 130
31 83 72 78 -3 0 13 0.02 M M 11.2 18 140 M M 9 3 25 140
================================================================================
SM 2114 1671 0 275 3.95 M 256.5 M 144
================================================================================
AV 84.6 66.8 10.3 FASTST M M 6 MAX(MPH)
MISC ----> 55 300 73 300
================================================================================
NOTES:
# LAST OF SEVERAL OCCURRENCES
COLUMN 17 PEAK WIND IN M.P.H.
PRELIMINARY LOCAL CLIMATOLOGICAL DATA (WS FORM: F-6) , PAGE 2
STATION: HONDO
MONTH: MAY
YEAR: 2021
LATITUDE: 29 21 N
LONGITUDE: 99 10 W
[TEMPERATURE DATA] [PRECIPITATION DATA] SYMBOLS USED IN COLUMN 16
AVERAGE MONTHLY: 75.7 TOTAL FOR MONTH: 3.95 1 = FOG OR MIST
DPTR FM NORMAL: -1.2 DPTR FM NORMAL: 0.52 2 = FOG REDUCING VISIBILITY
HIGHEST: 92 ON 9, 8 GRTST 24HR 2.86 ON 30- 1 TO 1/4 MILE OR LESS
LOWEST: 56 ON 20 3 = THUNDER
SNOW, ICE PELLETS, HAIL 4 = ICE PELLETS
TOTAL MONTH: M 5 = HAIL
GRTST 24HR M ON M 6 = FREEZING RAIN OR DRIZZLE
GRTST DEPTH: M ON M 7 = DUSTSTORM OR SANDSTORM:
VSBY 1/2 MILE OR LESS
8 = SMOKE OR HAZE
[NO. OF DAYS WITH] [WEATHER - DAYS WITH] 9 = BLOWING SNOW
X = TORNADO
MAX 32 OR BELOW: 0 0.01 INCH OR MORE: 11
MAX 90 OR ABOVE: 4 0.10 INCH OR MORE: 4
MIN 32 OR BELOW: 0 0.50 INCH OR MORE: 2
MIN 0 OR BELOW: 0 1.00 INCH OR MORE: 1
[HDD (BASE 65) ]
TOTAL THIS MO. 0 CLEAR (SCALE 0-3) 2
DPTR FM NORMAL -3 PTCLDY (SCALE 4-7) 20
TOTAL FM JUL 1 1413 CLOUDY (SCALE 8-10) 9
DPTR FM NORMAL -39
[CDD (BASE 65) ]
TOTAL THIS MO. 275
DPTR FM NORMAL -98 [PRESSURE DATA]
TOTAL FM JAN 1 582 HIGHEST SLP 30.29 ON 13
DPTR FM NORMAL -77 LOWEST SLP 29.45 ON 3
[REMARKS]
#FINAL-05-21#