000
CXUS51 KLWX 041453
CF6HGR
PRELIMINARY LOCAL CLIMATOLOGICAL DATA (WS FORM: F-6)
STATION: HAGERSTOWN MD
MONTH: DECEMBER
YEAR: 2023
LATITUDE: 39 42 N
LONGITUDE: 77 43 W
TEMPERATURE IN F: :PCPN: SNOW: WIND :SUNSHINE: SKY :PK WND
================================================================================
1 2 3 4 5 6A 6B 7 8 9 10 11 12 13 14 15 16 17 18
12Z AVG MX 2MIN
DY MAX MIN AVG DEP HDD CDD WTR SNW DPTH SPD SPD DIR MIN PSBL S-S WX SPD DR
================================================================================
1 45 37 41 0 24 0 0.07 M M 3.3 10 140 M M 6 18 12 180
2 60 37 49 9 16 0 0.03 M M 2.7 10 110 M M 5 128 12 100
3 53 46 50 10 15 0 0.29 M M 4.6 28 300 M M 8 12 36 290
4 48 40 44 4 21 0 0.00 M M 6.6 16 270 M M 5 23 270
5 43 37 40 0 25 0 T M M 3.1 16 300 M M 9 20 300
6 44 33 39 0 26 0 T M M 8.8 23 310 M M 8 1 30 310
7 47 31 39 0 26 0 0.00 M M 5.6 17 190 M M 8 8 22 190
8 56 32 44 5 21 0 0.00 M M 4.4 15 160 M M 1 18 19 160
9 48 30 39 1 26 0 0.00 M M 4.2 13 300 M M 4 128 15 300
10 51 36 44 6 21 0 0.85 M M 7.4 22 320 M M 9 12 28 330
11 44 31 38 0 27 0 0.10 M M 11.5 26 310 M M 7 1 32 310
12 46 28 37 -1 28 0 0.00 M M 6.7 14 190 M M 0 17 180
13 45 30 38 1 27 0 0.00 M M 7.6 17 310 M M 0 24 280
14 46 25 36 -1 29 0 0.00 M M 4.5 10 270 M M 0 14 270
15 57 34 46 9 19 0 0.00 M M 6.9 17 300 M M 0 22 300
16 53 30 42 5 23 0 0.00 M M 2.3 8 100 M M 0 8 11 110
17 51 36 44 8 21 0 1.11 M M 6.9 20 360 M M 8 1 26 10
18 52 35 44 8 21 0 0.30 M M 15.0 31 300 M M 8 1 39 290
19 38 26 32 -4 33 0 0.00 M M 15.0 28 300 M M 7 35 300
20 45 23 34 -2 31 0 0.00 M M 2.7 9 280 M M 0 14 280
21 38 28 33 -3 32 0 0.00 M M 0.9 6 70 M M 7 8 7 320
22 43 30 37 2 28 0 0.00 M M 1.8 8 350 M M 8 18 10 360
23 46 31 39 4 26 0 0.00 M M 4.0 12 150 M M 8 18 14 120
24 50 40 45 10 20 0 0.05 M M 1.6 8 330 M M 10 18 9 330
25 55 37 46 11 19 0 0.00 M M 2.4 7 100 M M 5 128 10 170
26 49 43 46 11 19 0 0.22 M M 1.8 7 150 M M 10 1 8 160
27 52 46 49 15 16 0 0.17 M M 5.8 15 310 M M 10 12 17 310
28 57 44 51 17 14 0 0.00 M M 4.9 10 280 M M 8 12 12 330
29 52 38 45 11 20 0 0.00 M M 4.9 13 230 M M 5 18 230
30 47 37 42 8 23 0 0.00 M M 9.2 21 280 M M 10 25 280
31 44 37 41 7 24 0 0.02 M M 5.5 20 280 M M 10 23 280
================================================================================
SM 1505 1068 721 0 3.21 M 172.6 M 184
================================================================================
AV 48.5 34.5 5.6 FASTST M M 6 MAX(MPH)
MISC ----> 31 300 39 290
================================================================================
NOTES:
# LAST OF SEVERAL OCCURRENCES
COLUMN 17 PEAK WIND IN M.P.H.
PRELIMINARY LOCAL CLIMATOLOGICAL DATA (WS FORM: F-6) , PAGE 2
STATION: HAGERSTOWN MD
MONTH: DECEMBER
YEAR: 2023
LATITUDE: 39 42 N
LONGITUDE: 77 43 W
[TEMPERATURE DATA] [PRECIPITATION DATA] SYMBOLS USED IN COLUMN 16
AVERAGE MONTHLY: 41.5 TOTAL FOR MONTH: 3.21 1 = FOG OR MIST
DPTR FM NORMAL: 4.6 DPTR FM NORMAL: 0.38 2 = FOG REDUCING VISIBILITY
HIGHEST: 60 ON 2 GRTST 24HR 1.41 ON 17-18 TO 1/4 MILE OR LESS
LOWEST: 23 ON 20 3 = THUNDER
SNOW, ICE PELLETS, HAIL 4 = ICE PELLETS
TOTAL MONTH: 0.0 INCH 5 = HAIL
GRTST 24HR M ON M 6 = FREEZING RAIN OR DRIZZLE
GRTST DEPTH: 0 7 = DUSTSTORM OR SANDSTORM:
VSBY 1/2 MILE OR LESS
8 = SMOKE OR HAZE
[NO. OF DAYS WITH] [WEATHER - DAYS WITH] 9 = BLOWING SNOW
X = TORNADO
MAX 32 OR BELOW: 0 0.01 INCH OR MORE: 11
MAX 90 OR ABOVE: 0 0.10 INCH OR MORE: 7
MIN 32 OR BELOW: 13 0.50 INCH OR MORE: 2
MIN 0 OR BELOW: 0 1.00 INCH OR MORE: 1
[HDD (BASE 65) ]
TOTAL THIS MO. 721 CLEAR (SCALE 0-3) 7
DPTR FM NORMAL -150 PTCLDY (SCALE 4-7) 12
TOTAL FM JUL 1 1587 CLOUDY (SCALE 8-10) 12
DPTR FM NORMAL -181
[CDD (BASE 65) ]
TOTAL THIS MO. 0
DPTR FM NORMAL 0 [PRESSURE DATA]
TOTAL FM JAN 1 1177 HIGHEST SLP 30.77 ON 14
DPTR FM NORMAL -71 LOWEST SLP 29.30 ON 18
[REMARKS]
#FINAL-12-23#