000
CXUS56 KLOX 011255
CF6HHR
PRELIMINARY LOCAL CLIMATOLOGICAL DATA (WS FORM: F-6)
STATION: HAWTHORNE AIRPORT CA
MONTH: NOVEMBER
YEAR: 2022
LATITUDE: 33 55 N
LONGITUDE: 118 20 W
TEMPERATURE IN F: :PCPN: SNOW: WIND :SUNSHINE: SKY :PK WND
================================================================================
1 2 3 4 5 6A 6B 7 8 9 10 11 12 13 14 15 16 17 18
12Z AVG MX 2MIN
DY MAX MIN AVG DEP HDD CDD WTR SNW DPTH SPD SPD DIR MIN PSBL S-S WX SPD DR
================================================================================
1 71 60 66 0 0 1 0.06 M M 5.7 14 260 M M 7 18 19 90
2 69 59 64 -2 1 0 0.11 M M 8.4 23 270 M M 4 1 34 260
3 66 53 60 -6 5 0 0.00 M M 6.2 22 260 M M 0 8 29 270
4 69 50 60 -5 5 0 0.00 M M 3.2 14 260 M M 0 21 240
5 69 51 60 -5 5 0 0.00 M M 2.3 12 250 M M 0 8 17 280
6 70 54 62 -3 3 0 0.00 M M 2.9 12 260 M M 1 8 17 250
7 67 58 63 -2 2 0 0.03 M M 5.8 14 240 M M 9 18 20 220
8 69 54 62 -2 3 0 1.55 M M 8.2 26 260 M M 9 18 40 260
9 64 52 58 -6 7 0 0.15 M M 4.3 17 250 M M 2 1 23 250
10 70 48 59 -5 6 0 0.00 M M 2.6 13 260 M M 0 16 260
11 73 49 61 -3 4 0 0.00 M M 1.9 12 250 M M 0 17 270
12 70 49 60 -4 5 0 0.00 M M 2.8 13 260 M M 0 8 17 250
13 70 50 60 -3 5 0 0.00 M M 5.1 18 260 M M 1 8 28 310
14 70 50 60 -3 5 0 0.00 M M 1.9 12 250 M M 0 15 200
15 75 50 63 0 2 0 0.00 M M 2.4 13 260 M M 0 18 260
16 76 48 62 -1 3 0 0.00 M M 3.2 12 260 M M 0 16 240
17 76 49 63 1 2 0 0.00 M M 2.1 12 270 M M 0 15 270
18 71 50 61 -1 4 0 0.00 M M 2.3 10 260 M M 0 8 14 260
19 78 49 64 2 1 0 0.00 M M 1.7 10 130 M M 0 8 15 90
20 79 50 65 3 0 0 0.00 M M 1.7 10 260 M M 0 8 14 260
21 78 54 66 5 0 1 0.00 M M 2.0 10 260 M M 0 12 250
22 75 54 65 4 0 0 0.00 M M 2.5 10 270 M M 0 8 16 300
23 73 48 61 0 4 0 0.00 M M 1.7 10 260 M M 0 18 14 270
24 79 49 64 3 1 0 0.00 M M 2.4 13 260 M M 0 18 15 250
25 77 50 64 4 1 0 0.00 M M 3.0 14 250 M M 0 8 19 260
26 71 49 60 0 5 0 0.00 M M 2.1 10 260 M M 0 8 15 250
27 71 49 60 0 5 0 0.00 M M 2.0 13 250 M M 1 128 15 260
28 65 57 61 1 4 0 0.00 M M 4.4 14 260 M M 8 18 20 250
29 67 55 61 1 4 0 0.00 M M 1.9 12 130 M M 4 15 130
30 65 53 59 0 6 0 0.00 M M 3.7 13 160 M M 7 8 18 150
================================================================================
SM 2143 1551 98 2 1.90 M 100.4 M 53
================================================================================
AV 71.4 51.7 3.3 FASTST M M 2 MAX(MPH)
MISC ----> 26 260 40 260
================================================================================
NOTES:
# LAST OF SEVERAL OCCURRENCES
COLUMN 17 PEAK WIND IN M.P.H.
PRELIMINARY LOCAL CLIMATOLOGICAL DATA (WS FORM: F-6) , PAGE 2
STATION: HAWTHORNE AIRPORT CA
MONTH: NOVEMBER
YEAR: 2022
LATITUDE: 33 55 N
LONGITUDE: 118 20 W
[TEMPERATURE DATA] [PRECIPITATION DATA] SYMBOLS USED IN COLUMN 16
AVERAGE MONTHLY: 61.6 TOTAL FOR MONTH: 1.90 1 = FOG OR MIST
DPTR FM NORMAL: -1.0 DPTR FM NORMAL: 1.18 2 = FOG REDUCING VISIBILITY
HIGHEST: 79 ON 24,20 GRTST 24HR 1.56 ON 8- 9 TO 1/4 MILE OR LESS
LOWEST: 48 ON 23,16 3 = THUNDER
SNOW, ICE PELLETS, HAIL 4 = ICE PELLETS
TOTAL MONTH: M 5 = HAIL
GRTST 24HR M ON M 6 = FREEZING RAIN OR DRIZZLE
GRTST DEPTH: M ON M 7 = DUSTSTORM OR SANDSTORM:
VSBY 1/2 MILE OR LESS
8 = SMOKE OR HAZE
[NO. OF DAYS WITH] [WEATHER - DAYS WITH] 9 = BLOWING SNOW
X = TORNADO
MAX 32 OR BELOW: 0 0.01 INCH OR MORE: 5
MAX 90 OR ABOVE: 0 0.10 INCH OR MORE: 3
MIN 32 OR BELOW: 0 0.50 INCH OR MORE: 1
MIN 0 OR BELOW: 0 1.00 INCH OR MORE: 1
[HDD (BASE 65) ]
TOTAL THIS MO. 98 CLEAR (SCALE 0-3) 23
DPTR FM NORMAL -7 PTCLDY (SCALE 4-7) 5
TOTAL FM JUL 1 98 CLOUDY (SCALE 8-10) 2
DPTR FM NORMAL -35
[CDD (BASE 65) ]
TOTAL THIS MO. 2
DPTR FM NORMAL -33 [PRESSURE DATA]
TOTAL FM JAN 1 1430 HIGHEST SLP 30.29 ON 25
DPTR FM NORMAL 509 LOWEST SLP 29.75 ON 8
[REMARKS]
#FINAL-11-22#