000
CXUS56 KLOX 011155
CF6HHR
PRELIMINARY LOCAL CLIMATOLOGICAL DATA (WS FORM: F-6)
STATION: HAWTHORNE AIRPORT CA
MONTH: MARCH
YEAR: 2021
LATITUDE: 33 55 N
LONGITUDE: 118 20 W
TEMPERATURE IN F: :PCPN: SNOW: WIND :SUNSHINE: SKY :PK WND
================================================================================
1 2 3 4 5 6A 6B 7 8 9 10 11 12 13 14 15 16 17 18
12Z AVG MX 2MIN
DY MAX MIN AVG DEP HDD CDD WTR SNW DPTH SPD SPD DIR MIN PSBL S-S WX SPD DR
================================================================================
1 74 50 62 2 3 0 0.00 M M 3.6 15 260 M M 0 8 18 250
2 73 47 60 0 5 0 0.00 M M 3.1 16 260 M M 0 20 270
3 58 47 53 -7 12 0 0.17 M M 4.9 25 90 M M 5 1 32 80
4 65 46 56 -4 9 0 0.00 M M 3.5 14 270 M M 0 17 260
5 76 48 62 2 3 0 0.00 M M 3.8 16 260 M M 0 8 20 260
6 67 50 59 -1 6 0 0.00 M M 4.7 17 260 M M 0 22 260
7 62 53 58 -2 7 0 0.00 M M 3.8 12 250 M M 7 14 260
8 64 52 58 -2 7 0 0.00 M M 6.5 17 250 M M 4 8 23 260
9 62 48 55 -5 10 0 T M M 8.7 28 260 M M 2 8 36 260
10 59 47 53 -7 12 0 0.69 M M 6.8 22 260 M M 6 138 28 250
11 57 44 51 -9 14 0 0.23 M M 4.4 16 250 M M 4 18 20 250
12 58 43 51 -9 14 0 0.00 M M 4.1 16 260 M M 1 20 260
13 60 45 53 -7 12 0 0.00 M M 3.5 16 260 M M 3 8 23 270
14 62 52 57 -3 8 0 0.00 M M 6.3 15 260 M M 8 21 270
15 58 47 53 -7 12 0 0.22 M M 10.4 26 270 M M 5 1 43 270
16 58 44 51 -9 14 0 0.00 M M 4.1 14 260 M M 0 M M
17 63 46 55 -5 10 0 0.00 M M 4.0 15 250 M M 0 M M
18 63 50 57 -3 8 0 T M M 4.5 16 260 M M 0 M M
19 67 50 59 -1 6 0 T M M 4.8 15 240 M M 1 M M
20 66 53 60 0 5 0 0.00 M M 5.0 16 260 M M 4 18 20 260
21 66 48 57 -3 8 0 0.00 M M 4.9 17 260 M M 1 21 280
22 67 50 59 -1 6 0 0.00 M M 4.5 14 260 M M 0 8 17 260
23 66 51 59 -1 6 0 0.00 M M 8.0 25 270 M M 3 34 270
24 71 55 63 2 2 0 T M M 7.9 22 270 M M 0 8 41 270
25 58 51 55 -6 10 0 0.00 M M 8.3 17 250 M M 4 22 250
26 62 49 56 -5 9 0 0.00 M M 5.0 18 260 M M 2 24 260
27 74 49 62 1 3 0 0.00 M M 3.8 14 260 M M 0 M M
28 83 51 67 6 0 2 0.00 M M 3.9 16 270 M M 0 22 280
29 75 52 64 3 1 0 0.00 M M 4.6 16 260 M M 0 20 250
30 71 54 63 2 2 0 0.00 M M 4.8 12 270 M M 3 15 260
31 86 53 70 9 0 5 0.00 M M 2.8 14 250 M M 0 8 18 260
================================================================================
SM 2051 1525 224 7 1.31 M 159.0 M 63
================================================================================
AV 66.2 49.2 5.1 FASTST M M 2 MAX(MPH)
MISC ----> 28 260 43 270
================================================================================
NOTES:
# LAST OF SEVERAL OCCURRENCES
COLUMN 17 PEAK WIND IN M.P.H.
PRELIMINARY LOCAL CLIMATOLOGICAL DATA (WS FORM: F-6) , PAGE 2
STATION: HAWTHORNE AIRPORT CA
MONTH: MARCH
YEAR: 2021
LATITUDE: 33 55 N
LONGITUDE: 118 20 W
[TEMPERATURE DATA] [PRECIPITATION DATA] SYMBOLS USED IN COLUMN 16
AVERAGE MONTHLY: 57.7 TOTAL FOR MONTH: 1.31 1 = FOG OR MIST
DPTR FM NORMAL: -2.5 DPTR FM NORMAL: -0.94 2 = FOG REDUCING VISIBILITY
HIGHEST: 86 ON 31 GRTST 24HR 0.82 ON 10-11 TO 1/4 MILE OR LESS
LOWEST: 43 ON 12 3 = THUNDER
SNOW, ICE PELLETS, HAIL 4 = ICE PELLETS
TOTAL MONTH: M 5 = HAIL
GRTST 24HR M ON M 6 = FREEZING RAIN OR DRIZZLE
GRTST DEPTH: M ON M 7 = DUSTSTORM OR SANDSTORM:
VSBY 1/2 MILE OR LESS
8 = SMOKE OR HAZE
[NO. OF DAYS WITH] [WEATHER - DAYS WITH] 9 = BLOWING SNOW
X = TORNADO
MAX 32 OR BELOW: 0 0.01 INCH OR MORE: 4
MAX 90 OR ABOVE: 0 0.10 INCH OR MORE: 4
MIN 32 OR BELOW: 0 0.50 INCH OR MORE: 1
MIN 0 OR BELOW: 0 1.00 INCH OR MORE: 0
[HDD (BASE 65) ]
TOTAL THIS MO. 224 CLEAR (SCALE 0-3) 22
DPTR FM NORMAL 63 PTCLDY (SCALE 4-7) 8
TOTAL FM JUL 1 946 CLOUDY (SCALE 8-10) 1
DPTR FM NORMAL -15
[CDD (BASE 65) ]
TOTAL THIS MO. 7
DPTR FM NORMAL -7 [PRESSURE DATA]
TOTAL FM JAN 1 17 HIGHEST SLP 30.28 ON 14
DPTR FM NORMAL -11 LOWEST SLP 29.78 ON 3
[REMARKS]
#FINAL-03-21#