000
CXUS56 KPQR 011301
CF6HIO
PRELIMINARY LOCAL CLIMATOLOGICAL DATA (WS FORM: F-6)
STATION: HILLSBORO OR
MONTH: FEBRUARY
YEAR: 2023
LATITUDE: 45 32 N
LONGITUDE: 122 57 W
TEMPERATURE IN F: :PCPN: SNOW: WIND :SUNSHINE: SKY :PK WND
================================================================================
1 2 3 4 5 6A 6B 7 8 9 10 11 12 13 14 15 16 17 18
12Z AVG MX 2MIN
DY MAX MIN AVG DEP HDD CDD WTR SNW DPTH SPD SPD DIR MIN PSBL S-S WX SPD DR
================================================================================
1 48 23 36 -5 29 0 0.00 M M 0.8 5 240 M M 0 8 6 290
2 46 21 34 -7 31 0 0.00 M M 2.0 8 270 M M 0 18 9 320
3 51 32 42 1 23 0 0.22 M M 5.8 22 170 M M 7 1 28 180
4 53 42 48 7 17 0 0.05 M M 4.6 13 50 M M 9 16 60
5 51 35 43 2 22 0 0.18 M M 7.7 20 200 M M 9 1 28 200
6 49 37 43 2 22 0 0.04 M M 5.8 15 170 M M 10 18 18 180
7 51 34 43 2 22 0 0.15 M M 9.3 18 190 M M 7 1 27 180
8 50 30 40 -2 25 0 0.01 M M 1.8 7 320 M M 6 128 8 320
9 58 31 45 3 20 0 0.02 M M 3.6 13 160 M M 3 1 15 140
10 55 39 47 5 18 0 0.02 M M 6.9 13 300 M M 7 1 15 300
11 52 29 41 -1 24 0 0.00 M M 2.6 12 310 M M 1 1 14 300
12 51 26 39 -3 26 0 0.00 M M 2.2 8 170 M M 3 12 11 170
13 48 32 40 -2 25 0 0.19 M M 7.3 23 270 M M 9 1 32 270
14 45 28 37 -5 28 0 0.08 M M 4.3 15 170 M M 8 12 17 170
15 45 24 35 -7 30 0 0.00 M M 1.2 7 140 M M 5 128 8 150
16 45 26 36 -6 29 0 0.00 M M 1.3 7 310 M M 4 7 310
17 52 37 45 3 20 0 T M M 1.7 8 60 M M 10 10 30
18 50 37 44 2 21 0 0.01 M M 4.2 16 320 M M 10 18 19 310
19 51 35 43 0 22 0 0.00 M M 3.3 13 240 M M 9 18 18 240
20 51 44 48 5 17 0 0.00 M M 8.2 21 230 M M 10 27 210
21 48 35 42 -1 23 0 0.22 M M 8.1 20 270 M M 7 18 27 270
22 39 30 35 -8 30 0 0.22 M M 11.7 21 100 M M 10 1 26 90
23 30 23 27 -16 38 0 T M M 19.8 28 70 M M 7 1289 38 90
24 37 16 27 -16 38 0 0.00 M M 8.8 24 70 M M 0 34 70
25 41 16 29 -15 36 0 T M M 1.6 8 160 M M 2 128 12 150
26 40 33 37 -7 28 0 0.26 M M 5.6 17 180 M M 10 18 22 180
27 45 34 40 -4 25 0 0.11 M M 9.0 21 170 M M 9 1 25 150
28 38 29 34 -10 31 0 0.34 M M 5.4 18 180 M M 9 1 23 180
================================================================================
SM 1320 858 720 0 2.12 M 154.6 M 181
================================================================================
AV 47.1 30.6 5.5 FASTST M M 6 MAX(MPH)
MISC ----> 28 70 38 90
================================================================================
NOTES:
# LAST OF SEVERAL OCCURRENCES
COLUMN 17 PEAK WIND IN M.P.H.
PRELIMINARY LOCAL CLIMATOLOGICAL DATA (WS FORM: F-6) , PAGE 2
STATION: HILLSBORO OR
MONTH: FEBRUARY
YEAR: 2023
LATITUDE: 45 32 N
LONGITUDE: 122 57 W
[TEMPERATURE DATA] [PRECIPITATION DATA] SYMBOLS USED IN COLUMN 16
AVERAGE MONTHLY: 38.9 TOTAL FOR MONTH: 2.12 1 = FOG OR MIST
DPTR FM NORMAL: -3.4 DPTR FM NORMAL: -1.85 2 = FOG REDUCING VISIBILITY
HIGHEST: 58 ON 9 GRTST 24HR 0.42 ON 27-28 TO 1/4 MILE OR LESS
LOWEST: 16 ON 25,24 3 = THUNDER
SNOW, ICE PELLETS, HAIL 4 = ICE PELLETS
TOTAL MONTH: M 5 = HAIL
GRTST 24HR M ON M 6 = FREEZING RAIN OR DRIZZLE
GRTST DEPTH: M ON M 7 = DUSTSTORM OR SANDSTORM:
VSBY 1/2 MILE OR LESS
8 = SMOKE OR HAZE
[NO. OF DAYS WITH] [WEATHER - DAYS WITH] 9 = BLOWING SNOW
X = TORNADO
MAX 32 OR BELOW: 1 0.01 INCH OR MORE: 16
MAX 90 OR ABOVE: 0 0.10 INCH OR MORE: 9
MIN 32 OR BELOW: 16 0.50 INCH OR MORE: 0
MIN 0 OR BELOW: 0 1.00 INCH OR MORE: 0
[HDD (BASE 65) ]
TOTAL THIS MO. 720 CLEAR (SCALE 0-3) 6
DPTR FM NORMAL 83 PTCLDY (SCALE 4-7) 10
TOTAL FM JUL 1 3297 CLOUDY (SCALE 8-10) 12
DPTR FM NORMAL -90
[CDD (BASE 65) ]
TOTAL THIS MO. 0
DPTR FM NORMAL 0 [PRESSURE DATA]
TOTAL FM JAN 1 0 HIGHEST SLP 30.55 ON 8
DPTR FM NORMAL 0 LOWEST SLP 29.38 ON 27
[REMARKS]
#FINAL-02-23#