000
CXUS54 KJAN 011414
CF6HKS
PRELIMINARY LOCAL CLIMATOLOGICAL DATA (WS FORM: F-6)
STATION: JACKSON HAWKINS
MONTH: JUNE
YEAR: 2020
LATITUDE: 32 20 N
LONGITUDE: 90 14 W
TEMPERATURE IN F: :PCPN: SNOW: WIND :SUNSHINE: SKY :PK WND
================================================================================
1 2 3 4 5 6A 6B 7 8 9 10 11 12 13 14 15 16 17 18
12Z AVG MX 2MIN
DY MAX MIN AVG DEP HDD CDD WTR SNW DPTH SPD SPD DIR MIN PSBL S-S WX SPD DR
================================================================================
1 87 69 78 1 0 13 0.00 0.0 0 3.9 9 100 M M 0 15 80
2 89 70 80 3 0 15 0.00 0.0 0 5.0 13 170 M M 0 18 170
3 87 72 80 3 0 15 0.05 0.0 0 5.7 17 140 M M 3 13 26 140
4 89 70 80 3 0 15 T 0.0 0 4.8 13 220 M M 5 1 26 240
5 93 69 81 3 0 16 0.43 0.0 0 5.9 24 40 M M 2 13 41 50
6 89 68 79 1 0 14 0.00 0.0 0 6.1 14 80 M M 2 1 21 100
7 87 74 81 3 0 16 0.35 0.0 0 11.7 20 70 M M 7 1 34 50
8 83 73 78 0 0 13 3.37 0.0 0 13.5 30 240 M M 9 138 42 50
9 93 76 85 7 0 20 0.00 0.0 0 10.1 18 220 M M 6 25 220
10 88 68 78 0 0 13 0.11 0.0 0 8.0 21 280 M M 4 1 32 300
11 84 64 74 -5 0 9 0.00 0.0 0 4.5 14 360 M M 1 20 20
12 88 62 75 -4 0 10 0.00 0.0 0 5.6 17 40 M M 0 29 40
13 90 68 79 0 0 14 0.00 0.0 0 5.2 13 20 M M 0 21 40
14 91 68 80 1 0 15 T 0.0 0 2.7 10 70 M M 2 17 40
15 92 68 80 1 0 15 0.00 0.0 0 3.6 10 350 M M 0 18 16 320
16 86 66 76 -4 0 11 0.00 0.0 0 4.0 13 70 M M 1 22 60
17 88 65 77 -3 0 12 0.00 0.0 0 1.5 7 360 M M 1 18 12 80
18 90 65 78 -2 0 13 0.00 0.0 0 1.6 8 290 M M 2 18 13 290
19 92 68 80 0 0 15 0.00 0.0 0 1.2 9 210 M M 2 14 220
20 92 71 82 2 0 17 T 0.0 0 3.9 9 260 M M 3 15 140
21 92 72 82 2 0 17 0.48 0.0 0 5.2 23 290 M M 2 3 37 37
22 86 70 78 -2 0 13 0.85 0.0 0 8.4 30 190 M M 3 13 42 170
23 90 73 82 1 0 17 T 0.0 0 6.8 25 180 M M 4 3 35 140
24 86 72 79 -2 0 14 0.01 0.0 0 4.6 14 220 M M 5 19 230
25 86 69 78 -3 0 13 1.11 0.0 0 3.8 28 280 M M 3 138 39 270
26 83 69 76 -5 0 11 0.02 0.0 0 3.7 9 140 M M 8 18 14 120
27 91 77 84 3 0 19 0.00 0.0 0 6.9 17 220 M M 4 13 26 240
28 92 77 85 4 0 20 T 0.0 0 6.7 13 210 M M 4 19 200
29 92 75 84 3 0 19 0.00 0.0 0 5.7 12 170 M M 2 16 170
30 90 77 84 3 0 19 0.01 0.0 0 5.9 17 230 M M 1 18 24 250
================================================================================
SM 2666 2105 0 443 6.79 0.0 166.2 M 86
================================================================================
AV 88.9 70.2 5.5 FASTST M M 3 MAX(MPH)
MISC ----> # 30 240 # 42 50
================================================================================
NOTES:
# LAST OF SEVERAL OCCURRENCES
COLUMN 17 PEAK WIND IN M.P.H.
PRELIMINARY LOCAL CLIMATOLOGICAL DATA (WS FORM: F-6) , PAGE 2
STATION: JACKSON HAWKINS
MONTH: JUNE
YEAR: 2020
LATITUDE: 32 20 N
LONGITUDE: 90 14 W
[TEMPERATURE DATA] [PRECIPITATION DATA] SYMBOLS USED IN COLUMN 16
AVERAGE MONTHLY: 79.5 TOTAL FOR MONTH: 6.79 1 = FOG OR MIST
DPTR FM NORMAL: 0.2 DPTR FM NORMAL: 2.66 2 = FOG REDUCING VISIBILITY
HIGHEST: 93 ON 9, 5 GRTST 24HR 3.37 ON 8- 8 TO 1/4 MILE OR LESS
LOWEST: 62 ON 12 3 = THUNDER
SNOW, ICE PELLETS, HAIL 4 = ICE PELLETS
TOTAL MONTH: 0.0 INCH 5 = HAIL
GRTST 24HR 0.0 6 = FREEZING RAIN OR DRIZZLE
GRTST DEPTH: 0 7 = DUSTSTORM OR SANDSTORM:
VSBY 1/2 MILE OR LESS
8 = SMOKE OR HAZE
[NO. OF DAYS WITH] [WEATHER - DAYS WITH] 9 = BLOWING SNOW
X = TORNADO
MAX 32 OR BELOW: 0 0.01 INCH OR MORE: 11
MAX 90 OR ABOVE: 14 0.10 INCH OR MORE: 7
MIN 32 OR BELOW: 0 0.50 INCH OR MORE: 3
MIN 0 OR BELOW: 0 1.00 INCH OR MORE: 2
[HDD (BASE 65) ]
TOTAL THIS MO. 0 CLEAR (SCALE 0-3) 20
DPTR FM NORMAL 0 PTCLDY (SCALE 4-7) 9
TOTAL FM JUL 1 1776 CLOUDY (SCALE 8-10) 1
DPTR FM NORMAL -442
[CDD (BASE 65) ]
TOTAL THIS MO. 443
DPTR FM NORMAL 14 [PRESSURE DATA]
TOTAL FM JAN 1 903 HIGHEST SLP M ON M
DPTR FM NORMAL 96 LOWEST SLP 29.40 ON 8
[REMARKS]
#FINAL-06-20#