000
CXUS52 KGSP 261529
CF6HKY
PRELIMINARY LOCAL CLIMATOLOGICAL DATA (WS FORM: F-6)
STATION: HICKORY NC
MONTH: MARCH
YEAR: 2021
LATITUDE: 35 45 N
LONGITUDE: 81 23 W
TEMPERATURE IN F: :PCPN: SNOW: WIND :SUNSHINE: SKY :PK WND
================================================================================
1 2 3 4 5 6A 6B 7 8 9 10 11 12 13 14 15 16 17 18
12Z AVG MX 2MIN
DY MAX MIN AVG DEP HDD CDD WTR SNW DPTH SPD SPD DIR MIN PSBL S-S WX SPD DR
================================================================================
1 66 44 55 9 10 0 0.09 M M 8.8 22 200 M M 6 1 32 190
2 48 34 41 -5 24 0 0.00 M M 2.7 10 340 M M 0 13 340
3 64 31 48 2 17 0 0.00 M M 2.4 10 240 M M 2 13 270
4 67 41 54 8 11 0 0.00 M M 8.2 21 280 M M 0 28 310
5 57 36 47 0 18 0 0.00 M M 7.0 16 340 M M 0 23 330
6 56 35 46 -1 19 0 0.00 M M 4.1 14 280 M M 0 18 280
7 54 25 40 -7 25 0 0.00 M M 4.5 17 330 M M 1 24 340
8 63 24 44 -4 21 0 0.00 M M 2.8 13 190 M M 0 17 200
9 69 32 51 3 14 0 0.00 M M 3.5 13 200 M M 0 16 200
10 71 35 53 5 12 0 0.00 M M 4.3 17 190 M M 0 21 210
11 72 49 61 13 4 0 0.00 M M 8.6 18 200 M M 0 8 26 190
12 77 47 62 13 3 0 T M M 4.2 13 320 M M 4 18 320
13 63 51 57 8 8 0 T M M 2.1 9 70 M M 10 12 70
14 69 45 57 8 8 0 T M M 4.7 14 270 M M 5 12 20 320
15 57 49 53 3 12 0 T M M 5.3 13 70 M M 9 16 70
16 49 38 44 -6 21 0 0.33 M M 1.8 9 310 M M 10 18 12 300
17 55 42 49 -1 16 0 0.56 M M 1.8 9 70 M M 9 128 11 60
18 61 48 55 5 10 0 0.74 M M 4.0 16 280 M M 9 123 21 280
19 56 39 48 -3 17 0 0.05 M M 8.5 21 40 M M 6 1 29 50
20 56 30 43 -8 22 0 T M M 8.8 17 60 M M 2 22 60
21 64 41 53 2 12 0 T M M 8.9 17 60 M M 5 23 20
22 67 41 54 2 11 0 0.00 M M 6.4 17 50 M M 0 22 60
23 63 46 55 3 10 0 0.00 M M 5.2 13 60 M M 8 1 18 50
24 67 54 61 9 4 0 0.00 M M 3.1 12 210 M M 9 1 16 200
25 61 50 56 4 9 0 2.89 M M 2.2 18 290 M M 9 123 24 290
26 83 58 71 18 0 6 0.18 M M 3.5 13 200 M M 4 123 19 180
27 69 49 59 6 6 0 0.15 M M 3.1 20 310 M M 5 13 31 310
28 68 49 59 6 6 0 0.16 M M 9.6 24 280 M M 7 18 37 320
29 64 38 51 -3 14 0 0.00 M M 3.6 13 310 M M 0 20 310
30 70 37 54 0 11 0 0.00 M M 4.8 14 200 M M 1 19 190
31 63 50 57 3 8 0 0.82 M M 4.8 18 330 M M 8 18 31 320
================================================================================
SM 1969 1288 383 6 5.97 M 153.3 M 129
================================================================================
AV 63.5 41.5 4.9 FASTST M M 4 MAX(MPH)
MISC ----> 24 280 37 320
================================================================================
NOTES:
# LAST OF SEVERAL OCCURRENCES
COLUMN 17 PEAK WIND IN M.P.H.
PRELIMINARY LOCAL CLIMATOLOGICAL DATA (WS FORM: F-6) , PAGE 2
STATION: HICKORY NC
MONTH: MARCH
YEAR: 2021
LATITUDE: 35 45 N
LONGITUDE: 81 23 W
[TEMPERATURE DATA] [PRECIPITATION DATA] SYMBOLS USED IN COLUMN 16
AVERAGE MONTHLY: 52.5 TOTAL FOR MONTH: 5.97 1 = FOG OR MIST
DPTR FM NORMAL: 2.6 DPTR FM NORMAL: 1.73 2 = FOG REDUCING VISIBILITY
HIGHEST: 83 ON 26 GRTST 24HR 3.07 ON 25-26 TO 1/4 MILE OR LESS
LOWEST: 24 ON 8 3 = THUNDER
SNOW, ICE PELLETS, HAIL 4 = ICE PELLETS
TOTAL MONTH: M 5 = HAIL
GRTST 24HR M ON M 6 = FREEZING RAIN OR DRIZZLE
GRTST DEPTH: M ON M 7 = DUSTSTORM OR SANDSTORM:
VSBY 1/2 MILE OR LESS
8 = SMOKE OR HAZE
[NO. OF DAYS WITH] [WEATHER - DAYS WITH] 9 = BLOWING SNOW
X = TORNADO
MAX 32 OR BELOW: 0 0.01 INCH OR MORE: 10
MAX 90 OR ABOVE: 0 0.10 INCH OR MORE: 8
MIN 32 OR BELOW: 5 0.50 INCH OR MORE: 4
MIN 0 OR BELOW: 0 1.00 INCH OR MORE: 1
[HDD (BASE 65) ]
TOTAL THIS MO. 383 CLEAR (SCALE 0-3) 14
DPTR FM NORMAL -89 PTCLDY (SCALE 4-7) 9
TOTAL FM JUL 1 3043 CLOUDY (SCALE 8-10) 8
DPTR FM NORMAL -284
[CDD (BASE 65) ]
TOTAL THIS MO. 6
DPTR FM NORMAL 3 [PRESSURE DATA]
TOTAL FM JAN 1 6 HIGHEST SLP 30.52 ON 8
DPTR FM NORMAL 3 LOWEST SLP 29.53 ON 18
[REMARKS]
#FINAL-03-21#