000
CXUS56 KTFX 011110
CF6HLN
PRELIMINARY LOCAL CLIMATOLOGICAL DATA (WS FORM: F-6)
STATION: HELENA MT
MONTH: AUGUST
YEAR: 2022
LATITUDE: 46 35 N
LONGITUDE: 112 0 W
TEMPERATURE IN F: :PCPN: SNOW: WIND :SUNSHINE: SKY :PK WND
================================================================================
1 2 3 4 5 6A 6B 7 8 9 10 11 12 13 14 15 16 17 18
12Z AVG MX 2MIN
DY MAX MIN AVG DEP HDD CDD WTR SNW DPTH SPD SPD DIR MIN PSBL S-S WX SPD DR
================================================================================
1 102 63 83 11 0 18 0.00 0.0 0 9.2 24 280 M M 0 34 250
2 92 68 80 8 0 15 0.00 0.0 0 13.5 30 300 M M 0 8 43 290
3 95 59 77 5 0 12 0.00 0.0 0 10.3 30 290 M M 0 48 300
4 99 59 79 7 0 14 0.00 0.0 0 9.5 28 290 M M 1 43 220
5 90 65 78 6 0 13 0.00 0.0 0 7.9 21 30 M M 0 28 330
6 73 54 64 -8 1 0 0.01 0.0 0 8.5 20 100 M M 4 3 26 90
7 90 47 69 -2 0 4 0.00 0.0 0 4.2 16 260 M M 0 21 260
8 98 54 76 5 0 11 0.00 0.0 0 6.1 21 260 M M 0 29 270
9 97 58 78 7 0 13 0.00 0.0 0 5.2 12 250 M M 0 16 40
10 93 64 79 8 0 14 T 0.0 0 5.0 18 260 M M 2 24 260
11 96 63 80 10 0 15 0.02 0.0 0 5.8 29 190 M M 2 3 44 180
12 97 66 82 12 0 17 T 0.0 0 6.7 31 320 M M 1 3 41 330
13 95 60 78 8 0 13 0.12 0.0 0 5.9 25 120 M M 1 38 33 120
14 94 58 76 6 0 11 0.00 0.0 0 7.7 26 300 M M 0 33 310
15 95 58 77 8 0 12 0.00 0.0 0 3.6 13 60 M M 0 17 320
16 99 57 78 9 0 13 0.00 0.0 0 5.0 21 300 M M 0 28 290
17 93 59 76 7 0 11 0.00 0.0 0 5.9 13 20 M M 0 18 30
18 95 65 80 12 0 15 0.00 0.0 0 7.5 14 350 M M 0 19 350
19 94 61 78 10 0 13 0.00 0.0 0 4.3 12 20 M M 0 18 30
20 93 59 76 8 0 11 T 0.0 0 5.4 24 170 M M 0 32 170
21 91 66 79 12 0 14 0.01 0.0 0 3.8 10 260 M M 1 16 40
22 92 59 76 9 0 11 0.00 0.0 0 4.8 21 260 M M 0 3 29 260
23 87 59 73 6 0 8 0.00 0.0 0 5.1 20 310 M M 1 3 26 310
24 83 60 72 6 0 7 0.09 0.0 0 9.1 24 280 M M 6 3 33 280
25 83 59 71 5 0 6 0.13 0.0 0 7.4 16 100 M M 3 13 25 120
26 84 57 71 5 0 6 0.10 0.0 0 5.5 32 300 M M 1 138 41 290
27 85 54 70 4 0 5 0.00 0.0 0 9.1 30 280 M M 2 40 310
28 78 57 68 3 0 3 0.00 0.0 0 11.8 23 270 M M 1 34 280
29 88 50 69 4 0 4 0.00 0.0 0 3.6 13 60 M M 0 17 70
30 94 53 74 10 0 9 0.00 0.0 0 3.1 12 300 M M 0 16 300
31 97 56 77 13 0 12 0.00 0.0 0 3.1 13 10 M M 0 8 18 10
================================================================================
SM 2842 1827 1 330 0.48 0.0 203.6 M 26
================================================================================
AV 91.7 58.9 6.6 FASTST M M 1 MAX(MPH)
MISC ----> 32 300 48 300
================================================================================
NOTES:
# LAST OF SEVERAL OCCURRENCES
COLUMN 17 PEAK WIND IN M.P.H.
PRELIMINARY LOCAL CLIMATOLOGICAL DATA (WS FORM: F-6) , PAGE 2
STATION: HELENA MT
MONTH: AUGUST
YEAR: 2022
LATITUDE: 46 35 N
LONGITUDE: 112 0 W
[TEMPERATURE DATA] [PRECIPITATION DATA] SYMBOLS USED IN COLUMN 16
AVERAGE MONTHLY: 75.3 TOTAL FOR MONTH: 0.48 1 = FOG OR MIST
DPTR FM NORMAL: 6.5 DPTR FM NORMAL: -0.56 2 = FOG REDUCING VISIBILITY
HIGHEST: 102 ON 1 GRTST 24HR 0.21 ON 24-25 TO 1/4 MILE OR LESS
LOWEST: 47 ON 7 3 = THUNDER
SNOW, ICE PELLETS, HAIL 4 = ICE PELLETS
TOTAL MONTH: 0.0 INCH 5 = HAIL
GRTST 24HR 0.0 6 = FREEZING RAIN OR DRIZZLE
GRTST DEPTH: 0 7 = DUSTSTORM OR SANDSTORM:
VSBY 1/2 MILE OR LESS
8 = SMOKE OR HAZE
[NO. OF DAYS WITH] [WEATHER - DAYS WITH] 9 = BLOWING SNOW
X = TORNADO
MAX 32 OR BELOW: 0 0.01 INCH OR MORE: 7
MAX 90 OR ABOVE: 23 0.10 INCH OR MORE: 3
MIN 32 OR BELOW: 0 0.50 INCH OR MORE: 0
MIN 0 OR BELOW: 0 1.00 INCH OR MORE: 0
[HDD (BASE 65) ]
TOTAL THIS MO. 1 CLEAR (SCALE 0-3) 28
DPTR FM NORMAL -39 PTCLDY (SCALE 4-7) 3
TOTAL FM JUL 1 2 CLOUDY (SCALE 8-10) 0
DPTR FM NORMAL -59
[CDD (BASE 65) ]
TOTAL THIS MO. 330
DPTR FM NORMAL 174 [PRESSURE DATA]
TOTAL FM JAN 1 668 HIGHEST SLP 30.24 ON 7
DPTR FM NORMAL 263 LOWEST SLP 29.57 ON 27
[REMARKS]
#FINAL-08-22#