000
CXUS56 KTFX 011110
CF6HLN
PRELIMINARY LOCAL CLIMATOLOGICAL DATA (WS FORM: F-6)
STATION: HELENA MT
MONTH: JULY
YEAR: 2023
LATITUDE: 46 35 N
LONGITUDE: 112 0 W
TEMPERATURE IN F: :PCPN: SNOW: WIND :SUNSHINE: SKY :PK WND
================================================================================
1 2 3 4 5 6A 6B 7 8 9 10 11 12 13 14 15 16 17 18
12Z AVG MX 2MIN
DY MAX MIN AVG DEP HDD CDD WTR SNW DPTH SPD SPD DIR MIN PSBL S-S WX SPD DR
================================================================================
1 87 60 74 8 0 9 0.05 0.0 0 4.8 36 290 M M 0 3 48 290
2 89 53 71 4 0 6 0.00 0.0 0 10.0 25 280 M M 0 34 310
3 79 55 67 0 0 2 0.00 0.0 0 9.1 17 360 M M 1 23 350
4 72 54 63 -5 2 0 T 0.0 0 8.1 21 330 M M 5 28 330
5 81 47 64 -4 1 0 0.00 0.0 0 5.2 14 100 M M 0 23 80
6 81 55 68 0 0 3 0.34 0.0 0 4.7 24 50 M M 2 3 30 60
7 83 50 67 -2 0 2 0.00 0.0 0 5.0 25 190 M M 1 3 36 190
8 88 53 71 2 0 6 0.00 0.0 0 3.6 13 260 M M 0 16 250
9 90 57 74 5 0 9 0.00 0.0 0 3.7 18 350 M M 1 3 24 360
10 85 59 72 2 0 7 0.15 0.0 0 5.3 40 270 M M 2 3 56 280
11 85 59 72 2 0 7 0.02 0.0 0 9.4 24 290 M M 2 33 280
12 89 55 72 2 0 7 0.00 0.0 0 7.8 21 290 M M 0 27 300
13 86 61 74 4 0 9 T 0.0 0 8.4 22 330 M M 2 31 310
14 86 54 70 -1 0 5 0.00 0.0 0 4.6 18 290 M M 3 8 29 250
15 91 55 73 2 0 8 0.00 0.0 0 6.2 20 280 M M 1 8 26 270
16 96 59 78 7 0 13 0.00 0.0 0 5.6 20 270 M M 0 28 270
17 93 59 76 4 0 11 0.00 0.0 0 7.4 24 290 M M 1 3 37 280
18 87 58 73 1 0 8 0.00 0.0 0 11.6 24 290 M M 0 37 300
19 88 53 71 -1 0 6 0.00 0.0 0 5.7 12 260 M M 0 16 10
20 95 56 76 4 0 11 0.00 0.0 0 5.3 22 200 M M 0 32 190
21 97 58 78 6 0 13 0.00 0.0 0 3.6 16 60 M M 0 22 260
22 103 60 82 10 0 17 0.00 0.0 0 4.0 17 300 M M 0 24 320
23 99 61 80 8 0 15 0.02 0.0 0 4.4 17 190 M M 0 3 24 160
24 94 65 80 8 0 15 0.00 0.0 0 7.3 22 190 M M 1 3 32 170
25 93 65 79 6 0 14 0.00 0.0 0 9.9 26 280 M M 0 33 320
26 89 61 75 2 0 10 0.00 0.0 0 8.3 23 290 M M 0 32 280
27 86 58 72 -1 0 7 0.04 0.0 0 4.9 21 340 M M 2 38 27 340
28 76 57 67 -6 0 2 0.04 0.0 0 5.9 14 190 M M 2 3 18 270
29 92 55 74 1 0 9 0.00 0.0 0 4.1 21 290 M M 0 26 280
30 95 63 79 7 0 14 0.00 0.0 0 5.7 25 180 M M 0 32 180
31 99 55 77 5 0 12 0.00 0.0 0 5.3 21 180 M M 1 28 170
================================================================================
SM 2754 1770 3 257 0.66 0.0 194.9 M 27
================================================================================
AV 88.8 57.1 6.3 FASTST M M 1 MAX(MPH)
MISC ----> 40 270 56 280
================================================================================
NOTES:
# LAST OF SEVERAL OCCURRENCES
COLUMN 17 PEAK WIND IN M.P.H.
PRELIMINARY LOCAL CLIMATOLOGICAL DATA (WS FORM: F-6) , PAGE 2
STATION: HELENA MT
MONTH: JULY
YEAR: 2023
LATITUDE: 46 35 N
LONGITUDE: 112 0 W
[TEMPERATURE DATA] [PRECIPITATION DATA] SYMBOLS USED IN COLUMN 16
AVERAGE MONTHLY: 73.0 TOTAL FOR MONTH: 0.66 1 = FOG OR MIST
DPTR FM NORMAL: 2.4 DPTR FM NORMAL: -0.40 2 = FOG REDUCING VISIBILITY
HIGHEST: 103 ON 22 GRTST 24HR 0.34 ON 6- 6 TO 1/4 MILE OR LESS
LOWEST: 47 ON 5 3 = THUNDER
SNOW, ICE PELLETS, HAIL 4 = ICE PELLETS
TOTAL MONTH: 0.0 INCH 5 = HAIL
GRTST 24HR 0.0 6 = FREEZING RAIN OR DRIZZLE
GRTST DEPTH: 0 7 = DUSTSTORM OR SANDSTORM:
VSBY 1/2 MILE OR LESS
8 = SMOKE OR HAZE
[NO. OF DAYS WITH] [WEATHER - DAYS WITH] 9 = BLOWING SNOW
X = TORNADO
MAX 32 OR BELOW: 0 0.01 INCH OR MORE: 7
MAX 90 OR ABOVE: 13 0.10 INCH OR MORE: 2
MIN 32 OR BELOW: 0 0.50 INCH OR MORE: 0
MIN 0 OR BELOW: 0 1.00 INCH OR MORE: 0
[HDD (BASE 65) ]
TOTAL THIS MO. 3 CLEAR (SCALE 0-3) 30
DPTR FM NORMAL -20 PTCLDY (SCALE 4-7) 1
TOTAL FM JUL 1 3 CLOUDY (SCALE 8-10) 0
DPTR FM NORMAL -18
[CDD (BASE 65) ]
TOTAL THIS MO. 257
DPTR FM NORMAL 60 [PRESSURE DATA]
TOTAL FM JAN 1 318 HIGHEST SLP 30.27 ON 4
DPTR FM NORMAL 69 LOWEST SLP 29.77 ON 17
[REMARKS]
#FINAL-07-23#