000
CXUS54 KMAF 011110
CF6HOB
PRELIMINARY LOCAL CLIMATOLOGICAL DATA (WS FORM: F-6)
STATION: LEA AIRPORT, HOBBS
MONTH: MAY
YEAR: 2021
LATITUDE: 32 40 N
LONGITUDE: 103-12 E
TEMPERATURE IN F: :PCPN: SNOW: WIND :SUNSHINE: SKY :PK WND
================================================================================
1 2 3 4 5 6A 6B 7 8 9 10 11 12 13 14 15 16 17 18
12Z AVG MX 2MIN
DY MAX MIN AVG DEP HDD CDD WTR SNW DPTH SPD SPD DIR MIN PSBL S-S WX SPD DR
================================================================================
1 75 52 64 M 1 0 0.00 M M 5.5 10 180 M M 3 1 17 220
2 90 54 72 M 0 7 0.00 M M 14.6 31 250 M M 1 35 230
3 82 50 66 M 0 1 0.00 M M 15.3 28 20 M M 3 45 360
4 68 48 58 M 7 0 0.00 M M 11.7 23 10 M M 4 32 10
5 84 50 67 M 0 2 0.00 M M 11.0 16 190 M M 0 23 160
6 82 55 69 M 0 4 0.00 M M 11.5 16 60 M M 0 26 50
7 91 57 74 M 0 9 0.00 M M 15.2 29 170 M M 1 37 180
8 91 59 75 M 0 10 0.00 M M 16.5 30 240 M M 1 38 250
9 82 54 68 M 0 3 0.00 M M 11.4 20 120 M M 0 25 100
10 73 52 63 M 2 0 0.00 M M 14.5 20 110 M M 5 28 110
11 61 50 56 M 9 0 0.34 M M 13.3 21 60 M M 10 13 26 60
12 68 46 57 M 8 0 0.00 M M 12.8 17 60 M M 6 24 60
13 77 46 62 M 3 0 0.00 M M 10.1 14 140 M M 4 22 160
14 86 54 70 M 0 5 0.03 M M 12.3 22 170 M M 2 29 170
15 86 59 73 M 0 8 0.16 M M 11.4 24 180 M M 2 31 180
16 90 57 74 M 0 9 0.00 M M 9.4 15 170 M M 3 25 170
17 88 63 76 M 0 11 0.00 M M 11.8 23 210 M M 4 32 210
18 81 61 71 M 0 6 0.00 M M 12.1 18 20 M M 3 28 20
19 77 54 66 M 0 1 0.00 M M 9.4 16 130 M M 4 3 28 130
20 90 59 75 M 0 10 0.00 M M 11.0 20 130 M M 4 12 26 130
21 90 63 77 M 0 12 0.00 M M 14.9 23 150 M M 1 30 120
22 82 66 74 M 0 9 0.00 M M 18.3 25 120 M M 5 35 120
23 84 64 74 M 0 9 0.00 M M 16.9 22 130 M M 5 32 130
24 90 64 77 M 0 12 0.00 M M 14.0 33 150 M M 4 44 150
25 93 63 78 M 0 13 0.00 M M 12.3 17 190 M M 2 25 170
26 93 64 79 M 0 14 0.01 M M 14.0 25 160 M M 2 36 160
27 93 66 80 M 0 15 0.00 M M 10.9 16 160 M M 1 25 130
28 84 59 72 M 0 7 0.02 M M 15.0 44 10 M M 4 3 55 10
29 84 55 70 M 0 5 0.00 M M 11.5 20 110 M M 0 31 110
30 79 63 71 M 0 6 0.00 M M 14.9 20 140 M M 7 30 140
31 73 55 64 M 1 0 0.00 M M 12.8 24 50 M M 7 26 40
================================================================================
SM 2567 1762 31 188 0.56 M 396.3 M 98
================================================================================
AV 82.8 56.8 12.8 FASTST M M 3 MAX(MPH)
MISC ----> 44 10 55 10
================================================================================
NOTES:
# LAST OF SEVERAL OCCURRENCES
COLUMN 17 PEAK WIND IN M.P.H.
PRELIMINARY LOCAL CLIMATOLOGICAL DATA (WS FORM: F-6) , PAGE 2
STATION: LEA AIRPORT, HOBBS
MONTH: MAY
YEAR: 2021
LATITUDE: 32 40 N
LONGITUDE: 103-12 E
[TEMPERATURE DATA] [PRECIPITATION DATA] SYMBOLS USED IN COLUMN 16
AVERAGE MONTHLY: 69.8 TOTAL FOR MONTH: 0.56 1 = FOG OR MIST
DPTR FM NORMAL: 0.0 DPTR FM NORMAL: M 2 = FOG REDUCING VISIBILITY
HIGHEST: 93 ON 27,26 GRTST 24HR 0.34 ON 11-11 TO 1/4 MILE OR LESS
LOWEST: 46 ON 13,12 3 = THUNDER
SNOW, ICE PELLETS, HAIL 4 = ICE PELLETS
TOTAL MONTH: M 5 = HAIL
GRTST 24HR M ON M 6 = FREEZING RAIN OR DRIZZLE
GRTST DEPTH: M ON M 7 = DUSTSTORM OR SANDSTORM:
VSBY 1/2 MILE OR LESS
8 = SMOKE OR HAZE
[NO. OF DAYS WITH] [WEATHER - DAYS WITH] 9 = BLOWING SNOW
X = TORNADO
MAX 32 OR BELOW: 0 0.01 INCH OR MORE: 5
MAX 90 OR ABOVE: 10 0.10 INCH OR MORE: 2
MIN 32 OR BELOW: 0 0.50 INCH OR MORE: 0
MIN 0 OR BELOW: 0 1.00 INCH OR MORE: 0
[HDD (BASE 65) ]
TOTAL THIS MO. 31 CLEAR (SCALE 0-3) 15
DPTR FM NORMAL M PTCLDY (SCALE 4-7) 15
TOTAL FM JUL 1 3265 CLOUDY (SCALE 8-10) 1
DPTR FM NORMAL M
[CDD (BASE 65) ]
TOTAL THIS MO. 188
DPTR FM NORMAL M [PRESSURE DATA]
TOTAL FM JAN 1 226 HIGHEST SLP M ON M
DPTR FM NORMAL M LOWEST SLP M ON M
[REMARKS]
#FINAL-05-21#