000
CXUS54 KLZK 011330
CF6HOT
PRELIMINARY LOCAL CLIMATOLOGICAL DATA (WS FORM: F-6)
STATION: HOT SPRINGS MEMORIAL FIELD
MONTH: FEBRUARY
YEAR: 2023
LATITUDE: 34 28 N
LONGITUDE: 93 6 W
TEMPERATURE IN F: :PCPN: SNOW: WIND :SUNSHINE: SKY :PK WND
================================================================================
1 2 3 4 5 6A 6B 7 8 9 10 11 12 13 14 15 16 17 18
12Z AVG MX 2MIN
DY MAX MIN AVG DEP HDD CDD WTR SNW DPTH SPD SPD DIR MIN PSBL S-S WX SPD DR
================================================================================
1 32 28 30 -14 35 0 0.04 M M 4.4 12 60 M M 9 16 13 60
2 37 30 34 -10 31 0 0.01 M M 3.8 10 340 M M 10 16 16 330
3 49 30 40 -4 25 0 0.00 M M 5.1 13 80 M M 0 1 16 50
4 52 25 39 -5 26 0 0.00 M M 3.9 12 180 M M 0 16 190
5 67 38 53 9 12 0 0.00 M M 3.9 13 250 M M 0 18 240
6 70 37 54 9 11 0 0.00 M M 6.3 17 190 M M 4 1 25 170
7 65 52 59 14 6 0 0.07 M M 4.3 13 70 M M 9 1 20 200
8 57 46 52 7 13 0 2.36 M M 9.6 25 240 M M 10 123 36 250
9 59 39 49 4 16 0 0.00 M M 5.8 21 240 M M 3 27 240
10 45 37 41 -4 24 0 0.04 M M 3.2 14 50 M M 9 1 20 40
11 54 33 44 -2 21 0 0.05 M M 5.1 14 60 M M 4 1 19 60
12 64 29 47 1 18 0 0.00 M M 3.5 12 250 M M 0 8 16 240
13 70 39 55 9 10 0 0.00 M M 3.8 9 300 M M 0 12 310
14 59 45 52 6 13 0 0.38 M M 8.3 24 250 M M 5 1 34 140
15 75 42 59 13 6 0 0.00 M M 6.3 15 180 M M 6 128 27 200
16 72 34 53 6 12 0 0.91 M M 11.1 25 240 M M 7 13 32 260
17 51 30 41 -6 24 0 0.00 M M 4.3 14 350 M M 3 21 350
18 53 25 39 -8 26 0 0.00 M M 3.6 13 200 M M 0 21 200
19 65 40 53 6 12 0 0.00 M M 7.4 20 230 M M 0 25 240
20 77 52 65 17 0 0 0.00 M M 7.2 23 230 M M 0 31 250
21 75 49 62 14 3 0 0.00 M M 5.4 16 190 M M 4 30 180
22 74 53 64 16 1 0 0.17 M M 9.4 24 260 M M 7 1 35 190
23 69 52 61 13 4 0 0.00 M M 5.7 14 310 M M 9 18 22 300
24 50 39 45 -4 20 0 3.13 M M 7.9 20 80 M M 10 13 26 80
25 48 40 44 -5 21 0 0.06 M M 0.6 6 140 M M 10 1 7 150
26 67 47 57 8 8 0 0.02 M M 4.6 17 190 M M 10 12 27 200
27 75 50 63 14 2 0 T M M 10.2 29 260 M M 3 18 42 240
28 81 40 61 11 4 0 0.00 M M 4.1 15 220 M M 0 24 200
================================================================================
SM 1712 1101 404 0 7.24 M 158.8 M 132
================================================================================
AV 61.1 39.3 5.7 FASTST M M 5 MAX(MPH)
MISC ----> 29 260 42 240
================================================================================
NOTES:
# LAST OF SEVERAL OCCURRENCES
COLUMN 17 PEAK WIND IN M.P.H.
PRELIMINARY LOCAL CLIMATOLOGICAL DATA (WS FORM: F-6) , PAGE 2
STATION: HOT SPRINGS MEMORIAL FIELD
MONTH: FEBRUARY
YEAR: 2023
LATITUDE: 34 28 N
LONGITUDE: 93 6 W
[TEMPERATURE DATA] [PRECIPITATION DATA] SYMBOLS USED IN COLUMN 16
AVERAGE MONTHLY: 50.2 TOTAL FOR MONTH: 7.24 1 = FOG OR MIST
DPTR FM NORMAL: 3.8 DPTR FM NORMAL: 3.14 2 = FOG REDUCING VISIBILITY
HIGHEST: 81 ON 28 GRTST 24HR 3.13 ON 24-24 TO 1/4 MILE OR LESS
LOWEST: 25 ON 4,18 3 = THUNDER
SNOW, ICE PELLETS, HAIL 4 = ICE PELLETS
TOTAL MONTH: M 5 = HAIL
GRTST 24HR M ON M 6 = FREEZING RAIN OR DRIZZLE
GRTST DEPTH: M ON M 7 = DUSTSTORM OR SANDSTORM:
VSBY 1/2 MILE OR LESS
8 = SMOKE OR HAZE
[NO. OF DAYS WITH] [WEATHER - DAYS WITH] 9 = BLOWING SNOW
X = TORNADO
MAX 32 OR BELOW: 1 0.01 INCH OR MORE: 12
MAX 90 OR ABOVE: 0 0.10 INCH OR MORE: 5
MIN 32 OR BELOW: 7 0.50 INCH OR MORE: 3
MIN 0 OR BELOW: 0 1.00 INCH OR MORE: 2
[HDD (BASE 65) ]
TOTAL THIS MO. 404 CLEAR (SCALE 0-3) 12
DPTR FM NORMAL -118 PTCLDY (SCALE 4-7) 7
TOTAL FM JUL 1 2071 CLOUDY (SCALE 8-10) 9
DPTR FM NORMAL -290
[CDD (BASE 65) ]
TOTAL THIS MO. 0
DPTR FM NORMAL -2 [PRESSURE DATA]
TOTAL FM JAN 1 3 HIGHEST SLP 30.60 ON 3
DPTR FM NORMAL 2 LOWEST SLP 29.57 ON 27
[REMARKS]
#FINAL-02-23#