000
CXUS54 KLZK 011410
CF6HOT
PRELIMINARY LOCAL CLIMATOLOGICAL DATA (WS FORM: F-6)
STATION: HOT SPRINGS MEMORIAL FIELD
MONTH: JULY
YEAR: 2022
LATITUDE: 34 28 N
LONGITUDE: 93 6 W
TEMPERATURE IN F: :PCPN: SNOW: WIND :SUNSHINE: SKY :PK WND
================================================================================
1 2 3 4 5 6A 6B 7 8 9 10 11 12 13 14 15 16 17 18
12Z AVG MX 2MIN
DY MAX MIN AVG DEP HDD CDD WTR SNW DPTH SPD SPD DIR MIN PSBL S-S WX SPD DR
================================================================================
1 94 73 84 2 0 19 0.00 M M 5.1 13 150 M M 2 17 140
2 87 76 82 0 0 17 0.00 M M 4.6 12 100 M M 7 16 130
3 93 75 84 2 0 19 0.00 M M 3.5 10 180 M M 6 14 180
4 100 76 88 6 0 23 0.00 M M 5.2 14 220 M M 3 1 19 240
5 100 75 88 6 0 23 0.00 M M 4.8 13 180 M M 1 17 240
6 101 75 88 6 0 23 0.00 M M 4.3 14 250 M M 0 8 19 250
7 101 76 89 7 0 24 0.00 M M 5.5 15 180 M M 0 20 190
8 104 79 92 10 0 27 0.00 M M 4.5 14 220 M M 1 23 230
9 105 82 94 12 0 29 0.00 M M 4.9 17 70 M M 2 22 60
10 92 75 84 2 0 19 0.00 M M 6.9 18 70 M M 3 22 80
11 99 69 84 1 0 19 0.00 M M 3.5 14 90 M M 0 18 80
12 104 70 87 4 0 22 T M M 6.1 40 80 M M 1 3 49 80
13 100 72 86 3 0 21 0.35 M M 3.6 16 40 M M 2 123 22 50
14 97 73 85 2 0 20 0.00 M M 5.0 14 90 M M 2 1 20 140
15 96 72 84 1 0 19 0.00 M M 4.0 15 120 M M 1 18 130
16 101 72 87 4 0 22 0.00 M M 4.0 13 170 M M 0 18 130
17 101 80 91 8 0 26 0.00 M M 6.3 17 240 M M 0 21 240
18 103 75 89 6 0 24 0.03 M M 5.4 15 230 M M 2 3 21 230
19 103 79 91 8 0 26 0.00 M M 8.1 18 250 M M 1 24 240
20 102 82 92 9 0 27 0.00 M M 6.4 15 240 M M 0 21 230
21 104 74 89 6 0 24 0.00 M M 6.1 24 250 M M 1 33 240
22 100 74 87 4 0 22 0.00 M M 3.5 15 240 M M 0 19 240
23 99 73 86 3 0 21 0.00 M M 4.0 13 210 M M 0 18 180
24 101 78 90 7 0 25 0.00 M M 6.7 16 240 M M 1 21 230
25 103 78 91 8 0 26 0.00 M M 5.4 16 150 M M 1 21 90
26 102 80 91 8 0 26 0.00 M M 7.4 15 210 M M 1 21 200
27 99 80 90 7 0 25 0.00 M M 7.3 17 60 M M 2 3 24 30
28 99 80 90 7 0 25 0.00 M M 6.1 18 70 M M 1 38 31 270
29 89 75 82 -1 0 17 0.00 M M 5.4 15 50 M M 3 20 50
30 88 73 81 -2 0 16 0.00 M M 4.7 15 40 M M 6 3 21 60
31 84 73 79 -4 0 14 M M M 3.9 9 240 M M 4 128 M M
================================================================================
SM 3051 2344 0 690 0.38 M 162.2 M 54
================================================================================
AV 98.4 75.6 5.2 FASTST M M 2 MAX(MPH)
MISC ----> 40 80 49 80
================================================================================
NOTES:
# LAST OF SEVERAL OCCURRENCES
COLUMN 17 PEAK WIND IN M.P.H.
PRELIMINARY LOCAL CLIMATOLOGICAL DATA (WS FORM: F-6) , PAGE 2
STATION: HOT SPRINGS MEMORIAL FIELD
MONTH: JULY
YEAR: 2022
LATITUDE: 34 28 N
LONGITUDE: 93 6 W
[TEMPERATURE DATA] [PRECIPITATION DATA] SYMBOLS USED IN COLUMN 16
AVERAGE MONTHLY: 87.0 TOTAL FOR MONTH: 0.38 1 = FOG OR MIST
DPTR FM NORMAL: 4.2 DPTR FM NORMAL: -3.61 2 = FOG REDUCING VISIBILITY
HIGHEST: 105 ON 9 GRTST 24HR 0.35 ON 12-13 TO 1/4 MILE OR LESS
LOWEST: 69 ON 11 3 = THUNDER
SNOW, ICE PELLETS, HAIL 4 = ICE PELLETS
TOTAL MONTH: M 5 = HAIL
GRTST 24HR M ON M 6 = FREEZING RAIN OR DRIZZLE
GRTST DEPTH: M ON M 7 = DUSTSTORM OR SANDSTORM:
VSBY 1/2 MILE OR LESS
8 = SMOKE OR HAZE
[NO. OF DAYS WITH] [WEATHER - DAYS WITH] 9 = BLOWING SNOW
X = TORNADO
MAX 32 OR BELOW: 0 0.01 INCH OR MORE: 2
MAX 90 OR ABOVE: 27 0.10 INCH OR MORE: 1
MIN 32 OR BELOW: 0 0.50 INCH OR MORE: 0
MIN 0 OR BELOW: 0 1.00 INCH OR MORE: 0
[HDD (BASE 65) ]
TOTAL THIS MO. 0 CLEAR (SCALE 0-3) 27
DPTR FM NORMAL 0 PTCLDY (SCALE 4-7) 4
TOTAL FM JUL 1 0 CLOUDY (SCALE 8-10) 0
DPTR FM NORMAL 0
[CDD (BASE 65) ]
TOTAL THIS MO. 690
DPTR FM NORMAL 140 [PRESSURE DATA]
TOTAL FM JAN 1 1499 HIGHEST SLP M ON M
DPTR FM NORMAL 234 LOWEST SLP 29.76 ON 19
[REMARKS]
#FINAL-07-22#