000
CXUS54 KHGX 010720
CLMHOU
CLIMATE REPORT
NATIONAL WEATHER SERVICE HOUSTON/GALVESTON TX
220 AM CDT SAT APR 01 2023
...................................
...THE HOUSTON/HOBBY AIRPORT CLIMATE SUMMARY FOR THE MONTH OF MARCH 2023...
CLIMATE NORMAL PERIOD: 1991 TO 2020
CLIMATE RECORD PERIOD: 1930 TO 2023
WEATHER OBSERVED NORMAL DEPART LAST YEAR`S
VALUE DATE(S) VALUE FROM VALUE DATE(S)
NORMAL
................................................................
TEMPERATURE (F)
RECORD
HIGH 96 03/30/1946
LOW 22 03/03/1943
HIGHEST 87 03/11 MM MM 85 03/26
03/25
03/27
LOWEST 44 03/20 MM MM 32 03/12
AVG. MAXIMUM 77.6 73.4 4.2 74.5
AVG. MINIMUM 61.2 55.9 5.3 51.7
MEAN 69.4 64.7 4.7 63.1
DAYS MAX >= 90 0 0.0 0.0 0
DAYS MAX <= 32 0 0.0 0.0 0
DAYS MIN <= 32 0 0.4 -0.4 1
DAYS MIN <= 0 0 0.0 0.0 0
PRECIPITATION (INCHES)
RECORD
MAXIMUM 8.77 2007
TOTALS 1.78 3.28 -1.50
DAILY AVG. 0.06 0.11 -0.05 0.08
DAYS >= .01 7 8.3 -1.3 9
DAYS >= .10 2 4.4 -2.4 5
DAYS >= .50 1 2.0 -1.0 1
DAYS >= 1.00 1 1.1 -0.1 1
GREATEST
24 HR. TOTAL 1.55 03/17 TO 03/17 1.24 03/22 TO 03/22
SNOWFALL (INCHES)
RECORDS
TOTAL MM MM
TOTALS 0.0
SINCE 7/1 0.0
LIQUID 7/1 0.00
DAYS >= TRACE 0
GREATEST
24 HR TOTAL MM
DEGREE DAYS
HEATING TOTAL 52 101 -49 123
SINCE 7/1 864 1076 -212 MM
COOLING TOTAL 197 90 107 72
SINCE 1/1 375 142 233 MM
................................................................
WIND (MPH)
AVERAGE WIND SPEED 11.7
HIGHEST WIND SPEED/DIRECTION 242/180 DATE 03/24
HIGHEST GUST SPEED/DIRECTION 46/280 DATE 03/17
SKY COVER
AVERAGE SKY COVER 0.70
AVERAGE RH (PERCENT) 65
WEATHER CONDITIONS. NUMBER OF DAYS WITH
THUNDERSTORM 3 MIXED PRECIP 0
HEAVY RAIN 2 RAIN 1
LIGHT RAIN 14 FREEZING RAIN 0
LT FREEZING RAIN 0 HAIL 0
HEAVY SNOW 0 SNOW 0
LIGHT SNOW 0 SLEET 0
FOG 16 FOG W/VIS <= 1/4 MILE 1
HAZE 6
- INDICATES NEGATIVE NUMBERS.
R INDICATES RECORD WAS SET OR TIED.
MM INDICATES DATA IS MISSING.
T INDICATES TRACE AMOUNT.
$$