000
CXUS55 KSEW 011030
CF6HQM
PRELIMINARY LOCAL CLIMATOLOGICAL DATA (WS FORM: F-6)
STATION: HOQUIAM WA AIRPORT
MONTH: DECEMBER
YEAR: 2022
LATITUDE: 46 58 N
LONGITUDE: 123 56 W
TEMPERATURE IN F: :PCPN: SNOW: WIND :SUNSHINE: SKY :PK WND
================================================================================
1 2 3 4 5 6A 6B 7 8 9 10 11 12 13 14 15 16 17 18
12Z AVG MX 2MIN
DY MAX MIN AVG DEP HDD CDD WTR SNW DPTH SPD SPD DIR MIN PSBL S-S WX SPD DR
================================================================================
1 40 31 36 -7 29 0 0.03 M M 6.2 14 110 M M 7 1 18 80
2 43 31 37 -6 28 0 0.09 M M 14.8 24 110 M M 10 1 34 80
3 45 37 41 -2 24 0 T M M 16.7 24 80 M M 4 34 80
4 43 36 40 -3 25 0 0.24 M M 9.6 23 80 M M 7 35 80
5 43 36 40 -3 25 0 0.00 M M 4.6 10 70 M M 10 1 14 110
6 45 39 42 0 23 0 0.13 M M 4.0 9 180 M M 10 1 11 180
7 46 42 44 2 21 0 0.09 M M 8.5 17 120 M M 10 1 21 120
8 46 39 43 1 22 0 0.49 M M 6.4 18 190 M M 9 1 23 190
9 44 39 42 0 23 0 1.06 M M 12.6 24 80 M M 9 1 34 90
10 51 41 46 4 19 0 0.90 M M 10.3 36 180 M M 9 1 51 200
11 50 37 44 2 21 0 0.10 M M 2.2 10 290 M M 7 1 14 300
12 47 40 44 2 21 0 0.00 M M 1.1 8 110 M M 10 10 350
13 46 40 43 1 22 0 0.00 M M 3.7 8 80 M M 9 1 10 100
14 46 40 43 1 22 0 0.00 M M 6.2 16 110 M M 10 19 110
15 47 38 43 1 22 0 0.00 M M 7.0 14 70 M M 3 20 80
16 45 30 38 -4 27 0 0.00 M M 6.3 13 120 M M 2 1 19 80
17 47 30 39 -3 26 0 0.04 M M 6.3 17 300 M M 9 12 24 290
18 45 35 40 -2 25 0 0.13 M M 6.0 18 300 M M 10 1 25 280
19 39 35 37 -5 28 0 0.05 M M 6.3 14 80 M M 10 1 19 80
20 49 36 43 1 22 0 0.61 M M 12.2 33 220 M M 9 1 44 220
21 38 27 33 -9 32 0 0.00 M M 11.7 26 80 M M 5 36 70
22 30 25 28 -14 37 0 T M M 22.2 29 80 M M 6 6 45 70
23 43 28 36 -6 29 0 0.60 M M 10.9 25 80 M M 10 16 40 80
24 55 42 49 7 16 0 1.45 M M 19.9 39 190 M M 10 1 57 190
25 M M M M M M 1.03 M M 10.8 35 180 M M 10 1 47 170
26 M M M M M M 1.58 M M 18.9 40 180 M M 10 18 67 190
27 M M M M M M 1.31 M M 22.2 38 290 M M 10 1 55 290
28 M 43 M M M M 0.07 M M 8.0 24 270 M M 7 1 33 270
29 48 44 46 4 19 0 0.75 M M 10.9 20 90 M M 10 1 27 120
30 M 48 M M M M 0.34 M M 17.8 28 230 M M 10 18 41 230
31 M M M M M M 0.05 M M 6.5 16 250 M M 6 8 21 250
================================================================================
SM 1121 989 608 0 11.14 M 310.8 M 258
================================================================================
AV 44.8 36.6 10.0 FASTST M M 8 MAX(MPH)
MISC ----> 40 180 67 190
================================================================================
NOTES:
# LAST OF SEVERAL OCCURRENCES
COLUMN 17 PEAK WIND IN M.P.H.
PRELIMINARY LOCAL CLIMATOLOGICAL DATA (WS FORM: F-6) , PAGE 2
STATION: HOQUIAM WA AIRPORT
MONTH: DECEMBER
YEAR: 2022
LATITUDE: 46 58 N
LONGITUDE: 123 56 W
[TEMPERATURE DATA] [PRECIPITATION DATA] SYMBOLS USED IN COLUMN 16
AVERAGE MONTHLY: 40.7 TOTAL FOR MONTH: 11.14 1 = FOG OR MIST
DPTR FM NORMAL: -1.3 DPTR FM NORMAL: 0.62 2 = FOG REDUCING VISIBILITY
HIGHEST: 55 ON 24 GRTST 24HR 2.33 ON 26-27 TO 1/4 MILE OR LESS
LOWEST: 25 ON 22 3 = THUNDER
SNOW, ICE PELLETS, HAIL 4 = ICE PELLETS
TOTAL MONTH: M 5 = HAIL
GRTST 24HR M ON M 6 = FREEZING RAIN OR DRIZZLE
GRTST DEPTH: M ON M 7 = DUSTSTORM OR SANDSTORM:
VSBY 1/2 MILE OR LESS
8 = SMOKE OR HAZE
[NO. OF DAYS WITH] [WEATHER - DAYS WITH] 9 = BLOWING SNOW
X = TORNADO
MAX 32 OR BELOW: 1 0.01 INCH OR MORE: 22
MAX 90 OR ABOVE: 0 0.10 INCH OR MORE: 15
MIN 32 OR BELOW: 7 0.50 INCH OR MORE: 9
MIN 0 OR BELOW: 0 1.00 INCH OR MORE: 5
[HDD (BASE 65) ]
TOTAL THIS MO. 608 CLEAR (SCALE 0-3) 2
DPTR FM NORMAL -105 PTCLDY (SCALE 4-7) 8
TOTAL FM JUL 1 1598 CLOUDY (SCALE 8-10) 21
DPTR FM NORMAL -535
[CDD (BASE 65) ]
TOTAL THIS MO. 0
DPTR FM NORMAL 0 [PRESSURE DATA]
TOTAL FM JAN 1 105 HIGHEST SLP 30.51 ON 15
DPTR FM NORMAL 80 LOWEST SLP 28.81 ON 27
[REMARKS]
#FINAL-12-22#