000
CXUS54 KBRO 011332
CF6HRL
PRELIMINARY LOCAL CLIMATOLOGICAL DATA (WS FORM: F-6)
STATION: HARLINGEN
MONTH: AUGUST
YEAR: 2020
LATITUDE: 26 13 N
LONGITUDE: 97 40 W
TEMPERATURE IN F: :PCPN: SNOW: WIND :SUNSHINE: SKY :PK WND
================================================================================
1 2 3 4 5 6A 6B 7 8 9 10 11 12 13 14 15 16 17 18
12Z AVG MX 2MIN
DY MAX MIN AVG DEP HDD CDD WTR SNW DPTH SPD SPD DIR MIN PSBL S-S WX SPD DR
================================================================================
1 92 77 85 -1 0 20 M 0.0 0 7.6 M M M M 4 3 M M
2 91 76 84 -2 0 19 0.00 0.0 0 5.1 14 60 M M 3 3 21 140
3 95 76 86 0 0 21 0.00 0.0 0 7.1 16 100 M M 1 M M
4 96 76 86 0 0 21 0.00 0.0 0 8.3 14 100 M M 1 20 50
5 M M M M M M 0.00 0.0 0 9.5 15 120 M M 2 15 120
6 92 77 85 -1 0 20 0.00 0.0 0 11.0 18 110 M M 2 24 110
7 94 77 86 0 0 21 0.00 0.0 0 10.1 21 110 M M 2 25 110
8 93 76 85 -1 0 20 T 0.0 0 9.7 20 130 M M 2 3 23 130
9 94 76 85 -1 0 20 0.00 0.0 0 11.3 28 140 M M 1 35 140
10 94 75 85 -1 0 20 0.00 0.0 0 9.4 21 140 M M 1 25 140
11 97 78 88 2 0 23 0.00 0.0 0 11.4 20 140 M M 1 25 140
12 97 77 87 1 0 22 0.00 0.0 0 10.9 21 140 M M 1 26 190
13 97 74 86 0 0 21 0.00 0.0 0 9.6 21 150 M M 2 1 26 140
14 98 74 86 0 0 21 0.00 0.0 0 8.2 20 150 M M 1 23 140
15 97 74 86 0 0 21 0.00 0.0 0 8.4 22 140 M M 1 31 130
16 98 75 87 1 0 22 0.00 0.0 0 8.5 22 120 M M 0 8 27 110
17 95 74 85 -1 0 20 0.00 0.0 0 5.5 18 70 M M 1 23 80
18 97 73 85 -1 0 20 0.00 0.0 0 4.7 15 120 M M 0 19 120
19 98 72 85 -1 0 20 0.00 0.0 0 4.3 13 130 M M 1 1 19 120
20 99 72 86 0 0 21 0.00 0.0 0 9.4 22 120 M M 0 33 90
21 98 75 87 2 0 22 0.00 0.0 0 9.6 18 110 M M 1 24 110
22 98 72 85 0 0 20 0.00 0.0 0 8.0 21 80 M M 1 27 70
23 92 75 84 -1 0 19 0.14 0.0 0 6.7 24 310 M M 3 3 32 20
24 94 72 83 -2 0 18 0.00 0.0 0 9.8 22 60 M M 2 26 60
25 93 76 85 0 0 20 0.09 0.0 0 7.1 22 30 M M 2 1 27 30
26 97 74 86 1 0 21 0.00 0.0 0 7.8 17 70 M M 1 22 20
27 100 79 90 5 0 25 0.00 0.0 0 11.8 22 150 M M 1 26 160
28 98 80 89 4 0 24 0.00 0.0 0 13.4 23 150 M M 2 34 140
29 99 77 88 3 0 23 0.00 0.0 0 10.0 22 140 M M 1 27 130
30 98 78 88 3 0 23 0.00 0.0 0 14.5 25 150 M M 2 31 150
31 98 83 91 7 0 26 0.00 0.0 0 17.9 28 170 M M 5 35 140
================================================================================
SM 2879 2270 0 634 0.23 0.0 286.7 M 48
================================================================================
AV 96.0 75.7 9.2 FASTST M M 2 MAX(MPH)
MISC ----> # 28 140 # 35 140
================================================================================
NOTES:
# LAST OF SEVERAL OCCURRENCES
COLUMN 17 PEAK WIND IN M.P.H.
PRELIMINARY LOCAL CLIMATOLOGICAL DATA (WS FORM: F-6) , PAGE 2
STATION: HARLINGEN
MONTH: AUGUST
YEAR: 2020
LATITUDE: 26 13 N
LONGITUDE: 97 40 W
[TEMPERATURE DATA] [PRECIPITATION DATA] SYMBOLS USED IN COLUMN 16
AVERAGE MONTHLY: 85.8 TOTAL FOR MONTH: 0.23 1 = FOG OR MIST
DPTR FM NORMAL: 0.4 DPTR FM NORMAL: -1.63 2 = FOG REDUCING VISIBILITY
HIGHEST: 100 ON 27 GRTST 24HR 0.14 ON 23-23 TO 1/4 MILE OR LESS
LOWEST: 72 ON 24,22 3 = THUNDER
SNOW, ICE PELLETS, HAIL 4 = ICE PELLETS
TOTAL MONTH: 0.0 INCH 5 = HAIL
GRTST 24HR 0.0 6 = FREEZING RAIN OR DRIZZLE
GRTST DEPTH: 0 7 = DUSTSTORM OR SANDSTORM:
VSBY 1/2 MILE OR LESS
8 = SMOKE OR HAZE
[NO. OF DAYS WITH] [WEATHER - DAYS WITH] 9 = BLOWING SNOW
X = TORNADO
MAX 32 OR BELOW: 0 0.01 INCH OR MORE: 2
MAX 90 OR ABOVE: 30 0.10 INCH OR MORE: 1
MIN 32 OR BELOW: 0 0.50 INCH OR MORE: 0
MIN 0 OR BELOW: 0 1.00 INCH OR MORE: 0
[HDD (BASE 65) ]
TOTAL THIS MO. 0 CLEAR (SCALE 0-3) 28
DPTR FM NORMAL 0 PTCLDY (SCALE 4-7) 3
TOTAL FM JUL 1 0 CLOUDY (SCALE 8-10) 0
DPTR FM NORMAL 0
[CDD (BASE 65) ]
TOTAL THIS MO. 634
DPTR FM NORMAL 2 [PRESSURE DATA]
TOTAL FM JAN 1 3373 HIGHEST SLP 30.08 ON 17
DPTR FM NORMAL 449 LOWEST SLP 29.68 ON 30
[REMARKS]
#FINAL-08-20#