000
CXUS53 KAPX 010730
CF6HTL
PRELIMINARY LOCAL CLIMATOLOGICAL DATA (WS FORM: F-6)
STATION: HOUGHTON LAKE MI
MONTH: SEPTEMBER
YEAR: 2023
LATITUDE: 44 22 N
LONGITUDE: 84 41 W
TEMPERATURE IN F: :PCPN: SNOW: WIND :SUNSHINE: SKY :PK WND
================================================================================
1 2 3 4 5 6A 6B 7 8 9 10 11 12 13 14 15 16 17 18
12Z AVG MX 2MIN
DY MAX MIN AVG DEP HDD CDD WTR SNW DPTH SPD SPD DIR MIN PSBL S-S WX SPD DR
================================================================================
1 76 41 59 -4 6 0 0.00 0.0 0 M M M M M M M M
2 77 61 69 6 0 4 0.04 0.0 0 M M M M M M M M
3 82 65 74 12 0 9 0.00 0.0 0 M M M M M M M M
4 88 60 74 12 0 9 0.00 0.0 0 M M M M M M M M
5 89 59 74 12 0 9 0.00 0.0 0 5.7 15 190 M M 1 22 190
6 76 65 71 9 0 6 0.32 0.0 0 6.2 18 10 M M 6 13 23 210
7 66 55 61 0 4 0 0.01 0.0 0 6.1 14 330 M M 10 1 20 330
8 68 46 57 -4 8 0 0.00 0.0 0 4.1 10 360 M M 6 1 14 330
9 72 40 56 -5 9 0 0.00 0.0 0 2.6 9 230 M M 3 12 17 220
10 71 43 57 -3 8 0 T 0.0 0 2.9 7 50 M M 8 12 10 240
11 63 56 60 0 5 0 0.52 0.0 0 4.2 9 170 M M 10 1 14 180
12 62 53 58 -2 7 0 0.01 0.0 0 8.2 17 310 M M 10 1 25 310
13 66 42 54 -5 11 0 0.00 0.0 0 5.8 14 320 M M 4 1 23 320
14 67 35 51 -8 14 0 0.00 0.0 0 3.0 9 150 M M 1 1 13 150
15 71 38 55 -4 10 0 0.00 0.0 0 4.8 12 210 M M 0 17 230
16 72 44 58 0 7 0 0.05 0.0 0 4.2 17 220 M M 7 1238 24 210
17 68 46 57 -1 8 0 0.00 0.0 0 6.0 16 310 M M 5 12 23 320
18 64 38 51 -7 14 0 0.00 0.0 0 5.5 15 310 M M 6 1 22 320
19 67 33 50 -7 15 0 0.00 0.0 0 1.7 9 230 M M 4 12 15 220
20 74 47 61 4 4 0 0.10 0.0 0 5.1 13 160 M M 6 123 17 170
21 79 48 64 8 1 0 0.00 0.0 0 1.3 7 250 M M 2 12 9 250
22 80 49 65 9 0 0 0.00 0.0 0 3.0 12 150 M M 2 12 16 180
23 73 49 61 5 4 0 0.00 0.0 0 6.7 16 80 M M 0 12 23 90
24 73 44 59 4 6 0 0.00 0.0 0 7.2 18 80 M M 0 12 23 80
25 74 49 62 7 3 0 T 0.0 0 8.0 20 110 M M 5 1 30 130
26 64 56 60 5 5 0 0.03 0.0 0 7.8 17 90 M M 10 1 24 100
27 63 56 60 6 5 0 T 0.0 0 9.5 17 90 M M 10 1 24 100
28 70 51 61 7 4 0 0.00 0.0 0 7.1 16 70 M M 6 22 80
29 64 54 59 6 6 0 0.00 0.0 0 2.5 8 150 M M 9 1 11 160
30 74 47 61 8 4 0 0.00 0.0 0 3.5 12 190 M M 4 12 16 170
================================================================================
SM 2153 1470 168 37 1.08 0.0 132.7 M 135
================================================================================
AV 71.8 49.0 5.1 FASTST M M 5 MAX(MPH)
MISC ----> 20 110 30 130
================================================================================
NOTES:
# LAST OF SEVERAL OCCURRENCES
COLUMN 17 PEAK WIND IN M.P.H.
PRELIMINARY LOCAL CLIMATOLOGICAL DATA (WS FORM: F-6) , PAGE 2
STATION: HOUGHTON LAKE MI
MONTH: SEPTEMBER
YEAR: 2023
LATITUDE: 44 22 N
LONGITUDE: 84 41 W
[TEMPERATURE DATA] [PRECIPITATION DATA] SYMBOLS USED IN COLUMN 16
AVERAGE MONTHLY: 60.4 TOTAL FOR MONTH: 1.08 1 = FOG OR MIST
DPTR FM NORMAL: 2.1 DPTR FM NORMAL: -1.51 2 = FOG REDUCING VISIBILITY
HIGHEST: 89 ON 5 GRTST 24HR 0.53 ON 11-12 TO 1/4 MILE OR LESS
LOWEST: 33 ON 19 3 = THUNDER
SNOW, ICE PELLETS, HAIL 4 = ICE PELLETS
TOTAL MONTH: 0.0 INCH 5 = HAIL
GRTST 24HR 0.0 6 = FREEZING RAIN OR DRIZZLE
GRTST DEPTH: 0 7 = DUSTSTORM OR SANDSTORM:
VSBY 1/2 MILE OR LESS
8 = SMOKE OR HAZE
[NO. OF DAYS WITH] [WEATHER - DAYS WITH] 9 = BLOWING SNOW
X = TORNADO
MAX 32 OR BELOW: 0 0.01 INCH OR MORE: 8
MAX 90 OR ABOVE: 0 0.10 INCH OR MORE: 3
MIN 32 OR BELOW: 0 0.50 INCH OR MORE: 1
MIN 0 OR BELOW: 0 1.00 INCH OR MORE: 0
[HDD (BASE 65) ]
TOTAL THIS MO. 168 CLEAR (SCALE 0-3) 8
DPTR FM NORMAL -59 PTCLDY (SCALE 4-7) 12
TOTAL FM JUL 1 287 CLOUDY (SCALE 8-10) 10
DPTR FM NORMAL -48
[CDD (BASE 65) ]
TOTAL THIS MO. 37
DPTR FM NORMAL 9 [PRESSURE DATA]
TOTAL FM JAN 1 264 HIGHEST SLP 30.31 ON 30
DPTR FM NORMAL -71 LOWEST SLP 29.73 ON 7
[REMARKS]
#FINAL-09-23#