000
CXUS51 KCAR 020242
CF6HUL
PRELIMINARY LOCAL CLIMATOLOGICAL DATA (WS FORM: F-6)
STATION: HOULTON ME
MONTH: JANUARY
YEAR: 2022
LATITUDE: 46 7 N
LONGITUDE: 67 48 W
TEMPERATURE IN F: :PCPN: SNOW: WIND :SUNSHINE: SKY :PK WND
================================================================================
1 2 3 4 5 6A 6B 7 8 9 10 11 12 13 14 15 16 17 18
12Z AVG MX 2MIN
DY MAX MIN AVG DEP HDD CDD WTR SNW DPTH SPD SPD DIR MIN PSBL S-S WX SPD DR
================================================================================
1 39 31 35 19 30 0 0.03 M M 2.3 9 190 M M 10 12 16 150
2 35 12 24 8 41 0 0.05 M M 10.1 18 330 M M 10 12 26 360
3 12 -5 4 -11 61 0 T M M 7.3 14 360 M M 1 18 330
4 17 -9 4 -11 61 0 T M M 5.8 12 220 M M 5 16 220
5 37 17 27 12 38 0 0.11 M M 4.5 10 220 M M 9 1 16 190
6 35 28 32 18 33 0 T M M 5.1 16 280 M M 10 12 22 260
7 28 18 23 9 42 0 0.02 M M 8.5 17 340 M M 10 12 24 340
8 20 -2 9 -5 56 0 T M M 7.2 18 330 M M 2 8 26 330
9 33 9 21 7 44 0 0.13 M M 9.7 21 220 M M 10 12 30 230
10 33 -8 13 -1 52 0 T M M 13.8 22 270 M M 7 9 37 290
11 0 -22 -11 -24 76 0 T M M 5.4 15 330 M M 0 9 22 300
12 14 -23 -4 -17 69 0 0.02 M M 6.0 15 210 M M 8 9 24 220
13 23 12 18 5 47 0 T M M 1.3 7 140 M M 10 18 9 140
14 27 0 14 1 51 0 0.07 M M 12.6 33 360 M M 9 168 43 350
15 2 -8 -3 -16 68 0 0.00 M M 17.9 30 360 M M 0 9 42 350
16 14 -7 4 -8 61 0 0.00 M M 6.3 15 300 M M 0 20 320
17 38 3 21 9 44 0 0.22 M M 9.7 24 100 M M 7 126 37 90
18 37 0 19 7 46 0 0.02 M M 13.1 23 290 M M 7 1 35 290
19 17 -9 4 -8 61 0 0.08 M M 5.1 18 320 M M 6 29 320
20 25 -6 10 -2 55 0 T M M 6.5 23 300 M M 5 34 290
21 5 -25 -10 -22 75 0 0.00 M M 4.9 15 350 M M 1 8 19 350
22 13 -29 -8 -20 73 0 0.00 M M 0.1 6 230 M M 0 8 200
23 24 -9 8 -4 57 0 T M M 6.2 15 230 M M 7 18 19 220
24 14 -12 1 -11 64 0 0.00 M M 1.6 9 320 M M 1 12 310
25 16 -9 4 -8 61 0 0.02 M M 2.1 12 120 M M 8 1 17 110
26 17 -26 -4 -16 69 0 0.00 M M 5.0 16 10 M M 2 20 10
27 12 -33 -10 -22 75 0 0.00 M M 5.1 15 220 M M 2 20 220
28 26 2 14 2 51 0 T M M 7.3 16 350 M M 7 1 19 340
29 9 -2 4 -8 61 0 0.06 M M 17.3 35 350 M M 7 129 53 350
30 17 0 9 -3 56 0 T M M 10.6 24 340 M M 4 18 34 330
31 19 -21 -1 -13 66 0 0.00 M M 4.2 16 240 M M 1 8 21 250
================================================================================
SM 658 -133 1744 0 0.83 M 222.6 M 166
================================================================================
AV 21.2 -4.3 7.2 FASTST M M 5 MAX(MPH)
MISC ----> 35 350 53 350
================================================================================
NOTES:
# LAST OF SEVERAL OCCURRENCES
COLUMN 17 PEAK WIND IN M.P.H.
PRELIMINARY LOCAL CLIMATOLOGICAL DATA (WS FORM: F-6) , PAGE 2
STATION: HOULTON ME
MONTH: JANUARY
YEAR: 2022
LATITUDE: 46 7 N
LONGITUDE: 67 48 W
[TEMPERATURE DATA] [PRECIPITATION DATA] SYMBOLS USED IN COLUMN 16
AVERAGE MONTHLY: 8.5 TOTAL FOR MONTH: 0.83 1 = FOG OR MIST
DPTR FM NORMAL: -4.4 DPTR FM NORMAL: -1.82 2 = FOG REDUCING VISIBILITY
HIGHEST: 39 ON 1 GRTST 24HR 0.33 ON 29-29 TO 1/4 MILE OR LESS
LOWEST: -33 ON 27 3 = THUNDER
SNOW, ICE PELLETS, HAIL 4 = ICE PELLETS
TOTAL MONTH: M 5 = HAIL
GRTST 24HR M ON M 6 = FREEZING RAIN OR DRIZZLE
GRTST DEPTH: M ON M 7 = DUSTSTORM OR SANDSTORM:
VSBY 1/2 MILE OR LESS
8 = SMOKE OR HAZE
[NO. OF DAYS WITH] [WEATHER - DAYS WITH] 9 = BLOWING SNOW
X = TORNADO
MAX 32 OR BELOW: 23 0.01 INCH OR MORE: 12
MAX 90 OR ABOVE: 0 0.10 INCH OR MORE: 3
MIN 32 OR BELOW: 31 0.50 INCH OR MORE: 0
MIN 0 OR BELOW: 22 1.00 INCH OR MORE: 0
[HDD (BASE 65) ]
TOTAL THIS MO. 1744 CLEAR (SCALE 0-3) 11
DPTR FM NORMAL 129 PTCLDY (SCALE 4-7) 12
TOTAL FM JUL 1 4722 CLOUDY (SCALE 8-10) 8
DPTR FM NORMAL -281
[CDD (BASE 65) ]
TOTAL THIS MO. 0
DPTR FM NORMAL 0 [PRESSURE DATA]
TOTAL FM JAN 1 0 HIGHEST SLP 30.61 ON 22
DPTR FM NORMAL 0 LOWEST SLP 29.00 ON 18
[REMARKS]
#FINAL-01-22#