000
CXUS56 KMTR 010900
CF6HWD
PRELIMINARY LOCAL CLIMATOLOGICAL DATA (WS FORM: F-6)
STATION: HAYWARD AIRPORT
MONTH: MARCH
YEAR: 2024
LATITUDE: 37 39 N
LONGITUDE: 122 7 W
TEMPERATURE IN F: :PCPN: SNOW: WIND :SUNSHINE: SKY :PK WND
================================================================================
1 2 3 4 5 6A 6B 7 8 9 10 11 12 13 14 15 16 17 18
12Z AVG MX 2MIN
DY MAX MIN AVG DEP HDD CDD WTR SNW DPTH SPD SPD DIR MIN PSBL S-S WX SPD DR
================================================================================
1 60 52 56 1 9 0 0.45 M M 12.5 24 200 M M 9 1 39 200
2 56 47 52 -3 13 0 0.31 M M 11.6 28 280 M M 8 3 38 260
3 57 45 51 -4 14 0 0.24 M M 6.8 22 260 M M 8 34 270
4 60 46 53 -2 12 0 0.01 M M 4.6 10 340 M M 6 1 14 240
5 62 50 56 1 9 0 0.01 M M 8.4 17 170 M M 9 23 170
6 62 54 58 3 7 0 0.02 M M 5.5 15 280 M M 7 8 19 300
7 62 48 55 0 10 0 0.00 M M 6.1 20 280 M M 6 25 290
8 67 44 56 1 9 0 0.00 M M 6.3 13 300 M M 0 17 250
9 64 50 57 2 8 0 0.00 M M 5.4 14 280 M M 4 18 290
10 64 52 58 2 7 0 0.03 M M 5.5 13 270 M M 8 21 260
11 62 50 56 0 9 0 0.16 M M 6.0 16 300 M M 6 1 21 300
12 63 49 56 0 9 0 0.07 M M 9.3 20 290 M M 6 18 25 270
13 67 45 56 0 9 0 0.00 M M 8.5 21 320 M M 0 32 320
14 71 57 64 8 1 0 0.00 M M 14.6 28 30 M M 0 40 30
15 76 54 65 9 0 0 0.00 M M 9.0 22 10 M M 0 32 30
16 71 49 60 4 5 0 0.00 M M 6.0 18 300 M M 1 23 290
17 67 50 59 3 6 0 0.00 M M 5.2 15 290 M M 2 20 280
18 69 50 60 4 5 0 0.00 M M 5.8 14 280 M M 2 18 280
19 68 53 61 5 4 0 0.00 M M 5.0 16 290 M M 4 20 290
20 68 52 60 4 5 0 0.00 M M 5.9 17 300 M M 2 22 300
21 68 52 60 4 5 0 0.00 M M 5.3 14 300 M M 4 20 290
22 70 52 61 5 4 0 0.56 M M 8.4 20 200 M M 5 1 27 200
23 61 51 56 0 9 0 0.29 M M 9.5 21 220 M M 7 18 28 230
24 63 51 57 1 8 0 0.06 M M 11.8 24 270 M M 6 32 270
25 61 48 55 -1 10 0 0.00 M M 9.3 18 260 M M 7 24 260
26 62 52 57 0 8 0 0.00 M M 8.8 17 290 M M 5 23 290
27 60 50 55 -2 10 0 0.16 M M 7.2 15 230 M M 7 1 20 220
28 62 51 57 0 8 0 0.01 M M 7.1 17 280 M M 3 8 23 270
29 58 50 54 -3 11 0 0.47 M M 11.3 26 140 M M 8 45 120
30 67 47 57 0 8 0 T M M 6.2 15 10 M M 5 3 21 30
31 65 46 56 -1 9 0 0.00 M M 6.0 22 290 M M 5 27 280
================================================================================
SM 1993 1547 241 0 2.85 M 238.9 M 150
================================================================================
AV 64.3 49.9 7.7 FASTST M M 5 MAX(MPH)
MISC ----> # 28 280 45 120
================================================================================
NOTES:
# LAST OF SEVERAL OCCURRENCES
COLUMN 17 PEAK WIND IN M.P.H.
PRELIMINARY LOCAL CLIMATOLOGICAL DATA (WS FORM: F-6) , PAGE 2
STATION: HAYWARD AIRPORT
MONTH: MARCH
YEAR: 2024
LATITUDE: 37 39 N
LONGITUDE: 122 7 W
[TEMPERATURE DATA] [PRECIPITATION DATA] SYMBOLS USED IN COLUMN 16
AVERAGE MONTHLY: 57.1 TOTAL FOR MONTH: 2.85 1 = FOG OR MIST
DPTR FM NORMAL: 1.2 DPTR FM NORMAL: 0.50 2 = FOG REDUCING VISIBILITY
HIGHEST: 76 ON 15 GRTST 24HR 0.81 ON 22-23 TO 1/4 MILE OR LESS
LOWEST: 44 ON 8 3 = THUNDER
SNOW, ICE PELLETS, HAIL 4 = ICE PELLETS
TOTAL MONTH: M 5 = HAIL
GRTST 24HR M ON M 6 = FREEZING RAIN OR DRIZZLE
GRTST DEPTH: M ON M 7 = DUSTSTORM OR SANDSTORM:
VSBY 1/2 MILE OR LESS
8 = SMOKE OR HAZE
[NO. OF DAYS WITH] [WEATHER - DAYS WITH] 9 = BLOWING SNOW
X = TORNADO
MAX 32 OR BELOW: 0 0.01 INCH OR MORE: 15
MAX 90 OR ABOVE: 0 0.10 INCH OR MORE: 8
MIN 32 OR BELOW: 0 0.50 INCH OR MORE: 1
MIN 0 OR BELOW: 0 1.00 INCH OR MORE: 0
[HDD (BASE 65) ]
TOTAL THIS MO. 241 CLEAR (SCALE 0-3) 9
DPTR FM NORMAL -43 PTCLDY (SCALE 4-7) 20
TOTAL FM JUL 1 1413 CLOUDY (SCALE 8-10) 2
DPTR FM NORMAL -476
[CDD (BASE 65) ]
TOTAL THIS MO. 0
DPTR FM NORMAL -2 [PRESSURE DATA]
TOTAL FM JAN 1 0 HIGHEST SLP M ON M
DPTR FM NORMAL -2 LOWEST SLP 29.59 ON 29
[REMARKS]
#FINAL-03-24#