000
CXUS52 KMFL 011030
CF6HWO
PRELIMINARY LOCAL CLIMATOLOGICAL DATA (WS FORM: F-6)
STATION: NORTH PERRY ARPT
MONTH: JULY
YEAR: 2022
LATITUDE: 26 0 N
LONGITUDE: 80 14 W
TEMPERATURE IN F: :PCPN: SNOW: WIND :SUNSHINE: SKY :PK WND
================================================================================
1 2 3 4 5 6A 6B 7 8 9 10 11 12 13 14 15 16 17 18
12Z AVG MX 2MIN
DY MAX MIN AVG DEP HDD CDD WTR SNW DPTH SPD SPD DIR MIN PSBL S-S WX SPD DR
================================================================================
1 90 80 85 1 0 20 T 0.0 0 10.0 21 120 M M 2 24 130
2 91 79 85 1 0 20 T 0.0 0 9.7 17 110 M M 2 3 23 140
3 91 82 87 3 0 22 0.00 0.0 0 10.2 16 90 M M 1 20 130
4 90 80 85 1 0 20 0.00 0.0 0 8.7 17 80 M M 3 26 60
5 92 78 85 1 0 20 0.04 0.0 0 8.7 17 100 M M 3 3 22 110
6 90 78 84 0 0 19 0.04 0.0 0 6.1 17 110 M M 3 3 22 140
7 91 78 85 1 0 20 T 0.0 0 7.0 17 110 M M 2 21 110
8 92 78 85 1 0 20 T 0.0 0 9.3 18 130 M M 2 25 100
9 93 78 86 2 0 21 0.02 0.0 0 7.7 18 130 M M 2 3 25 140
10 93 77 85 1 0 20 0.75 0.0 0 4.3 18 220 M M 3 138 28 260
11 94 77 86 2 0 21 0.00 0.0 M 6.0 17 300 M M 2 3 24 140
12 93 79 86 2 0 21 0.00 0.0 0 6.3 17 130 M M 1 25 120
13 94 79 87 3 0 22 0.00 0.0 0 6.2 22 280 M M 2 3 27 140
14 93 78 86 2 0 21 0.05 0.0 0 7.5 18 120 M M 1 3 23 140
15 88 74 81 -3 0 16 0.08 0.0 0 11.1 33 70 M M 4 3 43 70
16 91 75 83 -1 0 18 0.41 0.0 0 8.1 21 280 M M 2 13 24 280
17 93 76 85 1 0 20 0.02 M M 6.5 20 260 M M 1 3 25 260
18 92 80 86 2 0 21 0.00 0.0 0 8.2 21 140 M M 2 28 140
19 92 78 85 1 0 20 0.00 0.0 0 6.9 15 120 M M 0 21 110
20 92 79 86 2 0 21 0.00 0.0 0 7.8 15 120 M M 2 19 130
21 92 82 87 2 0 22 0.00 M M 9.2 17 100 M M 1 21 90
22 92 76 84 -1 0 19 0.13 M M 8.6 20 100 M M 2 13 24 100
23 91 76 84 -1 0 19 0.16 M M 8.9 21 110 M M 2 31 80
24 92 80 86 1 0 21 0.03 M M 11.3 20 100 M M 2 3 24 100
25 89 78 84 -1 0 19 0.03 0.0 0 12.3 22 100 M M 4 3 28 100
26 87 73 80 -5 0 15 0.73 M M 8.5 25 120 M M 5 13 30 120
27 91 72 82 -3 0 17 0.03 0.0 0 7.9 26 210 M M 3 13 34 210
28 91 77 84 -1 0 19 0.00 M M 7.9 16 90 M M 2 22 80
29 91 80 86 1 0 21 0.00 0.0 0 11.1 18 90 M M 2 24 90
30 91 81 86 1 0 21 0.00 0.0 0 12.6 18 80 M M 2 27 100
31 91 80 86 1 0 21 T M M 11.2 18 90 M M 2 24 110
================================================================================
SM 2833 2418 0 617 2.52 0.0 265.8 M 67
================================================================================
AV 91.4 78.0 8.6 FASTST M M 2 MAX(MPH)
MISC ----> 33 70 43 70
================================================================================
NOTES:
# LAST OF SEVERAL OCCURRENCES
COLUMN 17 PEAK WIND IN M.P.H.
PRELIMINARY LOCAL CLIMATOLOGICAL DATA (WS FORM: F-6) , PAGE 2
STATION: NORTH PERRY ARPT
MONTH: JULY
YEAR: 2022
LATITUDE: 26 0 N
LONGITUDE: 80 14 W
[TEMPERATURE DATA] [PRECIPITATION DATA] SYMBOLS USED IN COLUMN 16
AVERAGE MONTHLY: 84.7 TOTAL FOR MONTH: 2.52 1 = FOG OR MIST
DPTR FM NORMAL: 0.3 DPTR FM NORMAL: -4.30 2 = FOG REDUCING VISIBILITY
HIGHEST: 94 ON 13,11 GRTST 24HR 0.75 ON 10-10 TO 1/4 MILE OR LESS
LOWEST: 72 ON 27 3 = THUNDER
SNOW, ICE PELLETS, HAIL 4 = ICE PELLETS
TOTAL MONTH: 0.0 INCH 5 = HAIL
GRTST 24HR 0.0 6 = FREEZING RAIN OR DRIZZLE
GRTST DEPTH: 0 7 = DUSTSTORM OR SANDSTORM:
VSBY 1/2 MILE OR LESS
8 = SMOKE OR HAZE
[NO. OF DAYS WITH] [WEATHER - DAYS WITH] 9 = BLOWING SNOW
X = TORNADO
MAX 32 OR BELOW: 0 0.01 INCH OR MORE: 14
MAX 90 OR ABOVE: 28 0.10 INCH OR MORE: 5
MIN 32 OR BELOW: 0 0.50 INCH OR MORE: 2
MIN 0 OR BELOW: 0 1.00 INCH OR MORE: 0
[HDD (BASE 65) ]
TOTAL THIS MO. 0 CLEAR (SCALE 0-3) 28
DPTR FM NORMAL 0 PTCLDY (SCALE 4-7) 3
TOTAL FM JUL 1 0 CLOUDY (SCALE 8-10) 0
DPTR FM NORMAL 0
[CDD (BASE 65) ]
TOTAL THIS MO. 617
DPTR FM NORMAL 16 [PRESSURE DATA]
TOTAL FM JAN 1 2650 HIGHEST SLP 30.21 ON 31
DPTR FM NORMAL 136 LOWEST SLP 29.92 ON 11
[REMARKS]
#FINAL-07-22#