000
CXUS54 KHGX 251637
CF6IAH
PRELIMINARY LOCAL CLIMATOLOGICAL DATA (WS FORM: F-6)
STATION: HOUSTON INTERCONTINENTAL
MONTH: SEPTEMBER
YEAR: 2020
LATITUDE: 29 58 N
LONGITUDE: 95 21 W
TEMPERATURE IN F: :PCPN: SNOW: WIND :SUNSHINE: SKY :PK WND
================================================================================
1 2 3 4 5 6A 6B 7 8 9 10 11 12 13 14 15 16 17 18
12Z AVG MX 2MIN
DY MAX MIN AVG DEP HDD CDD WTR SNW DPTH SPD SPD DIR MIN PSBL S-S WX SPD DR
================================================================================
1 99 84 92 8 0 27 0.00 0.0 0 11.6 21 160 M M 5 28 150
2 99 83 91 8 0 26 0.00 0.0 0 10.5 18 170 M M 7 27 170
3 98 77 88 5 0 23 0.00 0.0 0 6.8 17 70 M M 8 3 22 50
4 97 75 86 3 0 21 T 0.0 0 6.5 22 90 M M 7 3 26 90
5 96 73 85 2 0 20 1.60 0.0 0 7.7 31 150 M M 8 13 37 90
6 96 73 85 2 0 20 0.01 0.0 0 3.8 14 200 M M 6 3 20 190
7 95 74 85 3 0 20 0.62 0.0 0 2.6 22 210 M M 5 138 28 230
8 88 75 82 0 0 17 0.02 0.0 0 5.2 16 160 M M 7 24 180
9 93 76 85 3 0 20 0.46 0.0 0 7.1 17 130 M M 8 3 21 130
10 93 74 84 2 0 19 0.13 0.0 0 6.9 23 80 M M 8 13 33 80
11 92 72 82 0 0 17 0.00 0.0 0 7.6 14 350 M M 6 3 17 360
12 96 75 86 5 0 21 0.00 0.0 0 8.4 20 100 M M 4 22 100
13 95 75 85 4 0 20 0.17 0.0 0 7.3 26 60 M M 6 1 32 60
14 92 77 85 4 0 20 0.00 0.0 0 10.3 18 10 M M 6 23 360
15 96 76 86 5 0 21 0.00 0.0 0 7.8 16 350 M M 4 20 10
16 96 76 86 6 0 21 T 0.0 0 5.4 21 10 M M 5 25 10
17 92 76 84 4 0 19 T 0.0 0 8.4 18 350 M M 9 24 350
18 91 73 82 2 0 17 0.00 0.0 0 11.0 20 20 M M 7 28 40
19 88 70 79 -1 0 14 0.00 0.0 0 12.8 22 30 M M 4 28 30
20 78 66 72 -8 0 7 0.83 0.0 0 14.1 22 40 M M 7 13 29 10
21 75 70 73 -6 0 8 0.38 0.0 0 16.2 22 60 M M 9 1 29 50
22 79 73 76 -3 0 11 3.58 0.0 0 13.8 20 40 M M 8 1 27 60
23 81 71 76 -3 0 11 0.71 0.0 0 11.9 21 340 M M 10 1 26 340
24 75 69 72 -7 0 7 T 0.0 0 5.8 12 340 M M 9 15 340
25 85 66 76 -2 0 11 0.00 0.0 0 2.4 9 130 M M 6 12 130
26 88 65 77 -1 0 12 0.00 0.0 0 2.5 14 130 M M 2 1 16 120
27 92 73 83 5 0 18 0.00 0.0 0 8.1 15 160 M M 3 20 160
28 80 68 74 -4 0 9 0.02 0.0 0 12.1 25 10 M M 7 33 20
29 83 57 70 -7 0 5 0.00 0.0 0 6.4 21 30 M M 1 26 20
30 86 54 70 -7 0 5 0.00 0.0 0 2.6 10 220 M M 0 15 200
================================================================================
SM 2694 2166 0 487 8.53 0.0 243.6 M 182
================================================================================
AV 89.8 72.2 8.1 FASTST M M 6 MAX(MPH)
MISC ----> 31 150 37 90
================================================================================
NOTES:
# LAST OF SEVERAL OCCURRENCES
COLUMN 17 PEAK WIND IN M.P.H.
PRELIMINARY LOCAL CLIMATOLOGICAL DATA (WS FORM: F-6) , PAGE 2
STATION: HOUSTON INTERCONTINENTAL
MONTH: SEPTEMBER
YEAR: 2020
LATITUDE: 29 58 N
LONGITUDE: 95 21 W
[TEMPERATURE DATA] [PRECIPITATION DATA] SYMBOLS USED IN COLUMN 16
AVERAGE MONTHLY: 81.0 TOTAL FOR MONTH: 8.53 1 = FOG OR MIST
DPTR FM NORMAL: 0.5 DPTR FM NORMAL: 3.82 2 = FOG REDUCING VISIBILITY
HIGHEST: 99 ON 2, 1 GRTST 24HR 3.58 ON 22-22 TO 1/4 MILE OR LESS
LOWEST: 54 ON 30 3 = THUNDER
SNOW, ICE PELLETS, HAIL 4 = ICE PELLETS
TOTAL MONTH: 0.0 INCH 5 = HAIL
GRTST 24HR 0.0 6 = FREEZING RAIN OR DRIZZLE
GRTST DEPTH: 0 7 = DUSTSTORM OR SANDSTORM:
VSBY 1/2 MILE OR LESS
8 = SMOKE OR HAZE
[NO. OF DAYS WITH] [WEATHER - DAYS WITH] 9 = BLOWING SNOW
X = TORNADO
MAX 32 OR BELOW: 0 0.01 INCH OR MORE: 12
MAX 90 OR ABOVE: 18 0.10 INCH OR MORE: 9
MIN 32 OR BELOW: 0 0.50 INCH OR MORE: 5
MIN 0 OR BELOW: 0 1.00 INCH OR MORE: 2
[HDD (BASE 65) ]
TOTAL THIS MO. 0 CLEAR (SCALE 0-3) 4
DPTR FM NORMAL 0 PTCLDY (SCALE 4-7) 19
TOTAL FM JUL 1 0 CLOUDY (SCALE 8-10) 7
DPTR FM NORMAL 0
[CDD (BASE 65) ]
TOTAL THIS MO. 487
DPTR FM NORMAL 22 [PRESSURE DATA]
TOTAL FM JAN 1 3261 HIGHEST SLP M ON M
DPTR FM NORMAL 311 LOWEST SLP 29.74 ON 23
[REMARKS]
#FINAL-09-20#