000
CXUS53 KUNR 011030
CF6ICR
PRELIMINARY LOCAL CLIMATOLOGICAL DATA (WS FORM: F-6)
STATION: WINNER REGIONAL AIRPORT SD
MONTH: NOVEMBER
YEAR: 2022
LATITUDE: 43 23 N
LONGITUDE: 99 50 W
TEMPERATURE IN F: :PCPN: SNOW: WIND :SUNSHINE: SKY :PK WND
================================================================================
1 2 3 4 5 6A 6B 7 8 9 10 11 12 13 14 15 16 17 18
12Z AVG MX 2MIN
DY MAX MIN AVG DEP HDD CDD WTR SNW DPTH SPD SPD DIR MIN PSBL S-S WX SPD DR
================================================================================
1 81 37 59 15 6 0 0.00 M M 10.7 23 170 M M 0 34 160
2 79 49 64 20 1 0 T M M 14.8 28 180 M M 0 39 190
3 54 31 43 0 22 0 T M M 17.0 32 320 M M 6 42 310
4 45 23 34 -9 31 0 T M M 6.7 20 310 M M 2 25 310
5 63 28 46 4 19 0 T M M 10.5 28 290 M M 2 40 290
6 51 26 39 -3 26 0 0.00 M M 12.3 31 290 M M 0 8 42 280
7 46 22 34 -7 31 0 0.00 M M 14.4 31 110 M M 7 41 120
8 67 35 51 10 14 0 0.00 M M 15.8 25 320 M M 9 34 140
9 35 28 32 -8 33 0 T M M 12.4 20 320 M M 10 168 27 310
10 32 13 23 -17 42 0 T M M 21.5 31 300 M M 8 16 41 280
11 20 11 16 -24 49 0 T M M 15.2 24 310 M M 6 30 310
12 29 9 19 -20 46 0 T M M 6.7 14 130 M M 5 18 18 130
13 41 12 27 -12 38 0 0.00 M M 14.2 24 140 M M 3 8 31 300
14 33 10 22 -16 43 0 T M M 8.7 18 290 M M 5 18 26 290
15 25 16 21 -17 44 0 T M M 12.9 24 320 M M 10 18 31 320
16 32 8 20 -18 45 0 T M M 12.0 20 320 M M 8 18 24 320
17 33 10 22 -15 43 0 T M M 21.1 38 310 M M 8 18 48 310
18 28 10 19 -18 46 0 T M M 19.0 30 310 M M 5 8 43 320
19 28 18 23 -13 42 0 T M M 16.7 30 320 M M 4 40 320
20 51 22 37 1 28 0 0.00 M M 12.9 28 310 M M 0 35 310
21 50 25 38 2 27 0 0.00 M M 6.8 13 270 M M 0 18 270
22 55 23 39 4 26 0 0.00 M M 8.1 14 300 M M 0 21 310
23 66 35 51 16 14 0 0.00 M M 14.2 23 300 M M 0 30 190
24 48 31 40 6 25 0 0.00 M M 14.0 24 320 M M 0 8 30 320
25 67 28 48 14 17 0 0.00 M M 10.4 21 200 M M 0 29 200
26 57 27 42 9 23 0 0.00 M M 15.7 32 340 M M 0 42 350
27 45 20 33 0 32 0 0.00 M M 9.9 25 170 M M 0 35 170
28 45 29 37 4 28 0 0.00 M M 13.1 23 320 M M 3 8 29 200
29 31 14 23 -9 42 0 0.00 M M 18.4 31 310 M M 5 38 300
30 29 10 20 -12 45 0 0.00 M M 13.4 32 160 M M 0 46 160
================================================================================
SM 1366 660 928 0 T M 399.5 M 106
================================================================================
AV 45.5 22.0 13.3 FASTST M M 4 MAX(MPH)
MISC ----> 38 310 48 310
================================================================================
NOTES:
# LAST OF SEVERAL OCCURRENCES
COLUMN 17 PEAK WIND IN M.P.H.
PRELIMINARY LOCAL CLIMATOLOGICAL DATA (WS FORM: F-6) , PAGE 2
STATION: WINNER REGIONAL AIRPORT SD
MONTH: NOVEMBER
YEAR: 2022
LATITUDE: 43 23 N
LONGITUDE: 99 50 W
[TEMPERATURE DATA] [PRECIPITATION DATA] SYMBOLS USED IN COLUMN 16
AVERAGE MONTHLY: 33.8 TOTAL FOR MONTH: T 1 = FOG OR MIST
DPTR FM NORMAL: -4.0 DPTR FM NORMAL: -0.44 2 = FOG REDUCING VISIBILITY
HIGHEST: 81 ON 1 GRTST 24HR T ON 2- 2 TO 1/4 MILE OR LESS
LOWEST: 8 ON 16 3 = THUNDER
SNOW, ICE PELLETS, HAIL 4 = ICE PELLETS
TOTAL MONTH: M 5 = HAIL
GRTST 24HR M ON M 6 = FREEZING RAIN OR DRIZZLE
GRTST DEPTH: M ON M 7 = DUSTSTORM OR SANDSTORM:
VSBY 1/2 MILE OR LESS
8 = SMOKE OR HAZE
[NO. OF DAYS WITH] [WEATHER - DAYS WITH] 9 = BLOWING SNOW
X = TORNADO
MAX 32 OR BELOW: 9 0.01 INCH OR MORE: 0
MAX 90 OR ABOVE: 0 0.10 INCH OR MORE: 0
MIN 32 OR BELOW: 26 0.50 INCH OR MORE: 0
MIN 0 OR BELOW: 0 1.00 INCH OR MORE: 0
[HDD (BASE 65) ]
TOTAL THIS MO. 928 CLEAR (SCALE 0-3) 15
DPTR FM NORMAL 112 PTCLDY (SCALE 4-7) 11
TOTAL FM JUL 1 1325 CLOUDY (SCALE 8-10) 4
DPTR FM NORMAL -32
[CDD (BASE 65) ]
TOTAL THIS MO. 0
DPTR FM NORMAL 0 [PRESSURE DATA]
TOTAL FM JAN 1 1277 HIGHEST SLP 30.55 ON 17
DPTR FM NORMAL 216 LOWEST SLP 29.26 ON 5
[REMARKS]
#FINAL-11-22#