000
CXUS53 KUNR 010931
CF6ICR
PRELIMINARY LOCAL CLIMATOLOGICAL DATA (WS FORM: F-6)
STATION: WINNER REGIONAL AIRPORT SD
MONTH: APRIL
YEAR: 2022
LATITUDE: 43 23 N
LONGITUDE: 99 50 W
TEMPERATURE IN F: :PCPN: SNOW: WIND :SUNSHINE: SKY :PK WND
================================================================================
1 2 3 4 5 6A 6B 7 8 9 10 11 12 13 14 15 16 17 18
12Z AVG MX 2MIN
DY MAX MIN AVG DEP HDD CDD WTR SNW DPTH SPD SPD DIR MIN PSBL S-S WX SPD DR
================================================================================
1 46 29 38 -6 27 0 M M M 6.2 14 360 M M 7 1 17 20
2 59 29 44 0 21 0 M M M 9.3 15 110 M M 0 20 110
3 59 26 43 -1 22 0 M M M 20.0 38 310 M M 3 55 290
4 72 22 47 3 18 0 M M M 17.6 38 180 M M 1 50 180
5 66 37 52 7 13 0 0.07 M M 23.9 45 310 M M 6 1 59 300
6 51 35 43 -2 22 0 T M M 30.8 44 310 M M 9 1 60 300
7 45 34 40 -5 25 0 T M M 28.7 43 330 M M 7 1 60 310
8 55 24 40 -6 25 0 0.00 M M 13.8 26 330 M M 0 35 320
9 74 29 52 6 13 0 0.00 M M 16.1 31 160 M M 0 43 160
10 55 35 45 -1 20 0 0.03 M M 13.5 29 310 M M 6 36 310
11 66 32 49 2 16 0 0.00 M M 11.6 24 130 M M 2 36 160
12 66 24 45 -2 20 0 T M M 24.2 41 290 M M 7 58 290
13 37 20 29 -18 36 0 T M M 29.9 41 290 M M 0 59 270
14 42 19 31 -17 34 0 T M M 26.5 40 290 M M 2 60 280
15 44 18 31 -17 34 0 T M M 13.8 24 340 M M 5 32 330
16 47 14 31 -17 34 0 0.00 M M 9.4 16 130 M M 0 24 340
17 61 28 45 -3 20 0 T M M 21.0 35 310 M M 5 8 45 170
18 53 20 37 -12 28 0 0.00 M M 11.1 20 330 M M 0 34 310
19 72 32 52 3 13 0 0.00 M M 26.3 38 150 M M 3 55 160
20 68 40 54 5 11 0 T M M 12.5 33 170 M M 5 44 160
21 70 28 49 -1 16 0 0.00 M M 14.4 31 130 M M 1 41 110
22 94 56 75 25 0 10 0.05 M M 21.5 48 170 M M 6 38 64 180
23 76 37 57 7 8 0 0.03 M M 24.2 44 170 M M 8 18 61 170
24 41 32 37 -14 28 0 T M M 27.2 41 310 M M 10 59 300
25 54 29 42 -9 23 0 0.00 M M 12.9 24 310 M M 1 33 320
26 76 28 52 1 13 0 0.00 M M 12.9 30 70 M M 1 41 70
27 68 33 51 -1 14 0 0.00 M M 13.0 21 50 M M 0 29 100
28 67 32 50 -2 15 0 0.00 M M 9.5 17 60 M M 0 24 80
29 57 44 51 -1 14 0 1.97 M M 11.7 30 320 M M 7 138 42 320
30 49 40 45 -8 20 0 1.77 M M 26.9 41 320 M M 8 1 57 320
================================================================================
SM 1790 906 603 10 3.92 M 540.4 M 110
================================================================================
AV 59.7 30.2 18.0 FASTST M M 4 MAX(MPH)
MISC ----> 48 170 64 180
================================================================================
NOTES:
# LAST OF SEVERAL OCCURRENCES
COLUMN 17 PEAK WIND IN M.P.H.
PRELIMINARY LOCAL CLIMATOLOGICAL DATA (WS FORM: F-6) , PAGE 2
STATION: WINNER REGIONAL AIRPORT SD
MONTH: APRIL
YEAR: 2022
LATITUDE: 43 23 N
LONGITUDE: 99 50 W
[TEMPERATURE DATA] [PRECIPITATION DATA] SYMBOLS USED IN COLUMN 16
AVERAGE MONTHLY: 44.9 TOTAL FOR MONTH: 3.92 1 = FOG OR MIST
DPTR FM NORMAL: -3.1 DPTR FM NORMAL: 1.81 2 = FOG REDUCING VISIBILITY
HIGHEST: 94 ON 22 GRTST 24HR 3.49 ON 29-30 TO 1/4 MILE OR LESS
LOWEST: 14 ON 16 3 = THUNDER
SNOW, ICE PELLETS, HAIL 4 = ICE PELLETS
TOTAL MONTH: M 5 = HAIL
GRTST 24HR M ON M 6 = FREEZING RAIN OR DRIZZLE
GRTST DEPTH: M ON M 7 = DUSTSTORM OR SANDSTORM:
VSBY 1/2 MILE OR LESS
8 = SMOKE OR HAZE
[NO. OF DAYS WITH] [WEATHER - DAYS WITH] 9 = BLOWING SNOW
X = TORNADO
MAX 32 OR BELOW: 0 0.01 INCH OR MORE: 6
MAX 90 OR ABOVE: 1 0.10 INCH OR MORE: 2
MIN 32 OR BELOW: 20 0.50 INCH OR MORE: 2
MIN 0 OR BELOW: 0 1.00 INCH OR MORE: 2
[HDD (BASE 65) ]
TOTAL THIS MO. 603 CLEAR (SCALE 0-3) 14
DPTR FM NORMAL 91 PTCLDY (SCALE 4-7) 14
TOTAL FM JUL 1 5883 CLOUDY (SCALE 8-10) 2
DPTR FM NORMAL -269
[CDD (BASE 65) ]
TOTAL THIS MO. 10
DPTR FM NORMAL 6 [PRESSURE DATA]
TOTAL FM JAN 1 10 HIGHEST SLP 30.48 ON 18
DPTR FM NORMAL 5 LOWEST SLP 29.12 ON 23
[REMARKS]
#FINAL-04-22#