000
CXUS53 KUNR 011030
CF6ICR
PRELIMINARY LOCAL CLIMATOLOGICAL DATA (WS FORM: F-6)
STATION: WINNER REGIONAL AIRPORT SD
MONTH: JANUARY
YEAR: 2022
LATITUDE: 43 23 N
LONGITUDE: 99 50 W
TEMPERATURE IN F: :PCPN: SNOW: WIND :SUNSHINE: SKY :PK WND
================================================================================
1 2 3 4 5 6A 6B 7 8 9 10 11 12 13 14 15 16 17 18
12Z AVG MX 2MIN
DY MAX MIN AVG DEP HDD CDD WTR SNW DPTH SPD SPD DIR MIN PSBL S-S WX SPD DR
================================================================================
1 2 -8 -3 -28 68 0 T M M 9.9 17 320 M M 6 21 340
2 32 -6 13 -12 52 0 0.00 M M 9.7 14 220 M M 0 18 230
3 39 20 30 5 35 0 0.00 M M 9.1 18 200 M M 0 27 200
4 42 2 22 -3 43 0 T M M 22.5 47 310 M M 4 8 62 310
5 2 -7 -2 -27 67 0 T M M 22.4 36 310 M M 4 46 310
6 5 -11 -3 -28 68 0 0.00 M M 10.4 20 130 M M 2 24 300
7 33 5 19 -6 46 0 0.00 M M 21.0 38 190 M M 2 52 190
8 42 10 26 1 39 0 0.00 M M 16.0 30 320 M M 1 41 320
9 44 2 23 -2 42 0 0.00 M M 8.1 20 320 M M 0 27 320
10 49 6 28 3 37 0 0.00 M M 7.6 18 210 M M 0 25 200
11 54 32 43 19 22 0 0.00 M M 12.8 28 290 M M 0 40 280
12 55 35 45 21 20 0 0.00 M M 11.8 17 280 M M 2 23 270
13 47 33 40 16 25 0 0.00 M M 10.5 18 120 M M 2 26 290
14 35 9 22 -2 43 0 T M M 18.1 37 320 M M 7 1689 48 330
15 36 0 18 -6 47 0 M M M 11.4 26 180 M M 0 18 36 180
16 46 28 37 13 28 0 M M M 11.0 29 320 M M 5 39 310
17 55 28 42 18 23 0 M M M 9.7 17 300 M M 2 23 270
18 55 15 35 11 30 0 M M M 17.7 36 330 M M 2 45 320
19 15 -3 6 -18 59 0 M M M 14.0 31 330 M M 1 41 330
20 25 -7 9 -15 56 0 M M M 11.1 29 180 M M 0 39 180
21 46 15 31 7 34 0 M M M 16.5 35 190 M M 4 6 44 190
22 52 20 36 12 29 0 0.01 M M 13.8 37 310 M M 7 52 300
23 54 17 36 11 29 0 T M M 11.6 21 350 M M 10 1 29 260
24 45 11 28 3 37 0 T M M 11.7 30 310 M M 9 16 41 310
25 16 1 9 -16 56 0 T M M 6.6 15 190 M M 6 21 190
26 47 10 29 4 36 0 0.00 M M 18.4 29 200 M M 1 39 220
27 38 17 28 3 37 0 T M M 13.5 29 330 M M 10 38 330
28 49 18 34 9 31 0 0.00 M M 8.8 21 300 M M 4 29 280
29 54 24 39 14 26 0 0.00 M M 10.0 24 320 M M 0 32 320
30 56 20 38 13 27 0 0.00 M M 6.9 15 300 M M 1 19 140
31 62 31 47 22 18 0 T M M 15.2 38 290 M M 0 51 290
================================================================================
SM 1232 367 1210 0 0.01 M 397.8 M 92
================================================================================
AV 39.7 11.8 12.8 FASTST M M 3 MAX(MPH)
MISC ----> 47 310 62 310
================================================================================
NOTES:
# LAST OF SEVERAL OCCURRENCES
COLUMN 17 PEAK WIND IN M.P.H.
PRELIMINARY LOCAL CLIMATOLOGICAL DATA (WS FORM: F-6) , PAGE 2
STATION: WINNER REGIONAL AIRPORT SD
MONTH: JANUARY
YEAR: 2022
LATITUDE: 43 23 N
LONGITUDE: 99 50 W
[TEMPERATURE DATA] [PRECIPITATION DATA] SYMBOLS USED IN COLUMN 16
AVERAGE MONTHLY: 25.8 TOTAL FOR MONTH: 0.01 1 = FOG OR MIST
DPTR FM NORMAL: 1.2 DPTR FM NORMAL: -0.20 2 = FOG REDUCING VISIBILITY
HIGHEST: 62 ON 31 GRTST 24HR 0.03 ON 18-19 TO 1/4 MILE OR LESS
LOWEST: -11 ON 6 3 = THUNDER
SNOW, ICE PELLETS, HAIL 4 = ICE PELLETS
TOTAL MONTH: M 5 = HAIL
GRTST 24HR M ON M 6 = FREEZING RAIN OR DRIZZLE
GRTST DEPTH: M ON M 7 = DUSTSTORM OR SANDSTORM:
VSBY 1/2 MILE OR LESS
8 = SMOKE OR HAZE
[NO. OF DAYS WITH] [WEATHER - DAYS WITH] 9 = BLOWING SNOW
X = TORNADO
MAX 32 OR BELOW: 7 0.01 INCH OR MORE: 1
MAX 90 OR ABOVE: 0 0.10 INCH OR MORE: 0
MIN 32 OR BELOW: 29 0.50 INCH OR MORE: 0
MIN 0 OR BELOW: 7 1.00 INCH OR MORE: 0
[HDD (BASE 65) ]
TOTAL THIS MO. 1210 CLEAR (SCALE 0-3) 19
DPTR FM NORMAL -41 PTCLDY (SCALE 4-7) 9
TOTAL FM JUL 1 3322 CLOUDY (SCALE 8-10) 3
DPTR FM NORMAL -435
[CDD (BASE 65) ]
TOTAL THIS MO. 0
DPTR FM NORMAL 0 [PRESSURE DATA]
TOTAL FM JAN 1 0 HIGHEST SLP 30.78 ON 20
DPTR FM NORMAL 0 LOWEST SLP 29.40 ON 31
[REMARKS]
#FINAL-01-22#