000
CXUS53 KUNR 011030
CF6ICR
PRELIMINARY LOCAL CLIMATOLOGICAL DATA (WS FORM: F-6)
STATION: WINNER REGIONAL AIRPORT SD
MONTH: NOVEMBER
YEAR: 2020
LATITUDE: 43 23 N
LONGITUDE: 99 50 W
TEMPERATURE IN F: :PCPN: SNOW: WIND :SUNSHINE: SKY :PK WND
================================================================================
1 2 3 4 5 6A 6B 7 8 9 10 11 12 13 14 15 16 17 18
12Z AVG MX 2MIN
DY MAX MIN AVG DEP HDD CDD WTR SNW DPTH SPD SPD DIR MIN PSBL S-S WX SPD DR
================================================================================
1 54 28 41 -3 24 0 0.00 M M 8.3 18 170 M M 0 24 170
2 78 40 59 16 6 0 0.00 M M 7.8 15 200 M M 0 21 200
3 82 45 64 21 1 0 0.00 M M 8.3 15 210 M M 0 22 210
4 79 43 61 19 4 0 0.00 M M 6.2 13 350 M M 0 8 19 310
5 81 43 62 20 3 0 0.00 M M 11.5 24 200 M M 0 8 36 200
6 84 57 71 30 0 6 0.00 M M 19.8 30 190 M M 0 40 210
7 78 55 67 27 0 2 0.00 M M 19.1 35 180 M M 0 49 180
8 68 38 53 13 12 0 T M M 18.9 38 180 M M 2 54 170
9 39 16 28 -11 37 0 0.30 M M 13.9 29 340 M M 7 12368 38 330
10 35 19 27 -12 38 0 T M M 5.1 14 210 M M 6 8 18 210
11 47 28 38 0 27 0 0.00 M M 9.2 17 10 M M 3 24 300
12 35 21 28 -10 37 0 T M M 10.5 20 310 M M 4 25 320
13 56 26 41 4 24 0 0.00 M M 19.1 29 200 M M 0 43 190
14 57 36 47 10 18 0 T M M 19.4 35 300 M M 2 8 48 300
15 48 30 39 3 26 0 0.00 M M 16.0 30 300 M M 0 42 290
16 57 35 46 10 19 0 0.00 M M 15.0 35 310 M M 1 46 310
17 64 28 46 11 19 0 0.00 M M 12.9 24 180 M M 2 33 190
18 83 49 66 32 0 1 0.00 M M 15.6 30 190 M M 0 39 200
19 64 36 50 16 15 0 0.00 M M 8.8 22 310 M M 0 31 320
20 47 25 36 3 29 0 0.00 M M 6.0 13 360 M M 0 17 210
21 49 25 37 4 28 0 0.00 M M 11.8 25 170 M M 3 34 170
22 47 24 36 4 29 0 0.00 M M 11.7 21 310 M M 0 27 320
23 51 29 40 8 25 0 0.00 M M 20.3 32 160 M M 3 50 170
24 41 22 32 1 33 0 0.00 M M 10.4 24 320 M M 3 31 320
25 56 17 37 6 28 0 0.00 M M 8.7 20 170 M M 0 24 160
26 45 28 37 7 28 0 T M M 8.9 16 290 M M 4 22 290
27 54 23 39 9 26 0 0.00 M M 9.4 20 270 M M 0 26 260
28 66 29 48 19 17 0 0.00 M M 7.7 13 290 M M 0 19 210
29 40 17 29 0 36 0 0.00 M M 16.9 31 320 M M 1 41 310
30 49 14 32 3 33 0 0.00 M M 7.6 14 150 M M 0 17 190
================================================================================
SM 1734 926 622 9 0.30 M 364.8 M 41
================================================================================
AV 57.8 30.9 12.2 FASTST M M 1 MAX(MPH)
MISC ----> 38 180 54 170
================================================================================
NOTES:
# LAST OF SEVERAL OCCURRENCES
COLUMN 17 PEAK WIND IN M.P.H.
PRELIMINARY LOCAL CLIMATOLOGICAL DATA (WS FORM: F-6) , PAGE 2
STATION: WINNER REGIONAL AIRPORT SD
MONTH: NOVEMBER
YEAR: 2020
LATITUDE: 43 23 N
LONGITUDE: 99 50 W
[TEMPERATURE DATA] [PRECIPITATION DATA] SYMBOLS USED IN COLUMN 16
AVERAGE MONTHLY: 44.3 TOTAL FOR MONTH: 0.30 1 = FOG OR MIST
DPTR FM NORMAL: 8.4 DPTR FM NORMAL: -0.32 2 = FOG REDUCING VISIBILITY
HIGHEST: 84 ON 6 GRTST 24HR 0.30 ON 8- 9 TO 1/4 MILE OR LESS
LOWEST: 14 ON 30 3 = THUNDER
SNOW, ICE PELLETS, HAIL 4 = ICE PELLETS
TOTAL MONTH: M 5 = HAIL
GRTST 24HR M ON M 6 = FREEZING RAIN OR DRIZZLE
GRTST DEPTH: M ON M 7 = DUSTSTORM OR SANDSTORM:
VSBY 1/2 MILE OR LESS
8 = SMOKE OR HAZE
[NO. OF DAYS WITH] [WEATHER - DAYS WITH] 9 = BLOWING SNOW
X = TORNADO
MAX 32 OR BELOW: 0 0.01 INCH OR MORE: 1
MAX 90 OR ABOVE: 0 0.10 INCH OR MORE: 1
MIN 32 OR BELOW: 19 0.50 INCH OR MORE: 0
MIN 0 OR BELOW: 0 1.00 INCH OR MORE: 0
[HDD (BASE 65) ]
TOTAL THIS MO. 622 CLEAR (SCALE 0-3) 24
DPTR FM NORMAL -251 PTCLDY (SCALE 4-7) 6
TOTAL FM JUL 1 1331 CLOUDY (SCALE 8-10) 0
DPTR FM NORMAL -140
[CDD (BASE 65) ]
TOTAL THIS MO. 9
DPTR FM NORMAL 9 [PRESSURE DATA]
TOTAL FM JAN 1 1128 HIGHEST SLP 30.59 ON 20
DPTR FM NORMAL 212 LOWEST SLP 29.38 ON 8
[REMARKS]
#FINAL-11-20#