000
CXUS53 KUNR 010945
CF6ICR
PRELIMINARY LOCAL CLIMATOLOGICAL DATA (WS FORM: F-6)
STATION: WINNER REGIONAL AIRPORT SD
MONTH: FEBRUARY
YEAR: 2020
LATITUDE: 43 23 N
LONGITUDE: 99 50 W
TEMPERATURE IN F: :PCPN: SNOW: WIND :SUNSHINE: SKY :PK WND
================================================================================
1 2 3 4 5 6A 6B 7 8 9 10 11 12 13 14 15 16 17 18
12Z AVG MX 2MIN
DY MAX MIN AVG DEP HDD CDD WTR SNW DPTH SPD SPD DIR MIN PSBL S-S WX SPD DR
================================================================================
1 52 32 42 17 23 0 0.00 M M 11.3 20 250 M M 1 29 260
2 50 31 41 16 24 0 0.00 M M 10.7 22 260 M M 0 31 260
3 32 22 27 2 38 0 0.00 M M 13.5 22 20 M M 9 27 10
4 30 17 24 -1 41 0 0.00 M M 4.9 14 200 M M 6 18 190
5 33 20 27 2 38 0 0.00 M M 11.4 21 200 M M 1 29 200
6 41 23 32 6 33 0 T M M 11.0 22 330 M M 8 18 28 360
7 23 15 19 -7 46 0 0.00 M M 8.3 17 340 M M 10 8 22 340
8 39 21 30 4 35 0 0.00 M M 13.3 26 140 M M 6 37 140
9 37 23 30 4 35 0 T M M 12.2 26 350 M M 6 18 34 360
10 41 22 32 6 33 0 0.00 M M 14.5 26 310 M M 3 35 300
11 44 19 32 6 33 0 0.00 M M 12.6 24 220 M M 0 32 220
12 37 -4 17 -9 48 0 T M M 15.9 38 20 M M 6 19 52 10
13 15 -10 3 -24 62 0 0.00 M M 7.7 25 160 M M 0 34 160
14 49 15 32 5 33 0 0.00 M M 20.3 35 200 M M 0 47 190
15 49 27 38 11 27 0 0.00 M M 8.3 21 300 M M 4 28 310
16 49 23 36 9 29 0 0.00 M M 6.7 14 130 M M 3 16 130
17 37 21 29 1 36 0 0.00 M M 11.6 21 330 M M 7 18 27 310
18 39 9 24 -4 41 0 T M M 9.9 20 10 M M 5 8 25 10
19 19 5 12 -16 53 0 0.00 M M 6.0 12 100 M M 9 15 80
20 44 10 27 -1 38 0 0.00 M M 11.8 22 200 M M 0 30 190
21 55 26 41 12 24 0 0.00 M M 11.8 28 210 M M 0 40 210
22 59 31 45 16 20 0 0.00 M M 10.1 22 310 M M 0 8 31 200
23 46 23 35 6 30 0 0.00 M M 8.4 16 340 M M 0 8 20 350
24 38 23 31 1 34 0 T M M 14.3 28 100 M M 8 1 35 110
25 31 20 26 -4 39 0 T M M 13.9 22 350 M M 9 1 27 340
26 36 15 26 -4 39 0 T M M 7.1 15 260 M M 4 19 250
27 44 30 37 7 28 0 0.00 0.0 0 10.1 20 300 M M 9 28 300
28 51 30 41 10 24 0 0.00 M M 10.6 20 310 M M 1 25 300
29 66 33 50 19 15 0 0.00 M M 13.0 22 200 M M 0 29 210
================================================================================
SM 1186 572 999 0 T 0.0 321.2 M 115
================================================================================
AV 40.9 19.7 11.1 FASTST M M 4 MAX(MPH)
MISC ----> # 38 20 # 52 10
================================================================================
NOTES:
# LAST OF SEVERAL OCCURRENCES
COLUMN 17 PEAK WIND IN M.P.H.
PRELIMINARY LOCAL CLIMATOLOGICAL DATA (WS FORM: F-6) , PAGE 2
STATION: WINNER REGIONAL AIRPORT SD
MONTH: FEBRUARY
YEAR: 2020
LATITUDE: 43 23 N
LONGITUDE: 99 50 W
[TEMPERATURE DATA] [PRECIPITATION DATA] SYMBOLS USED IN COLUMN 16
AVERAGE MONTHLY: 30.3 TOTAL FOR MONTH: T 1 = FOG OR MIST
DPTR FM NORMAL: 3.0 DPTR FM NORMAL: -0.51 2 = FOG REDUCING VISIBILITY
HIGHEST: 66 ON 29 GRTST 24HR T ON 26-26 TO 1/4 MILE OR LESS
LOWEST: -10 ON 13 3 = THUNDER
SNOW, ICE PELLETS, HAIL 4 = ICE PELLETS
TOTAL MONTH: 0.0 INCH 5 = HAIL
GRTST 24HR 0.0 6 = FREEZING RAIN OR DRIZZLE
GRTST DEPTH: 0 7 = DUSTSTORM OR SANDSTORM:
VSBY 1/2 MILE OR LESS
8 = SMOKE OR HAZE
[NO. OF DAYS WITH] [WEATHER - DAYS WITH] 9 = BLOWING SNOW
X = TORNADO
MAX 32 OR BELOW: 6 0.01 INCH OR MORE: 0
MAX 90 OR ABOVE: 0 0.10 INCH OR MORE: 0
MIN 32 OR BELOW: 28 0.50 INCH OR MORE: 0
MIN 0 OR BELOW: 2 1.00 INCH OR MORE: 0
[HDD (BASE 65) ]
TOTAL THIS MO. 999 CLEAR (SCALE 0-3) 14
DPTR FM NORMAL -55 PTCLDY (SCALE 4-7) 10
TOTAL FM JUL 1 4918 CLOUDY (SCALE 8-10) 5
DPTR FM NORMAL -125
[CDD (BASE 65) ]
TOTAL THIS MO. 0
DPTR FM NORMAL 0 [PRESSURE DATA]
TOTAL FM JAN 1 0 HIGHEST SLP 30.76 ON 19
DPTR FM NORMAL 0 LOWEST SLP 29.56 ON 6
[REMARKS]
#FINAL-02-20#