000
CXUS53 KICT 011410
CF6ICT
PRELIMINARY LOCAL CLIMATOLOGICAL DATA (WS FORM: F-6)
STATION: WICHITA EISENHOWER NATIONAL
MONTH: AUGUST
YEAR: 2023
LATITUDE: 37 39 N
LONGITUDE: 97 25 W
TEMPERATURE IN F: :PCPN: SNOW: WIND :SUNSHINE: SKY :PK WND
================================================================================
1 2 3 4 5 6A 6B 7 8 9 10 11 12 13 14 15 16 17 18
12Z AVG MX 2MIN
DY MAX MIN AVG DEP HDD CDD WTR SNW DPTH SPD SPD DIR MIN PSBL S-S WX SPD DR
================================================================================
1 106 75 91 9 0 26 0.00 0.0 0 11.2 20 220 M M 3 8 26 180
2 107 76 92 10 0 27 0.00 0.0 0 10.6 24 220 M M 4 31 230
3 106 79 93 11 0 28 T 0.0 0 9.2 21 50 M M 6 3 28 250
4 98 74 86 4 0 21 T 0.0 0 6.5 31 280 M M 5 44 270
5 87 68 78 -4 0 13 0.50 0.0 0 9.9 36 300 M M 7 13 48 290
6 89 68 79 -2 0 14 0.39 0.0 0 12.8 25 350 M M 5 13 33 340
7 88 65 77 -4 0 12 0.04 0.0 0 6.9 20 340 M M 4 3 24 330
8 89 68 79 -2 0 14 0.04 0.0 0 6.3 16 360 M M 6 21 360
9 87 67 77 -4 0 12 1.16 0.0 0 7.9 24 180 M M 6 13 34 260
10 90 66 78 -3 0 13 0.00 0.0 0 6.4 14 160 M M 3 18 190
11 88 69 79 -2 0 14 0.02 0.0 0 7.8 18 160 M M 5 3 23 200
12 94 75 85 4 0 20 T 0.0 0 6.8 23 180 M M 7 3 33 180
13 94 73 84 3 0 19 T 0.0 0 9.3 28 20 M M 8 3 36 30
14 83 63 73 -7 0 8 0.23 0.0 0 11.6 24 330 M M 4 18 30 330
15 86 60 73 -7 0 8 0.00 0.0 0 6.8 14 340 M M 1 20 320
16 89 61 75 -5 0 10 0.00 0.0 0 12.0 23 180 M M 0 30 170
17 92 64 78 -2 0 13 0.00 0.0 0 9.1 25 40 M M 3 32 70
18 94 65 80 0 0 15 0.00 0.0 0 10.4 17 160 M M 1 22 160
19 111 70 91 11 0 26 0.00 0.0 0 9.9 24 230 M M 1 1 32 230
20 108 69 89 9 0 24 0.00 0.0 0 4.5 13 270 M M 1 19 270
21 106 71 89 10 0 24 0.00 0.0 0 2.3 12 170 M M 0 16 140
22 105 75 90 11 0 25 0.00 0.0 0 4.6 15 110 M M 2 19 110
23 101 76 89 10 0 24 0.00 0.0 0 6.4 18 230 M M 5 1 24 190
24 104 73 89 10 0 24 0.00 0.0 0 8.4 18 220 M M 3 1 28 230
25 106 74 90 12 0 25 0.00 0.0 0 9.1 28 340 M M 3 37 350
26 92 73 83 5 0 18 T 0.0 0 11.5 18 40 M M 6 26 350
27 90 72 81 3 0 16 0.00 0.0 0 9.4 16 50 M M 5 21 50
28 92 63 78 0 0 13 0.00 0.0 0 4.5 13 20 M M 2 20 360
29 96 67 82 4 0 17 T 0.0 0 7.7 20 40 M M 4 27 350
30 93 63 78 1 0 13 0.00 0.0 0 7.6 15 70 M M 0 23 40
31 93 64 79 2 0 14 0.00 0.0 0 10.1 16 170 M M 0 28 130
================================================================================
SM 2964 2146 0 550 2.38 0.0 257.5 M 110
================================================================================
AV 95.6 69.2 8.3 FASTST M M 4 MAX(MPH)
MISC ----> 36 300 48 290
================================================================================
NOTES:
# LAST OF SEVERAL OCCURRENCES
COLUMN 17 PEAK WIND IN M.P.H.
PRELIMINARY LOCAL CLIMATOLOGICAL DATA (WS FORM: F-6) , PAGE 2
STATION: WICHITA EISENHOWER NATIONAL
MONTH: AUGUST
YEAR: 2023
LATITUDE: 37 39 N
LONGITUDE: 97 25 W
[TEMPERATURE DATA] [PRECIPITATION DATA] SYMBOLS USED IN COLUMN 16
AVERAGE MONTHLY: 82.4 TOTAL FOR MONTH: 2.38 1 = FOG OR MIST
DPTR FM NORMAL: 2.5 DPTR FM NORMAL: -1.92 2 = FOG REDUCING VISIBILITY
HIGHEST: 111 ON 19 GRTST 24HR 1.16 ON 9- 9 TO 1/4 MILE OR LESS
LOWEST: 60 ON 15 3 = THUNDER
SNOW, ICE PELLETS, HAIL 4 = ICE PELLETS
TOTAL MONTH: 0.0 INCH 5 = HAIL
GRTST 24HR 0.0 6 = FREEZING RAIN OR DRIZZLE
GRTST DEPTH: 0 7 = DUSTSTORM OR SANDSTORM:
VSBY 1/2 MILE OR LESS
8 = SMOKE OR HAZE
[NO. OF DAYS WITH] [WEATHER - DAYS WITH] 9 = BLOWING SNOW
X = TORNADO
MAX 32 OR BELOW: 0 0.01 INCH OR MORE: 7
MAX 90 OR ABOVE: 22 0.10 INCH OR MORE: 4
MIN 32 OR BELOW: 0 0.50 INCH OR MORE: 2
MIN 0 OR BELOW: 0 1.00 INCH OR MORE: 1
[HDD (BASE 65) ]
TOTAL THIS MO. 0 CLEAR (SCALE 0-3) 14
DPTR FM NORMAL 0 PTCLDY (SCALE 4-7) 16
TOTAL FM JUL 1 0 CLOUDY (SCALE 8-10) 1
DPTR FM NORMAL 0
[CDD (BASE 65) ]
TOTAL THIS MO. 550
DPTR FM NORMAL 88 [PRESSURE DATA]
TOTAL FM JAN 1 1575 HIGHEST SLP 30.20 ON 15
DPTR FM NORMAL 82 LOWEST SLP 29.68 ON 9
[REMARKS]
#FINAL-08-23#