000
CXUS55 KVEF 020111
CF6IGM
PRELIMINARY LOCAL CLIMATOLOGICAL DATA (WS FORM: F-6)
STATION: KINGMAN AZ
MONTH: FEBRUARY
YEAR: 2022
LATITUDE: 35 16 N
LONGITUDE: 113 57 W
TEMPERATURE IN F: :PCPN: SNOW: WIND :SUNSHINE: SKY :PK WND
================================================================================
1 2 3 4 5 6A 6B 7 8 9 10 11 12 13 14 15 16 17 18
12Z AVG MX 2MIN
DY MAX MIN AVG DEP HDD CDD WTR SNW DPTH SPD SPD DIR MIN PSBL S-S WX SPD DR
================================================================================
1 53 33 43 -2 22 0 0.00 M M 8.5 18 20 M M 1 22 20
2 42 24 33 -12 32 0 0.00 M M 18.2 37 350 M M 1 8 47 350
3 46 19 33 -12 32 0 0.00 M M 10.6 22 350 M M 0 27 350
4 53 24 39 -7 26 0 0.00 M M 10.2 20 20 M M 0 23 20
5 58 18 38 -8 27 0 0.00 M M 7.3 18 10 M M 0 23 20
6 61 29 45 -1 20 0 0.00 M M 12.2 25 350 M M 0 30 340
7 63 32 48 2 17 0 0.00 M M 6.9 18 30 M M 0 20 30
8 68 31 50 4 15 0 0.00 M M 9.2 22 10 M M 0 27 360
9 68 34 51 5 14 0 0.00 M M 10.0 25 360 M M 0 31 360
10 67 39 53 7 12 0 0.00 M M 11.1 22 20 M M 0 29 10
11 74 37 56 10 9 0 0.00 M M 10.4 25 360 M M 0 32 360
12 70 36 53 7 12 0 0.00 M M 8.2 16 90 M M 0 25 30
13 74 34 54 8 11 0 0.00 M M 5.4 12 140 M M 0 16 260
14 72 28 50 3 15 0 0.00 M M 6.9 22 240 M M 0 26 230
15 65 41 53 6 12 0 T M M 15.9 35 220 M M 1 3 43 210
16 60 37 49 2 16 0 T M M 10.5 28 140 M M 4 34 140
17 56 34 45 -2 20 0 0.00 M M 11.5 22 10 M M 0 32 10
18 63 26 45 -2 20 0 0.00 M M 7.3 20 10 M M 0 23 360
19 69 32 51 3 14 0 0.00 M M 4.6 12 140 M M 0 17 10
20 69 29 49 1 16 0 0.00 M M 9.0 25 230 M M 0 39 240
21 63 48 56 8 9 0 0.00 M M 25.6 48 220 M M 1 8 66 220
22 56 35 46 -2 19 0 T M M 21.4 37 200 M M 3 46 200
23 44 30 37 -11 28 0 0.15 M M 11.9 31 240 M M 9 1 38 220
24 48 24 36 -12 29 0 0.00 M M 5.1 10 290 M M 0 17 170
25 53 23 38 -11 27 0 0.00 M M 8.5 18 10 M M 0 23 10
26 54 25 40 -9 25 0 0.00 M M 11.9 21 10 M M 0 26 10
27 62 25 44 -5 21 0 0.00 M M 9.1 16 10 M M 0 22 20
28 69 32 51 2 14 0 0.00 M M 11.3 23 360 M M 0 30 10
================================================================================
SM 1700 859 534 0 0.15 M 298.7 M 20
================================================================================
AV 60.7 30.7 10.7 FASTST M M 1 MAX(MPH)
MISC ----> 48 220 66 220
================================================================================
NOTES:
# LAST OF SEVERAL OCCURRENCES
COLUMN 17 PEAK WIND IN M.P.H.
PRELIMINARY LOCAL CLIMATOLOGICAL DATA (WS FORM: F-6) , PAGE 2
STATION: KINGMAN AZ
MONTH: FEBRUARY
YEAR: 2022
LATITUDE: 35 16 N
LONGITUDE: 113 57 W
[TEMPERATURE DATA] [PRECIPITATION DATA] SYMBOLS USED IN COLUMN 16
AVERAGE MONTHLY: 45.7 TOTAL FOR MONTH: 0.15 1 = FOG OR MIST
DPTR FM NORMAL: -1.3 DPTR FM NORMAL: -0.89 2 = FOG REDUCING VISIBILITY
HIGHEST: 74 ON 13,11 GRTST 24HR 0.15 ON 22-23 TO 1/4 MILE OR LESS
LOWEST: 18 ON 5 3 = THUNDER
SNOW, ICE PELLETS, HAIL 4 = ICE PELLETS
TOTAL MONTH: M 5 = HAIL
GRTST 24HR M ON M 6 = FREEZING RAIN OR DRIZZLE
GRTST DEPTH: M ON M 7 = DUSTSTORM OR SANDSTORM:
VSBY 1/2 MILE OR LESS
8 = SMOKE OR HAZE
[NO. OF DAYS WITH] [WEATHER - DAYS WITH] 9 = BLOWING SNOW
X = TORNADO
MAX 32 OR BELOW: 0 0.01 INCH OR MORE: 1
MAX 90 OR ABOVE: 0 0.10 INCH OR MORE: 1
MIN 32 OR BELOW: 17 0.50 INCH OR MORE: 0
MIN 0 OR BELOW: 0 1.00 INCH OR MORE: 0
[HDD (BASE 65) ]
TOTAL THIS MO. 534 CLEAR (SCALE 0-3) 26
DPTR FM NORMAL 29 PTCLDY (SCALE 4-7) 1
TOTAL FM JUL 1 2152 CLOUDY (SCALE 8-10) 1
DPTR FM NORMAL -219
[CDD (BASE 65) ]
TOTAL THIS MO. 0
DPTR FM NORMAL 0 [PRESSURE DATA]
TOTAL FM JAN 1 0 HIGHEST SLP 30.48 ON 4
DPTR FM NORMAL 0 LOWEST SLP 29.50 ON 21
[REMARKS]
#FINAL-02-22#