000
CXUS54 KFWD 010730
CF6ILE
PRELIMINARY LOCAL CLIMATOLOGICAL DATA (WS FORM: F-6)
STATION: KILLEEN SKYLARK
MONTH: MARCH
YEAR: 2020
LATITUDE: 31 4 N
LONGITUDE: 97 41 W
TEMPERATURE IN F: :PCPN: SNOW: WIND :SUNSHINE: SKY :PK WND
================================================================================
1 2 3 4 5 6A 6B 7 8 9 10 11 12 13 14 15 16 17 18
12Z AVG MX 2MIN
DY MAX MIN AVG DEP HDD CDD WTR SNW DPTH SPD SPD DIR MIN PSBL S-S WX SPD DR
================================================================================
1 71 57 64 11 1 0 0.00 0.0 0 14.0 20 180 M M 4 29 170
2 73 62 68 14 0 3 0.00 0.0 0 9.4 18 180 M M 6 22 180
3 72 61 67 13 0 2 T 0.0 0 4.7 9 50 M M 3 1 M M
4 64 50 57 3 8 0 0.60 0.0 0 16.9 33 60 M M 10 13 46 20
5 73 46 60 6 5 0 0.00 0.0 0 7.8 15 360 M M 2 20 360
6 68 43 56 1 9 0 0.00 0.0 0 7.8 15 70 M M 0 16 40
7 62 41 52 -3 13 0 T 0.0 0 7.2 16 150 M M 0 M M
8 72 48 60 5 5 0 T 0.0 0 13.7 21 150 M M 6 1 33 150
9 68 60 64 8 1 0 0.02 0.0 0 10.6 18 160 M M 8 1 29 160
10 77 57 67 11 0 2 0.01 0.0 0 5.7 13 180 M M 6 12 M M
11 85 64 75 19 0 10 0.00 0.0 0 9.7 14 150 M M 6 21 210
12 84 64 74 18 0 9 0.00 0.0 0 12.3 16 180 M M 3 21 190
13 79 65 72 15 0 7 T 0.0 0 10.3 16 140 M M 7 22 160
14 82 60 71 14 0 6 T 0.0 0 11.6 21 150 M M 9 27 150
15 60 54 57 0 8 0 0.04 0.0 0 8.1 14 20 M M 10 1 M M
16 70 56 63 6 2 0 0.01 0.0 0 5.6 15 140 M M 8 1 20 130
17 78 65 72 14 0 7 0.02 0.0 0 9.4 15 140 M M 9 18 M M
18 80 67 74 16 0 9 0.00 0.0 0 11.5 18 160 M M 8 30 140
19 83 66 75 17 0 10 0.06 0.0 0 11.6 17 150 M M 6 13 27 160
20 70 47 59 0 6 0 0.38 0.0 0 11.4 16 340 M M 8 25 340
21 54 43 49 -10 16 0 0.49 0.0 0 10.6 14 30 M M 10 13 M M
22 62 53 58 -1 7 0 0.02 0.0 0 2.9 6 140 M M 10 12 M M
23 78 60 69 10 0 4 0.01 0.0 0 5.0 15 160 M M 9 12 22 160
24 88 57 73 13 0 8 0.00 0.0 0 8.8 16 170 M M 3 1 23 170
25 89 49 69 9 0 4 0.00 0.0 0 7.9 15 160 M M 0 22 160
26 84 62 73 13 0 8 0.00 0.0 0 11.2 17 180 M M 3 18 22 160
27 86 67 77 17 0 12 0.00 0.0 0 13.4 17 190 M M 5 27 190
28 78 56 67 6 0 2 T 0.0 0 9.9 24 310 M M 3 33 310
29 77 46 62 1 3 0 T 0.0 0 6.1 12 140 M M 4 M M
30 65 60 63 2 2 0 M 0.0 0 5.3 10 110 M M 10 12 M M
31 70 51 61 -1 4 0 0.00 0.0 0 9.6 21 10 M M 6 12 31 360
================================================================================
SM 2302 1737 90 103 1.66 0.0 290.0 M 182
================================================================================
AV 74.3 56.0 9.4 FASTST M M 6 MAX(MPH)
MISC ----> # 33 60 # 46 20
================================================================================
NOTES:
# LAST OF SEVERAL OCCURRENCES
COLUMN 17 PEAK WIND IN M.P.H.
PRELIMINARY LOCAL CLIMATOLOGICAL DATA (WS FORM: F-6) , PAGE 2
STATION: KILLEEN SKYLARK
MONTH: MARCH
YEAR: 2020
LATITUDE: 31 4 N
LONGITUDE: 97 41 W
[TEMPERATURE DATA] [PRECIPITATION DATA] SYMBOLS USED IN COLUMN 16
AVERAGE MONTHLY: 65.2 TOTAL FOR MONTH: 1.66 1 = FOG OR MIST
DPTR FM NORMAL: 7.6 DPTR FM NORMAL: -1.56 2 = FOG REDUCING VISIBILITY
HIGHEST: 89 ON 25 GRTST 24HR 0.60 ON 4- 4 TO 1/4 MILE OR LESS
LOWEST: 41 ON 7 3 = THUNDER
SNOW, ICE PELLETS, HAIL 4 = ICE PELLETS
TOTAL MONTH: 0.0 INCH 5 = HAIL
GRTST 24HR 0.0 6 = FREEZING RAIN OR DRIZZLE
GRTST DEPTH: 0 7 = DUSTSTORM OR SANDSTORM:
VSBY 1/2 MILE OR LESS
8 = SMOKE OR HAZE
[NO. OF DAYS WITH] [WEATHER - DAYS WITH] 9 = BLOWING SNOW
X = TORNADO
MAX 32 OR BELOW: 0 0.01 INCH OR MORE: 11
MAX 90 OR ABOVE: 0 0.10 INCH OR MORE: 3
MIN 32 OR BELOW: 0 0.50 INCH OR MORE: 1
MIN 0 OR BELOW: 0 1.00 INCH OR MORE: 0
[HDD (BASE 65) ]
TOTAL THIS MO. 90 CLEAR (SCALE 0-3) 8
DPTR FM NORMAL -172 PTCLDY (SCALE 4-7) 14
TOTAL FM JUL 1 1701 CLOUDY (SCALE 8-10) 9
DPTR FM NORMAL -373
[CDD (BASE 65) ]
TOTAL THIS MO. 103
DPTR FM NORMAL 75 [PRESSURE DATA]
TOTAL FM JAN 1 119 HIGHEST SLP M ON M
DPTR FM NORMAL 83 LOWEST SLP M ON M
[REMARKS]
#FINAL-03-20#