000
CXUS51 KPHI 010955
CF6ILG
PRELIMINARY LOCAL CLIMATOLOGICAL DATA (WS FORM: F-6)
STATION: WILMINGTON DE
MONTH: JUNE
YEAR: 2020
LATITUDE: 39 40 N
LONGITUDE: 75 36 W
TEMPERATURE IN F: :PCPN: SNOW: WIND :SUNSHINE: SKY :PK WND
================================================================================
1 2 3 4 5 6A 6B 7 8 9 10 11 12 13 14 15 16 17 18
12Z AVG MX 2MIN
DY MAX MIN AVG DEP HDD CDD WTR SNW DPTH SPD SPD DIR MIN PSBL S-S WX SPD DR
================================================================================
1 73 46 60 -8 5 0 0.00 0.0 0 8.0 21 280 M M 2 28 330
2 73 55 64 -4 1 0 0.00 0.0 0 7.3 13 210 M M 6 17 230
3 89 63 76 8 0 11 0.18 0.0 0 8.7 29 330 M M 2 13 41 320
4 87 65 76 7 0 11 0.52 0.0 0 6.7 25 290 M M 1 13 32 290
5 86 68 77 8 0 12 0.50 0.0 0 5.7 16 210 M M 6 13 20 230
6 89 67 78 8 0 13 T 0.0 0 8.7 18 300 M M 2 25 280
7 80 59 70 0 0 5 0.00 0.0 0 10.4 21 350 M M 2 26 350
8 80 54 67 -3 0 2 0.00 0.0 0 6.2 14 310 M M 0 17 330
9 85 59 72 2 0 7 0.00 0.0 0 6.9 17 170 M M 0 22 180
10 88 68 78 7 0 13 0.00 0.0 0 11.0 21 160 M M 2 1 27 160
11 79 70 75 4 0 10 1.06 0.0 0 9.6 21 190 M M 9 13 29 200
12 85 63 74 3 0 9 0.00 0.0 0 7.9 17 300 M M 2 1 21 310
13 77 59 68 -4 0 3 0.00 0.0 0 8.4 16 20 M M 0 19 20
14 76 56 66 -6 0 1 0.00 0.0 0 10.2 17 170 M M 1 23 20
15 77 55 66 -6 0 1 0.00 0.0 0 10.2 18 110 M M 0 25 100
16 78 57 68 -5 0 3 0.00 0.0 0 10.4 21 30 M M 0 28 70
17 73 62 68 -5 0 3 T 0.0 0 12.3 18 50 M M 5 24 40
18 80 64 72 -1 0 7 0.03 0.0 0 9.2 17 190 M M 6 1 20 160
19 82 67 75 2 0 10 0.09 0.0 0 6.6 20 160 M M 4 3 23 150
20 81 65 73 -1 0 8 0.01 0.0 0 2.5 12 160 M M 1 13 14 150
21 85 69 77 3 0 12 0.00 0.0 0 5.5 15 160 M M 4 1 18 170
22 87 68 78 4 0 13 0.66 0.0 0 6.1 21 170 M M 2 1238 24 270
23 86 68 77 3 0 12 0.05 0.0 0 6.9 20 330 M M 1 3 31 310
24 83 72 78 3 0 13 0.00 0.0 0 9.8 22 290 M M 2 26 290
25 84 66 75 0 0 10 0.00 0.0 0 5.5 20 180 M M 2 25 180
26 87 64 76 1 0 11 T 0.0 0 7.2 18 260 M M 2 25 240
27 88 69 79 4 0 14 0.19 0.0 0 8.8 24 240 M M 3 1 34 240
28 91 72 82 6 0 17 0.02 0.0 0 5.4 16 250 M M 2 3 21 310
29 90 67 79 3 0 14 0.00 0.0 0 7.2 17 340 M M 1 22 330
30 87 64 76 0 0 11 0.00 0.0 0 5.2 16 10 M M 1 23 290
================================================================================
SM 2486 1901 6 256 3.31 0.0 234.5 M 71
================================================================================
AV 82.9 63.4 7.8 FASTST M M 2 MAX(MPH)
MISC ----> 29 330 41 320
================================================================================
NOTES:
# LAST OF SEVERAL OCCURRENCES
COLUMN 17 PEAK WIND IN M.P.H.
PRELIMINARY LOCAL CLIMATOLOGICAL DATA (WS FORM: F-6) , PAGE 2
STATION: WILMINGTON DE
MONTH: JUNE
YEAR: 2020
LATITUDE: 39 40 N
LONGITUDE: 75 36 W
[TEMPERATURE DATA] [PRECIPITATION DATA] SYMBOLS USED IN COLUMN 16
AVERAGE MONTHLY: 73.1 TOTAL FOR MONTH: 3.31 1 = FOG OR MIST
DPTR FM NORMAL: 0.9 DPTR FM NORMAL: -0.57 2 = FOG REDUCING VISIBILITY
HIGHEST: 91 ON 28 GRTST 24HR 1.06 ON 11-11 TO 1/4 MILE OR LESS
LOWEST: 46 ON 1 3 = THUNDER
SNOW, ICE PELLETS, HAIL 4 = ICE PELLETS
TOTAL MONTH: 0.0 INCH 5 = HAIL
GRTST 24HR 0.0 6 = FREEZING RAIN OR DRIZZLE
GRTST DEPTH: 0 7 = DUSTSTORM OR SANDSTORM:
VSBY 1/2 MILE OR LESS
8 = SMOKE OR HAZE
[NO. OF DAYS WITH] [WEATHER - DAYS WITH] 9 = BLOWING SNOW
X = TORNADO
MAX 32 OR BELOW: 0 0.01 INCH OR MORE: 11
MAX 90 OR ABOVE: 2 0.10 INCH OR MORE: 6
MIN 32 OR BELOW: 0 0.50 INCH OR MORE: 4
MIN 0 OR BELOW: 0 1.00 INCH OR MORE: 1
[HDD (BASE 65) ]
TOTAL THIS MO. 6 CLEAR (SCALE 0-3) 22
DPTR FM NORMAL -9 PTCLDY (SCALE 4-7) 7
TOTAL FM JUL 1 4228 CLOUDY (SCALE 8-10) 1
DPTR FM NORMAL -589
[CDD (BASE 65) ]
TOTAL THIS MO. 256
DPTR FM NORMAL 25 [PRESSURE DATA]
TOTAL FM JAN 1 308 HIGHEST SLP 30.41 ON 15
DPTR FM NORMAL -2 LOWEST SLP 29.63 ON 3
[REMARKS]
#FINAL-06-20#