000
CXUS51 KPHI 012010
CLMILG
CLIMATE REPORT
NATIONAL WEATHER SERVICE MOUNT HOLLY NJ
310 PM EST FRI MAR 01 2024
...................................
...THE WILMINGTON DE CLIMATE SUMMARY FOR THE MONTH OF FEBRUARY 2024...
CLIMATE NORMAL PERIOD: 1991 TO 2020
CLIMATE RECORD PERIOD: 1894 TO 2024
WEATHER OBSERVED NORMAL DEPART LAST YEAR`S
VALUE DATE(S) VALUE FROM VALUE DATE(S)
NORMAL
................................................................
TEMPERATURE (F)
RECORD
HIGH 78 02/21/2018
02/24/1985
02/25/1930
LOW -15 02/09/1934
HIGHEST 63 62 1 65
LOWEST 20 10 10 13
AVG. MAXIMUM 48.2 44.1 4.1 50.8
AVG. MINIMUM 29.6 27.0 2.6 30.4
MEAN 38.9 35.5 3.4 40.6
DAYS MAX >= 90 0 0.0 0.0 0
DAYS MAX <= 32 0 3.8 -3.8 1
DAYS MIN <= 32 21 21.2 -0.2 16
DAYS MIN <= 0 0 0.0 0.0 0
PRECIPITATION (INCHES)
RECORD
MAXIMUM 7.02 1979
MINIMUM 0.30 2009
TOTALS 1.80 2.83 -1.03 1.65
DAILY AVG. 0.06 NAN NAN 0.06
DAYS >= .01 8 10.0 -2.0 9
DAYS >= .10 6 5.6 0.4 5
DAYS >= .50 1 2.1 -1.1 1
DAYS >= 1.00 0 0.5 -0.5 0
GREATEST
24 HR. TOTAL 0.95 02/12 TO 02/13 0.92
SNOWFALL (INCHES)
RECORDS
TOTAL MM 2023
24 HR TOTAL 3.0 02/11/2021 TO 02/11/2021
TOTALS 2.5 7.8 -5.3 0.4
SINCE 7/1 11.6 17.0 -5.4 MM
SNOWDEPTH AVG. 0 0
DAYS >= 1.0 1 2.0 -1.0 0
GREATEST
SNOW DEPTH 2 02/17 MM 02/01
24 HR TOTAL MM 0.4
DEGREE DAYS
HEATING TOTAL 750 824 -74 678
SINCE 7/1 3239 3541 -302 MM
COOLING TOTAL 0 0 0 0
SINCE 1/1 0 0 0 MM
................................................................
WIND (MPH)
AVERAGE WIND SPEED 7.6
HIGHEST WIND SPEED/DIRECTION 35/300 DATE 02/28
HIGHEST GUST SPEED/DIRECTION 47/320 DATE 02/28
SKY COVER
POSSIBLE SUNSHINE (PERCENT) MM
AVERAGE SKY COVER 0.28
NUMBER OF DAYS FAIR 18
NUMBER OF DAYS PC 8
NUMBER OF DAYS CLOUDY 3
AVERAGE RH (PERCENT) 66
WEATHER CONDITIONS. NUMBER OF DAYS WITH
THUNDERSTORM 0 MIXED PRECIP 0
HEAVY RAIN 1 RAIN 3
LIGHT RAIN 11 FREEZING RAIN 0
LT FREEZING RAIN 0 HEAVY SNOW 0
SNOW 0 LIGHT SNOW 4
SLEET 0 FOG 11
FOG W/VIS <= 1/4 MILE 1 HAZE 1
- INDICATES NEGATIVE NUMBERS.
R INDICATES RECORD WAS SET OR TIED.
MM INDICATES DATA IS MISSING.
T INDICATES TRACE AMOUNT.
$$